{"id":2006,"date":"2024-10-21T10:42:46","date_gmt":"2024-10-21T10:42:46","guid":{"rendered":"https:\/\/livingmarbella.hu\/?post_type=rem_property&#038;p=2006"},"modified":"2025-08-13T13:35:45","modified_gmt":"2025-08-13T13:35:45","slug":"gv2-2","status":"publish","type":"rem_property","link":"https:\/\/livingmarbella.hu\/pl\/wlasnosc\/gv2-2\/","title":{"rendered":"GV2"},"content":{"rendered":"<p>Druga faza osiedla mieszkaniowego z imponuj\u0105cym widokiem na morze, minimalistycznym i wsp\u00f3\u0142czesnym designem, w pi\u0119knej naturalnej scenerii urbanizacji Bah\u00eda de las Rocas w Manilvie, zaledwie 5 minut od Sotogrande. Estepona, znana z p\u00f3l golfowych, znajduje si\u0119 zaledwie 20 minut od hotelu. Blisko projektu znajduje si\u0119 port Puerto Duquesa, pe\u0142en bar\u00f3w i restauracji. Nowoczesne domy w zabudowie szeregowej z 3 i 4 sypialniami, zorientowane na po\u0142udniowy zach\u00f3d, maj\u0105 czysty design i s\u0105 budowane zgodnie z najwy\u017cszymi standardami. Z przestronnymi i jasnymi cz\u0119\u015bciami dziennymi oraz tarasami, du\u017cymi ogrodami i mn\u00f3stwem dodatkowych udogodnie\u0144.<\/p>\n<p>&nbsp;<\/p>\n<ul>\n<li>Liczba mieszka\u0144: 16 sztuk<\/li>\n<li>Ceny od: mieszkanie 3-4 pokojowe od 579 700 EUR*<\/li>\n<li>Odleg\u0142o\u015b\u0107 od pla\u017cy: 2 km<\/li>\n<li>Dostawa: III kwarta\u0142 2025 r.<\/li>\n<li>Odleg\u0142o\u015b\u0107 od lotniska w Maladze: 93 km<\/li>\n<li>Dodatki:\n<ul>\n<li>basen<\/li>\n<li>kort do padla<\/li>\n<li>plac zabaw<\/li>\n<li>panorama morska<\/li>\n<\/ul>\n<\/li>\n<\/ul>\n<p>&nbsp;<\/p>\n<p>Lokalizacja:<\/p>\n<p><img fetchpriority=\"high\" decoding=\"async\" class=\"alignnone size-medium wp-image-2008\" src=\"https:\/\/livingmarbella.hu\/wp-content\/uploads\/2024\/10\/GV2t-300x193.webp\" alt=\"\" width=\"300\" height=\"193\" srcset=\"https:\/\/livingmarbella.hu\/wp-content\/uploads\/2024\/10\/GV2t-300x193.webp 300w, https:\/\/livingmarbella.hu\/wp-content\/uploads\/2024\/10\/GV2t-1024x658.webp 1024w, https:\/\/livingmarbella.hu\/wp-content\/uploads\/2024\/10\/GV2t-768x494.webp 768w, https:\/\/livingmarbella.hu\/wp-content\/uploads\/2024\/10\/GV2t.webp 1290w\" sizes=\"(max-width: 300px) 100vw, 300px\" \/><\/p>","protected":false},"excerpt":{"rendered":"<p>A komplexum leny\u0171g\u00f6z\u0151 tengeri kil\u00e1t\u00e1ssal, minimalista \u00e9s kort\u00e1rs diz\u00e1jnnal rendelkez\u0151 lak\u00f3\u00e9p\u00fclet m\u00e1sodik f\u00e1zisa, a Bah\u00eda de las Rocas urbaniz\u00e1ci\u00f3 gy\u00f6ny\u00f6r\u0171 term\u00e9szeti k\u00f6rnyezet\u00e9ben, Manilva v\u00e1ros\u00e1ban, mind\u00f6ssze 5 percre Sotogrande v\u00e1ros\u00e1t\u00f3l. A golfp\u00e1ly\u00e1ir\u00f3l h\u00edres Estepona mind\u00f6ssze 20 percre tal\u00e1lhat\u00f3. A projekt k\u00f6zvetlen k\u00f6zel\u00e9ben tal\u00e1lhat\u00f3 a Puerto Duquesa kik\u00f6t\u0151, tele b\u00e1rokkal \u00e9s \u00e9ttermekkel. A 3 \u00e9s 4 h\u00e1l\u00f3szob\u00e1s [&hellip;]<\/p>","protected":false},"author":2,"featured_media":2017,"parent":0,"menu_order":0,"template":"","rem_property_cat":[],"class_list":["post-2006","rem_property","type-rem_property","status-publish","has-post-thumbnail","hentry","grve-entry-item"],"_links":{"self":[{"href":"https:\/\/livingmarbella.hu\/pl\/wp-json\/wp\/v2\/properties\/2006","targetHints":{"allow":["GET"]}}],"collection":[{"href":"https:\/\/livingmarbella.hu\/pl\/wp-json\/wp\/v2\/properties"}],"about":[{"href":"https:\/\/livingmarbella.hu\/pl\/wp-json\/wp\/v2\/types\/rem_property"}],"author":[{"embeddable":true,"href":"https:\/\/livingmarbella.hu\/pl\/wp-json\/wp\/v2\/users\/2"}],"wp:featuredmedia":[{"embeddable":true,"href":"https:\/\/livingmarbella.hu\/pl\/wp-json\/wp\/v2\/media\/2017"}],"wp:attachment":[{"href":"https:\/\/livingmarbella.hu\/pl\/wp-json\/wp\/v2\/media?parent=2006"}],"wp:term":[{"taxonomy":"rem_property_cat","embeddable":true,"href":"https:\/\/livingmarbella.hu\/pl\/wp-json\/wp\/v2\/rem_property_cat?post=2006"}],"curies":[{"name":"wp","href":"https:\/\/api.w.org\/{rel}","templated":true}]}}

<p>Druga faza osiedla mieszkaniowego z imponującym widokiem na morze, minimalistycznym i współczesnym designem, w pięknej naturalnej scenerii urbanizacji Bahía de las Rocas w Manilvie, zaledwie 5 minut od Sotogrande. Estepona, znana z pól golfowych, znajduje się zaledwie 20 minut od hotelu. Blisko projektu znajduje się port Puerto Duquesa, pełen barów i restauracji. Nowoczesne domy w zabudowie szeregowej z 3 i 4 sypialniami, zorientowane na południowy zachód, mają czysty design i są budowane zgodnie z najwyższymi standardami. Z przestronnymi i jasnymi częściami dziennymi oraz tarasami, dużymi ogrodami i mnóstwem dodatkowych udogodnień.</p>
<p>&nbsp;</p>
<ul>
<li>Liczba mieszkań: 16 sztuk</li>
<li>Ceny od: mieszkanie 3-4 pokojowe od 579 700 EUR*</li>
<li>Odległość od plaży: 2 km</li>
<li>Dostawa: III kwartał 2025 r.</li>
<li>Odległość od lotniska w Maladze: 93 km</li>
<li>Dodatki:
<ul>
<li>basen</li>
<li>kort do padla</li>
<li>plac zabaw</li>
<li>panorama morska</li>
</ul>
</li>
</ul>
<p>&nbsp;</p>
<p>Lokalizacja:</p>
<p><img fetchpriority="high" decoding="async" class="alignnone size-medium wp-image-2008" src="https://livingmarbella.hu/wp-content/uploads/2024/10/GV2t-300x193.webp" alt="" width="300" height="193" srcset="https://livingmarbella.hu/wp-content/uploads/2024/10/GV2t-300x193.webp 300w, https://livingmarbella.hu/wp-content/uploads/2024/10/GV2t-1024x658.webp 1024w, https://livingmarbella.hu/wp-content/uploads/2024/10/GV2t-768x494.webp 768w, https://livingmarbella.hu/wp-content/uploads/2024/10/GV2t.webp 1290w" sizes="(max-width: 300px) 100vw, 300px" /></p>

<p>A komplexum lenyűgöző tengeri kilátással, minimalista és kortárs dizájnnal rendelkező lakóépület második fázisa, a Bahía de las Rocas urbanizáció gyönyörű természeti környezetében, Manilva városában, mindössze 5 percre Sotogrande városától. A golfpályáiról híres Estepona mindössze 20 percre található. A projekt közvetlen közelében található a Puerto Duquesa kikötő, tele bárokkal és éttermekkel. A 3 és 4 hálószobás [&hellip;]</p>
