{"id":1983,"date":"2024-10-21T10:20:14","date_gmt":"2024-10-21T10:20:14","guid":{"rendered":"https:\/\/livingmarbella.hu\/?post_type=rem_property&#038;p=1983"},"modified":"2025-08-13T13:07:22","modified_gmt":"2025-08-13T13:07:22","slug":"ch4","status":"publish","type":"rem_property","link":"https:\/\/livingmarbella.hu\/pl\/wlasnosc\/ch4\/","title":{"rendered":"CH4"},"content":{"rendered":"<p>Ciesz si\u0119 blisko\u015bci\u0105 natury i urokiem Costa del Sol w jednej z najpi\u0119kniejszych bia\u0142ych wiosek, Casares. Projekt znajduje si\u0119 obok rezerwatu przyrody Sierra Bermeja i oferuje wspania\u0142e widoki na okoliczne g\u00f3ry, a 5 p\u00f3l golfowych, 4 pla\u017ce i miasto Estepona s\u0105 w zasi\u0119gu r\u0119ki. \u0141\u0105cznie powstaje 47 apartament\u00f3w z 1, 2 lub 3 sypialniami, wszystkie z wysokiej jako\u015bci wyposa\u017conymi kuchniami, gara\u017cami i kom\u00f3rkami lokatorskimi. Dla wygody mieszka\u0144c\u00f3w dost\u0119pny jest oczywi\u015bcie wsp\u00f3lny basen.<\/p>\n<p>&nbsp;<\/p>\n<ul>\n<li>Liczba apartament\u00f3w: 47<\/li>\n<li>Ceny wywo\u0142awcze: apartament z 1-3 sypialniami od 267 000 EUR*<\/li>\n<li>Odleg\u0142o\u015b\u0107 od pla\u017cy: 2 km<\/li>\n<li>Dostawa: 2. kwarta\u0142 2025 r.<\/li>\n<li>Odleg\u0142o\u015b\u0107 od lotniska w Maladze: 93 km<\/li>\n<li>Dodatki:\n<ul>\n<li>basen<\/li>\n<li>pi\u0119kny ogr\u00f3d<\/li>\n<li>panorama morska<\/li>\n<\/ul>\n<\/li>\n<\/ul>\n<p>&nbsp;<\/p>\n<p>Lokalizacja:<\/p>\n<p><img fetchpriority=\"high\" decoding=\"async\" class=\"alignnone size-medium wp-image-1985\" src=\"https:\/\/livingmarbella.hu\/wp-content\/uploads\/2024\/10\/CH4t-300x213.webp\" alt=\"\" width=\"300\" height=\"213\" srcset=\"https:\/\/livingmarbella.hu\/wp-content\/uploads\/2024\/10\/CH4t-300x213.webp 300w, https:\/\/livingmarbella.hu\/wp-content\/uploads\/2024\/10\/CH4t-1024x727.webp 1024w, https:\/\/livingmarbella.hu\/wp-content\/uploads\/2024\/10\/CH4t-768x545.webp 768w, https:\/\/livingmarbella.hu\/wp-content\/uploads\/2024\/10\/CH4t.webp 1080w\" sizes=\"(max-width: 300px) 100vw, 300px\" \/><\/p>","protected":false},"excerpt":{"rendered":"<p>\u00c9lvezze a term\u00e9szet k\u00f6zels\u00e9g\u00e9t \u00e9s a Costa del Sol var\u00e1zs\u00e1t az egyik legszebb feh\u00e9r telep\u00fcl\u00e9sen, Casaresben. A projekt a Sierra Bermeja term\u00e9szetv\u00e9delmi ter\u00fclet mellett tal\u00e1lhat\u00f3 \u00e9s csod\u00e1s kil\u00e1t\u00e1st ny\u00fajt a k\u00f6rnyez\u0151 hegyekre, mik\u00f6zben 5 golfp\u00e1lya, 4 strand \u00e9s Estepona v\u00e1rosa is k\u00f6nnyen el\u00e9rhet\u0151. Mind\u00f6ssze 47 lak\u00e1s \u00e9p\u00fcl 1,2 vagy 3 h\u00e1l\u00f3szob\u00e1val, melyek mindegyik\u00e9hez magas sz\u00ednvonal\u00fa [&hellip;]<\/p>","protected":false},"author":2,"featured_media":2001,"parent":0,"menu_order":0,"template":"","rem_property_cat":[],"class_list":["post-1983","rem_property","type-rem_property","status-publish","has-post-thumbnail","hentry","grve-entry-item"],"_links":{"self":[{"href":"https:\/\/livingmarbella.hu\/pl\/wp-json\/wp\/v2\/properties\/1983","targetHints":{"allow":["GET"]}}],"collection":[{"href":"https:\/\/livingmarbella.hu\/pl\/wp-json\/wp\/v2\/properties"}],"about":[{"href":"https:\/\/livingmarbella.hu\/pl\/wp-json\/wp\/v2\/types\/rem_property"}],"author":[{"embeddable":true,"href":"https:\/\/livingmarbella.hu\/pl\/wp-json\/wp\/v2\/users\/2"}],"wp:featuredmedia":[{"embeddable":true,"href":"https:\/\/livingmarbella.hu\/pl\/wp-json\/wp\/v2\/media\/2001"}],"wp:attachment":[{"href":"https:\/\/livingmarbella.hu\/pl\/wp-json\/wp\/v2\/media?parent=1983"}],"wp:term":[{"taxonomy":"rem_property_cat","embeddable":true,"href":"https:\/\/livingmarbella.hu\/pl\/wp-json\/wp\/v2\/rem_property_cat?post=1983"}],"curies":[{"name":"wp","href":"https:\/\/api.w.org\/{rel}","templated":true}]}}

<p>Ciesz się bliskością natury i urokiem Costa del Sol w jednej z najpiękniejszych białych wiosek, Casares. Projekt znajduje się obok rezerwatu przyrody Sierra Bermeja i oferuje wspaniałe widoki na okoliczne góry, a 5 pól golfowych, 4 plaże i miasto Estepona są w zasięgu ręki. Łącznie powstaje 47 apartamentów z 1, 2 lub 3 sypialniami, wszystkie z wysokiej jakości wyposażonymi kuchniami, garażami i komórkami lokatorskimi. Dla wygody mieszkańców dostępny jest oczywiście wspólny basen.</p>
<p>&nbsp;</p>
<ul>
<li>Liczba apartamentów: 47</li>
<li>Ceny wywoławcze: apartament z 1-3 sypialniami od 267 000 EUR*</li>
<li>Odległość od plaży: 2 km</li>
<li>Dostawa: 2. kwartał 2025 r.</li>
<li>Odległość od lotniska w Maladze: 93 km</li>
<li>Dodatki:
<ul>
<li>basen</li>
<li>piękny ogród</li>
<li>panorama morska</li>
</ul>
</li>
</ul>
<p>&nbsp;</p>
<p>Lokalizacja:</p>
<p><img fetchpriority="high" decoding="async" class="alignnone size-medium wp-image-1985" src="https://livingmarbella.hu/wp-content/uploads/2024/10/CH4t-300x213.webp" alt="" width="300" height="213" srcset="https://livingmarbella.hu/wp-content/uploads/2024/10/CH4t-300x213.webp 300w, https://livingmarbella.hu/wp-content/uploads/2024/10/CH4t-1024x727.webp 1024w, https://livingmarbella.hu/wp-content/uploads/2024/10/CH4t-768x545.webp 768w, https://livingmarbella.hu/wp-content/uploads/2024/10/CH4t.webp 1080w" sizes="(max-width: 300px) 100vw, 300px" /></p>

<p>Élvezze a természet közelségét és a Costa del Sol varázsát az egyik legszebb fehér településen, Casaresben. A projekt a Sierra Bermeja természetvédelmi terület mellett található és csodás kilátást nyújt a környező hegyekre, miközben 5 golfpálya, 4 strand és Estepona városa is könnyen elérhető. Mindössze 47 lakás épül 1,2 vagy 3 hálószobával, melyek mindegyikéhez magas színvonalú [&hellip;]</p>
