{"id":1964,"date":"2024-10-21T09:46:07","date_gmt":"2024-10-21T09:46:07","guid":{"rendered":"https:\/\/livingmarbella.hu\/?post_type=rem_property&#038;p=1964"},"modified":"2025-08-13T12:32:39","modified_gmt":"2025-08-13T12:32:39","slug":"a4","status":"publish","type":"rem_property","link":"https:\/\/livingmarbella.hu\/pl\/wlasnosc\/a4\/","title":{"rendered":"A4"},"content":{"rendered":"<p>Osiedle po\u0142o\u017cone jest w malowniczej okolicy mi\u0119dzy Marbell\u0105 a Sotogrande, tu\u017c za Estepon\u0105. Zanurz si\u0119 w atmosferze po\u0142udniowej Hiszpanii, podziwiaj\u0105c wspania\u0142e widoki na Morze \u015ar\u00f3dziemne ze swojego nowego domu. Tutaj ka\u017cdy dzie\u0144 zaczyna si\u0119 od ka\u017cdego zak\u0105tka zalanego s\u0142o\u0144cem. Projekt apartament\u00f3w tworzy ciep\u0142\u0105 i przyjazn\u0105 atmosfer\u0119, pozwalaj\u0105c poczu\u0107 si\u0119 w doskona\u0142ej harmonii z morzem i natur\u0105. W ka\u017cdej chwili mo\u017cna zej\u015b\u0107 na pla\u017c\u0119, ale kompleks posiada r\u00f3wnie\u017c basen, si\u0142owni\u0119 i przestrze\u0144 spo\u0142eczn\u0105.<\/p>\n<p>&nbsp;<\/p>\n<ul>\n<li>Liczba apartament\u00f3w: 144<\/li>\n<li>Ceny wywo\u0142awcze: kamienica z 2-4 sypialniami od 360 800 EUR*<\/li>\n<li>Odleg\u0142o\u015b\u0107 od pla\u017cy: 300 m<\/li>\n<li>Dostawa: 2026 Q2<\/li>\n<li>Odleg\u0142o\u015b\u0107 od lotniska w Maladze: 92 km<\/li>\n<li>Dodatki:\n<ul>\n<li>w pobli\u017cu wody<\/li>\n<li>wi\u0119cej basen\u00f3w<\/li>\n<li>si\u0142ownia<\/li>\n<li>wsp\u00f3lna kuchnia i biuro<\/li>\n<li>plac zabaw<\/li>\n<li>panorama morska<\/li>\n<\/ul>\n<\/li>\n<\/ul>\n<p>&nbsp;<\/p>\n<p>Lokalizacja:<\/p>\n<p><img fetchpriority=\"high\" decoding=\"async\" class=\"alignnone size-medium wp-image-1966\" src=\"https:\/\/livingmarbella.hu\/wp-content\/uploads\/2024\/10\/A4t-300x213.webp\" alt=\"\" width=\"300\" height=\"213\" srcset=\"https:\/\/livingmarbella.hu\/wp-content\/uploads\/2024\/10\/A4t-300x213.webp 300w, https:\/\/livingmarbella.hu\/wp-content\/uploads\/2024\/10\/A4t-1024x727.webp 1024w, https:\/\/livingmarbella.hu\/wp-content\/uploads\/2024\/10\/A4t-768x545.webp 768w, https:\/\/livingmarbella.hu\/wp-content\/uploads\/2024\/10\/A4t.webp 1080w\" sizes=\"(max-width: 300px) 100vw, 300px\" \/><\/p>","protected":false},"excerpt":{"rendered":"<p>A fejleszt\u00e9s fest\u0151i k\u00f6rnyezetben tal\u00e1lhat\u00f3 Marbella \u00e9s Sotogrande k\u00f6z\u00f6tt, k\u00f6zvetlen\u00fcl Estepona mellett. Mer\u00fclj\u00f6n el D\u00e9l-Spanyolorsz\u00e1g hangulat\u00e1ban, mik\u00f6zben \u00faj otthon\u00e1b\u00f3l \u00e9lvezi a csod\u00e1s kil\u00e1t\u00e1st a F\u00f6ldk\u00f6zi-tengerre. Itt minden nap azzal kezd\u0151dik, hogy minden sarkot el\u00e1raszt a napf\u00e9ny. A lak\u00e1sok kialak\u00edt\u00e1sa meleg \u00e9s bar\u00e1ts\u00e1gos l\u00e9gk\u00f6rt teremt, melynek k\u00f6sz\u00f6nhet\u0151en t\u00f6k\u00e9letes harm\u00f3ni\u00e1ban \u00e9rezheti mag\u00e1t a tengerrel \u00e9s a term\u00e9szettel. [&hellip;]<\/p>","protected":false},"author":2,"featured_media":1978,"parent":0,"menu_order":0,"template":"","rem_property_cat":[],"class_list":["post-1964","rem_property","type-rem_property","status-publish","has-post-thumbnail","hentry","grve-entry-item"],"_links":{"self":[{"href":"https:\/\/livingmarbella.hu\/pl\/wp-json\/wp\/v2\/properties\/1964","targetHints":{"allow":["GET"]}}],"collection":[{"href":"https:\/\/livingmarbella.hu\/pl\/wp-json\/wp\/v2\/properties"}],"about":[{"href":"https:\/\/livingmarbella.hu\/pl\/wp-json\/wp\/v2\/types\/rem_property"}],"author":[{"embeddable":true,"href":"https:\/\/livingmarbella.hu\/pl\/wp-json\/wp\/v2\/users\/2"}],"wp:featuredmedia":[{"embeddable":true,"href":"https:\/\/livingmarbella.hu\/pl\/wp-json\/wp\/v2\/media\/1978"}],"wp:attachment":[{"href":"https:\/\/livingmarbella.hu\/pl\/wp-json\/wp\/v2\/media?parent=1964"}],"wp:term":[{"taxonomy":"rem_property_cat","embeddable":true,"href":"https:\/\/livingmarbella.hu\/pl\/wp-json\/wp\/v2\/rem_property_cat?post=1964"}],"curies":[{"name":"wp","href":"https:\/\/api.w.org\/{rel}","templated":true}]}}

<p>Osiedle położone jest w malowniczej okolicy między Marbellą a Sotogrande, tuż za Esteponą. Zanurz się w atmosferze południowej Hiszpanii, podziwiając wspaniałe widoki na Morze Śródziemne ze swojego nowego domu. Tutaj każdy dzień zaczyna się od każdego zakątka zalanego słońcem. Projekt apartamentów tworzy ciepłą i przyjazną atmosferę, pozwalając poczuć się w doskonałej harmonii z morzem i naturą. W każdej chwili można zejść na plażę, ale kompleks posiada również basen, siłownię i przestrzeń społeczną.</p>
<p>&nbsp;</p>
<ul>
<li>Liczba apartamentów: 144</li>
<li>Ceny wywoławcze: kamienica z 2-4 sypialniami od 360 800 EUR*</li>
<li>Odległość od plaży: 300 m</li>
<li>Dostawa: 2026 Q2</li>
<li>Odległość od lotniska w Maladze: 92 km</li>
<li>Dodatki:
<ul>
<li>w pobliżu wody</li>
<li>więcej basenów</li>
<li>siłownia</li>
<li>wspólna kuchnia i biuro</li>
<li>plac zabaw</li>
<li>panorama morska</li>
</ul>
</li>
</ul>
<p>&nbsp;</p>
<p>Lokalizacja:</p>
<p><img fetchpriority="high" decoding="async" class="alignnone size-medium wp-image-1966" src="https://livingmarbella.hu/wp-content/uploads/2024/10/A4t-300x213.webp" alt="" width="300" height="213" srcset="https://livingmarbella.hu/wp-content/uploads/2024/10/A4t-300x213.webp 300w, https://livingmarbella.hu/wp-content/uploads/2024/10/A4t-1024x727.webp 1024w, https://livingmarbella.hu/wp-content/uploads/2024/10/A4t-768x545.webp 768w, https://livingmarbella.hu/wp-content/uploads/2024/10/A4t.webp 1080w" sizes="(max-width: 300px) 100vw, 300px" /></p>

<p>A fejlesztés festői környezetben található Marbella és Sotogrande között, közvetlenül Estepona mellett. Merüljön el Dél-Spanyolország hangulatában, miközben új otthonából élvezi a csodás kilátást a Földközi-tengerre. Itt minden nap azzal kezdődik, hogy minden sarkot eláraszt a napfény. A lakások kialakítása meleg és barátságos légkört teremt, melynek köszönhetően tökéletes harmóniában érezheti magát a tengerrel és a természettel. [&hellip;]</p>
