{"id":1832,"date":"2024-07-30T10:22:47","date_gmt":"2024-07-30T10:22:47","guid":{"rendered":"https:\/\/livingmarbella.hu\/?post_type=rem_property&#038;p=1832"},"modified":"2025-08-13T14:51:27","modified_gmt":"2025-08-13T14:51:27","slug":"sl3","status":"publish","type":"rem_property","link":"https:\/\/livingmarbella.hu\/pl\/wlasnosc\/sl3\/","title":{"rendered":"SL3"},"content":{"rendered":"<p>Cisza, spok\u00f3j, las i morze razem! Ten wyj\u0105tkowy projekt sk\u0142ada si\u0119 z 69 willi po\u0142o\u017conych mi\u0119dzy Fuengirol\u0105 a La Cala de Mijas. Nieruchomo\u015bci s\u0105 skierowane na po\u0142udnie, oferuj\u0105c wspania\u0142e widoki na morze, a jednocze\u015bnie s\u0105 otoczone wiecznie zielonym lasem i \u015bwiatowej klasy, zawsze pi\u0119knymi polami golfowymi. Mo\u017ce to by\u0107 prawdziwa wyspa spokoju, gdzie mo\u017cna cieszy\u0107 si\u0119 widokiem na morze, cisz\u0105 i spokojem oraz dobrym powietrzem w tym samym czasie. Ale je\u015bli chcesz wyj\u015b\u0107 i porusza\u0107 si\u0119, mo\u017cesz dotrze\u0107 do klubu golfowego z restauracj\u0105 i barem w ci\u0105gu kilku minut, kompleks ma basen, si\u0142owni\u0119, spa i pomieszczenia og\u00f3lnodost\u0119pne, a pla\u017ca znajduje si\u0119 zaledwie kilka minut jazdy od hotelu.<\/p>\n<p>&nbsp;<\/p>\n<ul>\n<li>Liczba dom\u00f3w szeregowych: 169<\/li>\n<li>Ceny wywo\u0142awcze: kamienica z 3-4 sypialniami od 1 052 700 EUR*<\/li>\n<li>Odleg\u0142o\u015b\u0107 od pla\u017cy: 900 m<\/li>\n<li>Dostawa: 2. kwarta\u0142 2027 r.<\/li>\n<li>Odleg\u0142o\u015b\u0107 od lotniska w Maladze: 32 km<\/li>\n<li>Dodatki:\n<ul>\n<li>prywatny i wsp\u00f3lny basen<\/li>\n<li>si\u0142ownia<\/li>\n<li>spa<\/li>\n<li>Biuro Wsp\u00f3lnoty<\/li>\n<li>Sekcja Community BBQ<\/li>\n<li>panoramiczny widok na pole golfowe i morze<\/li>\n<\/ul>\n<\/li>\n<\/ul>\n<p>&nbsp;<\/p>\n<p>Lokalizacja:<\/p>\n<p><img fetchpriority=\"high\" decoding=\"async\" class=\"alignnone size-medium wp-image-1841\" src=\"https:\/\/livingmarbella.hu\/wp-content\/uploads\/2024\/07\/SL3t-300x176.webp\" alt=\"\" width=\"300\" height=\"176\" srcset=\"https:\/\/livingmarbella.hu\/wp-content\/uploads\/2024\/07\/SL3t-300x176.webp 300w, https:\/\/livingmarbella.hu\/wp-content\/uploads\/2024\/07\/SL3t-1024x602.webp 1024w, https:\/\/livingmarbella.hu\/wp-content\/uploads\/2024\/07\/SL3t-768x452.webp 768w, https:\/\/livingmarbella.hu\/wp-content\/uploads\/2024\/07\/SL3t.webp 1272w\" sizes=\"(max-width: 300px) 100vw, 300px\" \/><\/p>","protected":false},"excerpt":{"rendered":"<p>B\u00e9ke, csend, erd\u0151 \u00e9s tenger egy\u00fctt! Ez a k\u00fcl\u00f6nleges projekt 69 vill\u00e1b\u00f3l \u00e1ll Fuengirola \u00e9s La Cala de Mijas k\u00f6z\u00f6tt. Az ingatlanok d\u00e9li fekv\u00e9s\u0171ek, csod\u00e1latos kil\u00e1t\u00e1st ny\u00fajtanak a tengerre, mik\u00f6zben \u00f6r\u00f6kz\u00f6ldekb\u0151l \u00e1ll\u00f3 erd\u0151 \u00e9s vil\u00e1gsz\u00ednvonal\u00fa, mindig gy\u00f6ny\u00f6r\u0171 golfp\u00e1ly\u00e1k veszik k\u00f6rbe \u0151ket. Val\u00f3di b\u00e9ke szigete lehet az \u00d6n sz\u00e1m\u00e1ra, ahol egyszerre \u00e9lvezheti a tenger l\u00e1tv\u00e1ny\u00e1t, a [&hellip;]<\/p>","protected":false},"author":2,"featured_media":1840,"parent":0,"menu_order":0,"template":"","rem_property_cat":[],"class_list":["post-1832","rem_property","type-rem_property","status-publish","has-post-thumbnail","hentry","grve-entry-item"],"_links":{"self":[{"href":"https:\/\/livingmarbella.hu\/pl\/wp-json\/wp\/v2\/properties\/1832","targetHints":{"allow":["GET"]}}],"collection":[{"href":"https:\/\/livingmarbella.hu\/pl\/wp-json\/wp\/v2\/properties"}],"about":[{"href":"https:\/\/livingmarbella.hu\/pl\/wp-json\/wp\/v2\/types\/rem_property"}],"author":[{"embeddable":true,"href":"https:\/\/livingmarbella.hu\/pl\/wp-json\/wp\/v2\/users\/2"}],"wp:featuredmedia":[{"embeddable":true,"href":"https:\/\/livingmarbella.hu\/pl\/wp-json\/wp\/v2\/media\/1840"}],"wp:attachment":[{"href":"https:\/\/livingmarbella.hu\/pl\/wp-json\/wp\/v2\/media?parent=1832"}],"wp:term":[{"taxonomy":"rem_property_cat","embeddable":true,"href":"https:\/\/livingmarbella.hu\/pl\/wp-json\/wp\/v2\/rem_property_cat?post=1832"}],"curies":[{"name":"wp","href":"https:\/\/api.w.org\/{rel}","templated":true}]}}

<p>Cisza, spokój, las i morze razem! Ten wyjątkowy projekt składa się z 69 willi położonych między Fuengirolą a La Cala de Mijas. Nieruchomości są skierowane na południe, oferując wspaniałe widoki na morze, a jednocześnie są otoczone wiecznie zielonym lasem i światowej klasy, zawsze pięknymi polami golfowymi. Może to być prawdziwa wyspa spokoju, gdzie można cieszyć się widokiem na morze, ciszą i spokojem oraz dobrym powietrzem w tym samym czasie. Ale jeśli chcesz wyjść i poruszać się, możesz dotrzeć do klubu golfowego z restauracją i barem w ciągu kilku minut, kompleks ma basen, siłownię, spa i pomieszczenia ogólnodostępne, a plaża znajduje się zaledwie kilka minut jazdy od hotelu.</p>
<p>&nbsp;</p>
<ul>
<li>Liczba domów szeregowych: 169</li>
<li>Ceny wywoławcze: kamienica z 3-4 sypialniami od 1 052 700 EUR*</li>
<li>Odległość od plaży: 900 m</li>
<li>Dostawa: 2. kwartał 2027 r.</li>
<li>Odległość od lotniska w Maladze: 32 km</li>
<li>Dodatki:
<ul>
<li>prywatny i wspólny basen</li>
<li>siłownia</li>
<li>spa</li>
<li>Biuro Wspólnoty</li>
<li>Sekcja Community BBQ</li>
<li>panoramiczny widok na pole golfowe i morze</li>
</ul>
</li>
</ul>
<p>&nbsp;</p>
<p>Lokalizacja:</p>
<p><img fetchpriority="high" decoding="async" class="alignnone size-medium wp-image-1841" src="https://livingmarbella.hu/wp-content/uploads/2024/07/SL3t-300x176.webp" alt="" width="300" height="176" srcset="https://livingmarbella.hu/wp-content/uploads/2024/07/SL3t-300x176.webp 300w, https://livingmarbella.hu/wp-content/uploads/2024/07/SL3t-1024x602.webp 1024w, https://livingmarbella.hu/wp-content/uploads/2024/07/SL3t-768x452.webp 768w, https://livingmarbella.hu/wp-content/uploads/2024/07/SL3t.webp 1272w" sizes="(max-width: 300px) 100vw, 300px" /></p>

<p>Béke, csend, erdő és tenger együtt! Ez a különleges projekt 69 villából áll Fuengirola és La Cala de Mijas között. Az ingatlanok déli fekvésűek, csodálatos kilátást nyújtanak a tengerre, miközben örökzöldekből álló erdő és világszínvonalú, mindig gyönyörű golfpályák veszik körbe őket. Valódi béke szigete lehet az Ön számára, ahol egyszerre élvezheti a tenger látványát, a [&hellip;]</p>
