{"id":1812,"date":"2024-07-30T10:13:41","date_gmt":"2024-07-30T10:13:41","guid":{"rendered":"https:\/\/livingmarbella.hu\/?post_type=rem_property&#038;p=1812"},"modified":"2025-08-13T14:49:51","modified_gmt":"2025-08-13T14:49:51","slug":"sc3","status":"publish","type":"rem_property","link":"https:\/\/livingmarbella.hu\/pl\/wlasnosc\/sc3\/","title":{"rendered":"SC3"},"content":{"rendered":"<p>Marbella jest klejnotem Costa del Sol nie bez powodu: jej stare miasto, restauracje i pla\u017ce od dawna przyci\u0105gaj\u0105 ludzi z ca\u0142ego \u015bwiata. Je\u015bli te\u017c to kochasz, ale chcesz spokojniejszego otoczenia, ten projekt jest dla Ciebie! We wschodniej cz\u0119\u015bci Marbelli, zaledwie 5 minut od starego miasta, budowane s\u0105 wysokiej jako\u015bci apartamenty z widokiem na pole golfowe. Jako\u015b\u0107 jest widoczna w ka\u017cdym szczeg\u00f3le: tylko 4 apartamenty w bloku, aby zapewni\u0107 intymno\u015b\u0107, ka\u017cda nieruchomo\u015b\u0107 ma w\u0142asny prywatny basen i zostanie zainstalowane ogrzewanie pod\u0142ogowe. Dwa dodatkowe odkryte baseny, si\u0142ownia, kryty basen i strefa wellness w pomieszczeniach og\u00f3lnodost\u0119pnych zapewniaj\u0105 maksymalny komfort.<\/p>\n<p>&nbsp;<\/p>\n<ul>\n<li>Liczba apartament\u00f3w: 104<\/li>\n<li>Ceny wywo\u0142awcze: apartament z 3-4 sypialniami od 1.210,00 EUR*<\/li>\n<li>Odleg\u0142o\u015b\u0107 od pla\u017cy: 1,5 km<\/li>\n<li>Dostawa: III kwarta\u0142 2025 r.<\/li>\n<li>Odleg\u0142o\u015b\u0107 od lotniska w Maladze: 47 km<\/li>\n<li>Dodatki:\n<ul>\n<li>Prywatne i spo\u0142eczne us\u0142ugi medyczne<\/li>\n<li>kryty basen<\/li>\n<li>si\u0142ownia<\/li>\n<li>spa<\/li>\n<li>panoramiczny widok na pole golfowe<\/li>\n<\/ul>\n<\/li>\n<\/ul>\n<p>&nbsp;<\/p>\n<p>Lokalizacja:<\/p>\n<p><img fetchpriority=\"high\" decoding=\"async\" class=\"alignnone size-medium wp-image-2059\" src=\"https:\/\/livingmarbella.hu\/wp-content\/uploads\/2024\/10\/SC3t-300x213.webp\" alt=\"\" width=\"300\" height=\"213\" srcset=\"https:\/\/livingmarbella.hu\/wp-content\/uploads\/2024\/10\/SC3t-300x213.webp 300w, https:\/\/livingmarbella.hu\/wp-content\/uploads\/2024\/10\/SC3t-1024x727.webp 1024w, https:\/\/livingmarbella.hu\/wp-content\/uploads\/2024\/10\/SC3t-768x545.webp 768w, https:\/\/livingmarbella.hu\/wp-content\/uploads\/2024\/10\/SC3t.webp 1080w\" sizes=\"(max-width: 300px) 100vw, 300px\" \/><\/p>\n<p>&nbsp;<\/p>\n<p>&nbsp;<\/p>\n<p>&nbsp;<\/p>","protected":false},"excerpt":{"rendered":"<p>Marbella nem v\u00e9letlen\u00fcl a Costa del Sol \u00e9kk\u00f6ve: \u00f3v\u00e1rosa, \u00e9ttermei, strandjai r\u00e9g\u00f3ta vonzz\u00e1k az embereket a vil\u00e1g minden pontj\u00e1r\u00f3l. Ha \u00d6n is im\u00e1dja, de csendesebb k\u00f6zegre v\u00e1gyik, akkor ez a projekt \u00d6nnek val\u00f3! Marbella keleti r\u00e9sz\u00e9n, az \u00f3v\u00e1rost\u00f3l mind\u00f6ssze 5 percre \u00e9p\u00fclnek ezek a kiemelked\u0151 min\u0151s\u00e9g\u0171 lak\u00e1sok, golfp\u00e1ly\u00e1ra n\u00e9z\u0151 panor\u00e1m\u00e1val. A min\u0151s\u00e9g minden r\u00e9szletben megnyilv\u00e1nul: [&hellip;]<\/p>","protected":false},"author":2,"featured_media":1820,"parent":0,"menu_order":0,"template":"","rem_property_cat":[],"class_list":["post-1812","rem_property","type-rem_property","status-publish","has-post-thumbnail","hentry","grve-entry-item"],"_links":{"self":[{"href":"https:\/\/livingmarbella.hu\/pl\/wp-json\/wp\/v2\/properties\/1812","targetHints":{"allow":["GET"]}}],"collection":[{"href":"https:\/\/livingmarbella.hu\/pl\/wp-json\/wp\/v2\/properties"}],"about":[{"href":"https:\/\/livingmarbella.hu\/pl\/wp-json\/wp\/v2\/types\/rem_property"}],"author":[{"embeddable":true,"href":"https:\/\/livingmarbella.hu\/pl\/wp-json\/wp\/v2\/users\/2"}],"wp:featuredmedia":[{"embeddable":true,"href":"https:\/\/livingmarbella.hu\/pl\/wp-json\/wp\/v2\/media\/1820"}],"wp:attachment":[{"href":"https:\/\/livingmarbella.hu\/pl\/wp-json\/wp\/v2\/media?parent=1812"}],"wp:term":[{"taxonomy":"rem_property_cat","embeddable":true,"href":"https:\/\/livingmarbella.hu\/pl\/wp-json\/wp\/v2\/rem_property_cat?post=1812"}],"curies":[{"name":"wp","href":"https:\/\/api.w.org\/{rel}","templated":true}]}}

<p>Marbella jest klejnotem Costa del Sol nie bez powodu: jej stare miasto, restauracje i plaże od dawna przyciągają ludzi z całego świata. Jeśli też to kochasz, ale chcesz spokojniejszego otoczenia, ten projekt jest dla Ciebie! We wschodniej części Marbelli, zaledwie 5 minut od starego miasta, budowane są wysokiej jakości apartamenty z widokiem na pole golfowe. Jakość jest widoczna w każdym szczególe: tylko 4 apartamenty w bloku, aby zapewnić intymność, każda nieruchomość ma własny prywatny basen i zostanie zainstalowane ogrzewanie podłogowe. Dwa dodatkowe odkryte baseny, siłownia, kryty basen i strefa wellness w pomieszczeniach ogólnodostępnych zapewniają maksymalny komfort.</p>
<p>&nbsp;</p>
<ul>
<li>Liczba apartamentów: 104</li>
<li>Ceny wywoławcze: apartament z 3-4 sypialniami od 1.210,00 EUR*</li>
<li>Odległość od plaży: 1,5 km</li>
<li>Dostawa: III kwartał 2025 r.</li>
<li>Odległość od lotniska w Maladze: 47 km</li>
<li>Dodatki:
<ul>
<li>Prywatne i społeczne usługi medyczne</li>
<li>kryty basen</li>
<li>siłownia</li>
<li>spa</li>
<li>panoramiczny widok na pole golfowe</li>
</ul>
</li>
</ul>
<p>&nbsp;</p>
<p>Lokalizacja:</p>
<p><img fetchpriority="high" decoding="async" class="alignnone size-medium wp-image-2059" src="https://livingmarbella.hu/wp-content/uploads/2024/10/SC3t-300x213.webp" alt="" width="300" height="213" srcset="https://livingmarbella.hu/wp-content/uploads/2024/10/SC3t-300x213.webp 300w, https://livingmarbella.hu/wp-content/uploads/2024/10/SC3t-1024x727.webp 1024w, https://livingmarbella.hu/wp-content/uploads/2024/10/SC3t-768x545.webp 768w, https://livingmarbella.hu/wp-content/uploads/2024/10/SC3t.webp 1080w" sizes="(max-width: 300px) 100vw, 300px" /></p>
<p>&nbsp;</p>
<p>&nbsp;</p>
<p>&nbsp;</p>

<p>Marbella nem véletlenül a Costa del Sol ékköve: óvárosa, éttermei, strandjai régóta vonzzák az embereket a világ minden pontjáról. Ha Ön is imádja, de csendesebb közegre vágyik, akkor ez a projekt Önnek való! Marbella keleti részén, az óvárostól mindössze 5 percre épülnek ezek a kiemelkedő minőségű lakások, golfpályára néző panorámával. A minőség minden részletben megnyilvánul: [&hellip;]</p>
