{"id":1801,"date":"2024-07-30T10:08:14","date_gmt":"2024-07-30T10:08:14","guid":{"rendered":"https:\/\/livingmarbella.hu\/?post_type=rem_property&#038;p=1801"},"modified":"2025-08-13T14:48:25","modified_gmt":"2025-08-13T14:48:25","slug":"rp3","status":"publish","type":"rem_property","link":"https:\/\/livingmarbella.hu\/pl\/wlasnosc\/rp3\/","title":{"rendered":"FP3"},"content":{"rendered":"<p>Je\u015bli szukaj\u0105 Pa\u0144stwo prawdziwego resortu, kt\u00f3ry spe\u0142ni wszystkie oczekiwania, w\u0142a\u015bnie go Pa\u0144stwo znale\u017ali. Kompleks ten po\u0142o\u017cony jest w t\u0119tni\u0105cej \u017cyciem La Cala de Mijas, gdzie czeka szeroki wyb\u00f3r doskona\u0142ych bar\u00f3w i restauracji, p\u00f3l golfowych, piaszczystych pla\u017c, sklep\u00f3w, a tak\u017ce atrakcji sportowych i nocnego \u017cycia. Z ka\u017cdego apartamentu roztaczaj\u0105 si\u0119 wspania\u0142e widoki na Morze \u015ar\u00f3dziemne, a centrum miasta oraz pla\u017ca oddalone s\u0105 o zaledwie 800 metr\u00f3w. Najwi\u0119kszym atutem projektu jest jednak bogata oferta us\u0142ug dost\u0119pnych na terenie kompleksu: pi\u0119kny ogr\u00f3d, liczne baseny, si\u0142ownie zewn\u0119trzna i wewn\u0119trzna, wewn\u0119trzna strefa wellness oraz korty tenisowe, do padla i boisko do siatk\u00f3wki pla\u017cowej czekaj\u0105 na mieszka\u0144c\u00f3w.<\/p>\n<p>&nbsp;<\/p>\n<ul>\n<li>Liczba apartament\u00f3w: 210<\/li>\n<li>Ceny wywo\u0142awcze: apartament z 2-3 sypialniami od 770 000 EUR*<\/li>\n<li>Odleg\u0142o\u015b\u0107 od brzegu: 800 m<\/li>\n<li>Dostawa: 2027 Q1<\/li>\n<li>Odleg\u0142o\u015b\u0107 od lotniska w Maladze: 35 km<\/li>\n<li>Dodatki:\n<ul>\n<li>w pobli\u017cu wody<\/li>\n<li>odkryty i kryty basen<\/li>\n<li>si\u0142ownia zewn\u0119trzna i wewn\u0119trzna<\/li>\n<li>spa<\/li>\n<li>korty tenisowe, padelowe, boiska do siatk\u00f3wki<\/li>\n<li>Biuro Wsp\u00f3lnoty<\/li>\n<li>centralna lokalizacja<\/li>\n<li>panorama morska<\/li>\n<\/ul>\n<\/li>\n<\/ul>\n<p>&nbsp;<\/p>\n<p>Lokalizacja:<\/p>\n<p><img fetchpriority=\"high\" decoding=\"async\" class=\"alignnone size-medium wp-image-1811\" src=\"https:\/\/livingmarbella.hu\/wp-content\/uploads\/2024\/07\/RP3t-300x186.webp\" alt=\"\" width=\"300\" height=\"186\" srcset=\"https:\/\/livingmarbella.hu\/wp-content\/uploads\/2024\/07\/RP3t-300x186.webp 300w, https:\/\/livingmarbella.hu\/wp-content\/uploads\/2024\/07\/RP3t-1024x635.webp 1024w, https:\/\/livingmarbella.hu\/wp-content\/uploads\/2024\/07\/RP3t-768x476.webp 768w, https:\/\/livingmarbella.hu\/wp-content\/uploads\/2024\/07\/RP3t.webp 1240w\" sizes=\"(max-width: 300px) 100vw, 300px\" \/><\/p>","protected":false},"excerpt":{"rendered":"<p>Ha igazi \u00fcd\u00fcl\u0151helyet keres, ami minden ig\u00e9ny\u00e9t kiel\u00e9g\u00edti, megtal\u00e1lta! Ez a komplexum az \u00e9lettel teli La Cala de Mijasban tal\u00e1lhat\u00f3, ahol rengeteg kiv\u00e1l\u00f3 b\u00e1r \u00e9s \u00e9tterem, golfp\u00e1lya, homokos strand, \u00fczletek, valamint sport- \u00e9s \u00e9jszakai \u00e9let v\u00e1rja a vend\u00e9geket. Minden lak\u00e1sb\u00f3l csod\u00e1latos kil\u00e1t\u00e1s ny\u00edlik a F\u00f6ldk\u00f6zi-tengerre, mik\u00f6zben a v\u00e1rosk\u00f6zpont \u00e9s a tengerpart mind\u00f6ssze 800 m\u00e9ter. A [&hellip;]<\/p>","protected":false},"author":2,"featured_media":1810,"parent":0,"menu_order":0,"template":"","rem_property_cat":[],"class_list":["post-1801","rem_property","type-rem_property","status-publish","has-post-thumbnail","hentry","grve-entry-item"],"_links":{"self":[{"href":"https:\/\/livingmarbella.hu\/pl\/wp-json\/wp\/v2\/properties\/1801","targetHints":{"allow":["GET"]}}],"collection":[{"href":"https:\/\/livingmarbella.hu\/pl\/wp-json\/wp\/v2\/properties"}],"about":[{"href":"https:\/\/livingmarbella.hu\/pl\/wp-json\/wp\/v2\/types\/rem_property"}],"author":[{"embeddable":true,"href":"https:\/\/livingmarbella.hu\/pl\/wp-json\/wp\/v2\/users\/2"}],"wp:featuredmedia":[{"embeddable":true,"href":"https:\/\/livingmarbella.hu\/pl\/wp-json\/wp\/v2\/media\/1810"}],"wp:attachment":[{"href":"https:\/\/livingmarbella.hu\/pl\/wp-json\/wp\/v2\/media?parent=1801"}],"wp:term":[{"taxonomy":"rem_property_cat","embeddable":true,"href":"https:\/\/livingmarbella.hu\/pl\/wp-json\/wp\/v2\/rem_property_cat?post=1801"}],"curies":[{"name":"wp","href":"https:\/\/api.w.org\/{rel}","templated":true}]}}

<p>Jeśli szukają Państwo prawdziwego resortu, który spełni wszystkie oczekiwania, właśnie go Państwo znaleźli. Kompleks ten położony jest w tętniącej życiem La Cala de Mijas, gdzie czeka szeroki wybór doskonałych barów i restauracji, pól golfowych, piaszczystych plaż, sklepów, a także atrakcji sportowych i nocnego życia. Z każdego apartamentu roztaczają się wspaniałe widoki na Morze Śródziemne, a centrum miasta oraz plaża oddalone są o zaledwie 800 metrów. Największym atutem projektu jest jednak bogata oferta usług dostępnych na terenie kompleksu: piękny ogród, liczne baseny, siłownie zewnętrzna i wewnętrzna, wewnętrzna strefa wellness oraz korty tenisowe, do padla i boisko do siatkówki plażowej czekają na mieszkańców.</p>
<p>&nbsp;</p>
<ul>
<li>Liczba apartamentów: 210</li>
<li>Ceny wywoławcze: apartament z 2-3 sypialniami od 770 000 EUR*</li>
<li>Odległość od brzegu: 800 m</li>
<li>Dostawa: 2027 Q1</li>
<li>Odległość od lotniska w Maladze: 35 km</li>
<li>Dodatki:
<ul>
<li>w pobliżu wody</li>
<li>odkryty i kryty basen</li>
<li>siłownia zewnętrzna i wewnętrzna</li>
<li>spa</li>
<li>korty tenisowe, padelowe, boiska do siatkówki</li>
<li>Biuro Wspólnoty</li>
<li>centralna lokalizacja</li>
<li>panorama morska</li>
</ul>
</li>
</ul>
<p>&nbsp;</p>
<p>Lokalizacja:</p>
<p><img fetchpriority="high" decoding="async" class="alignnone size-medium wp-image-1811" src="https://livingmarbella.hu/wp-content/uploads/2024/07/RP3t-300x186.webp" alt="" width="300" height="186" srcset="https://livingmarbella.hu/wp-content/uploads/2024/07/RP3t-300x186.webp 300w, https://livingmarbella.hu/wp-content/uploads/2024/07/RP3t-1024x635.webp 1024w, https://livingmarbella.hu/wp-content/uploads/2024/07/RP3t-768x476.webp 768w, https://livingmarbella.hu/wp-content/uploads/2024/07/RP3t.webp 1240w" sizes="(max-width: 300px) 100vw, 300px" /></p>

<p>Ha igazi üdülőhelyet keres, ami minden igényét kielégíti, megtalálta! Ez a komplexum az élettel teli La Cala de Mijasban található, ahol rengeteg kiváló bár és étterem, golfpálya, homokos strand, üzletek, valamint sport- és éjszakai élet várja a vendégeket. Minden lakásból csodálatos kilátás nyílik a Földközi-tengerre, miközben a városközpont és a tengerpart mindössze 800 méter. A [&hellip;]</p>
