{"id":1751,"date":"2024-07-30T09:36:00","date_gmt":"2024-07-30T09:36:00","guid":{"rendered":"https:\/\/livingmarbella.hu\/?post_type=rem_property&#038;p=1751"},"modified":"2025-08-13T14:40:50","modified_gmt":"2025-08-13T14:40:50","slug":"o3","status":"publish","type":"rem_property","link":"https:\/\/livingmarbella.hu\/pl\/wlasnosc\/o3\/","title":{"rendered":"O3"},"content":{"rendered":"<p>Z\u0142oty Tr\u00f3jk\u0105t pomi\u0119dzy Marbell\u0105 a Estepon\u0105 to prawdopodobnie najszybciej rozwijaj\u0105cy si\u0119 obszar Costa del Sol, gdzie powstaje wiele projekt\u00f3w o bardzo wysokim standardzie. Jednym z nich jest O3, obejmuj\u0105cy 215 ekskluzywnych apartament\u00f3w z 2 i 3 sypialniami, zaprojektowanych specjalnie z my\u015bl\u0105 o \u015br\u00f3dziemnomorskim stylu \u017cycia. Po\u0142udniowa ekspozycja, du\u017ce przeszklenia oraz przestronne tarasy zapewniaj\u0105 optymalne wykorzystanie \u015bwiat\u0142a s\u0142onecznego. Apartamenty na parterze posiadaj\u0105 prywatne ogrody, natomiast z ogromnych taras\u00f3w dachowych penthouse\u2019\u00f3w roztaczaj\u0105 si\u0119 wspania\u0142e panoramy. Tutaj naprawd\u0119 mo\u017cna si\u0119 zrelaksowa\u0107, a je\u015bli jednak zapragn\u0105 Pa\u0144stwo miejskiego zgie\u0142ku, zar\u00f3wno Marbella, jak i Estepona znajduj\u0105 si\u0119 zaledwie kilka minut jazdy samochodem.<\/p>\n<p>&nbsp;<\/p>\n<ul>\n<li>Liczba apartament\u00f3w: 127<\/li>\n<li>Ceny wywo\u0142awcze: apartament z 2-3 sypialniami od 494 400 EUR*<\/li>\n<li>Odleg\u0142o\u015b\u0107 od pla\u017cy: 3 km<\/li>\n<li>Dostawa: 2024 Q4<\/li>\n<li>Odleg\u0142o\u015b\u0107 od lotniska w Maladze: 77 km<\/li>\n<li>Dodatki:\n<ul>\n<li>odkryty i kryty basen<\/li>\n<li>si\u0142ownia<\/li>\n<li>spa<\/li>\n<li>Biuro Wsp\u00f3lnoty<\/li>\n<\/ul>\n<\/li>\n<\/ul>\n<p>&nbsp;<\/p>\n<p>Lokalizacja:<\/p>\n<p><img fetchpriority=\"high\" decoding=\"async\" class=\"alignnone size-medium wp-image-1762\" src=\"https:\/\/livingmarbella.hu\/wp-content\/uploads\/2024\/07\/O3t-300x175.webp\" alt=\"\" width=\"300\" height=\"175\" srcset=\"https:\/\/livingmarbella.hu\/wp-content\/uploads\/2024\/07\/O3t-300x175.webp 300w, https:\/\/livingmarbella.hu\/wp-content\/uploads\/2024\/07\/O3t-1024x597.webp 1024w, https:\/\/livingmarbella.hu\/wp-content\/uploads\/2024\/07\/O3t-768x447.webp 768w, https:\/\/livingmarbella.hu\/wp-content\/uploads\/2024\/07\/O3t.webp 1272w\" sizes=\"(max-width: 300px) 100vw, 300px\" \/><\/p>","protected":false},"excerpt":{"rendered":"<p>Az Arany H\u00e1romsz\u00f6g Marbella \u00e9s Estepona k\u00f6z\u00f6tt a Costa del Sol tal\u00e1n legdinamikusabban fejl\u0151d\u0151 r\u00e9sze, ahol t\u00f6bb nagyon sz\u00ednvonalas projekt \u00e9p\u00fcl. Ezek egyike az O3, ami 215 db, 2-3 h\u00e1l\u00f3szob\u00e1s exkluz\u00edv lak\u00e1sb\u00f3l \u00e1ll, melyeket kifejezetten a mediterr\u00e1n \u00e9let\u00e9rz\u00e9shez terveztek. A d\u00e9li fekv\u00e9s, a nagy \u00fcvegfel\u00fcletek \u00e9s a t\u00e1gas teraszok optim\u00e1lis napf\u00e9nykihaszn\u00e1l\u00e1st biztos\u00edtanak. A f\u00f6ldszinti lak\u00e1sokhoz [&hellip;]<\/p>","protected":false},"author":2,"featured_media":1759,"parent":0,"menu_order":0,"template":"","rem_property_cat":[],"class_list":["post-1751","rem_property","type-rem_property","status-publish","has-post-thumbnail","hentry","grve-entry-item"],"_links":{"self":[{"href":"https:\/\/livingmarbella.hu\/pl\/wp-json\/wp\/v2\/properties\/1751","targetHints":{"allow":["GET"]}}],"collection":[{"href":"https:\/\/livingmarbella.hu\/pl\/wp-json\/wp\/v2\/properties"}],"about":[{"href":"https:\/\/livingmarbella.hu\/pl\/wp-json\/wp\/v2\/types\/rem_property"}],"author":[{"embeddable":true,"href":"https:\/\/livingmarbella.hu\/pl\/wp-json\/wp\/v2\/users\/2"}],"wp:featuredmedia":[{"embeddable":true,"href":"https:\/\/livingmarbella.hu\/pl\/wp-json\/wp\/v2\/media\/1759"}],"wp:attachment":[{"href":"https:\/\/livingmarbella.hu\/pl\/wp-json\/wp\/v2\/media?parent=1751"}],"wp:term":[{"taxonomy":"rem_property_cat","embeddable":true,"href":"https:\/\/livingmarbella.hu\/pl\/wp-json\/wp\/v2\/rem_property_cat?post=1751"}],"curies":[{"name":"wp","href":"https:\/\/api.w.org\/{rel}","templated":true}]}}

<p>Złoty Trójkąt pomiędzy Marbellą a Esteponą to prawdopodobnie najszybciej rozwijający się obszar Costa del Sol, gdzie powstaje wiele projektów o bardzo wysokim standardzie. Jednym z nich jest O3, obejmujący 215 ekskluzywnych apartamentów z 2 i 3 sypialniami, zaprojektowanych specjalnie z myślą o śródziemnomorskim stylu życia. Południowa ekspozycja, duże przeszklenia oraz przestronne tarasy zapewniają optymalne wykorzystanie światła słonecznego. Apartamenty na parterze posiadają prywatne ogrody, natomiast z ogromnych tarasów dachowych penthouse’ów roztaczają się wspaniałe panoramy. Tutaj naprawdę można się zrelaksować, a jeśli jednak zapragną Państwo miejskiego zgiełku, zarówno Marbella, jak i Estepona znajdują się zaledwie kilka minut jazdy samochodem.</p>
<p>&nbsp;</p>
<ul>
<li>Liczba apartamentów: 127</li>
<li>Ceny wywoławcze: apartament z 2-3 sypialniami od 494 400 EUR*</li>
<li>Odległość od plaży: 3 km</li>
<li>Dostawa: 2024 Q4</li>
<li>Odległość od lotniska w Maladze: 77 km</li>
<li>Dodatki:
<ul>
<li>odkryty i kryty basen</li>
<li>siłownia</li>
<li>spa</li>
<li>Biuro Wspólnoty</li>
</ul>
</li>
</ul>
<p>&nbsp;</p>
<p>Lokalizacja:</p>
<p><img fetchpriority="high" decoding="async" class="alignnone size-medium wp-image-1762" src="https://livingmarbella.hu/wp-content/uploads/2024/07/O3t-300x175.webp" alt="" width="300" height="175" srcset="https://livingmarbella.hu/wp-content/uploads/2024/07/O3t-300x175.webp 300w, https://livingmarbella.hu/wp-content/uploads/2024/07/O3t-1024x597.webp 1024w, https://livingmarbella.hu/wp-content/uploads/2024/07/O3t-768x447.webp 768w, https://livingmarbella.hu/wp-content/uploads/2024/07/O3t.webp 1272w" sizes="(max-width: 300px) 100vw, 300px" /></p>

<p>Az Arany Háromszög Marbella és Estepona között a Costa del Sol talán legdinamikusabban fejlődő része, ahol több nagyon színvonalas projekt épül. Ezek egyike az O3, ami 215 db, 2-3 hálószobás exkluzív lakásból áll, melyeket kifejezetten a mediterrán életérzéshez terveztek. A déli fekvés, a nagy üvegfelületek és a tágas teraszok optimális napfénykihasználást biztosítanak. A földszinti lakásokhoz [&hellip;]</p>
