{"id":1741,"date":"2024-07-30T09:20:11","date_gmt":"2024-07-30T09:20:11","guid":{"rendered":"https:\/\/livingmarbella.hu\/?post_type=rem_property&#038;p=1741"},"modified":"2025-08-13T14:24:31","modified_gmt":"2025-08-13T14:24:31","slug":"nm3","status":"publish","type":"rem_property","link":"https:\/\/livingmarbella.hu\/pl\/wlasnosc\/nm3\/","title":{"rendered":"NM3"},"content":{"rendered":"<p>Co mo\u017ce by\u0107 lepszego ni\u017c znajdowa\u0107 si\u0119 zaledwie 70 metr\u00f3w od nadmorskiej promenady? Ten projekt to doskona\u0142y wyb\u00f3r dla os\u00f3b pragn\u0105cych korzysta\u0107 z zalet t\u0119tni\u0105cego \u017cyciem i nowoczesnego miasta \u2013 wszystko to w Fuengiroli, zaledwie 20 km od Malagi. Zaj\u0119cia rekreacyjne, szko\u0142y, mo\u017cliwo\u015bci zakup\u00f3w oraz pla\u017ca znajduj\u0105 si\u0119 w odleg\u0142o\u015bci zaledwie kilku minut. W kompleksie powstaj\u0105 apartamenty z 1, 2 i 3 sypialniami oraz balkonami. Funkcjonalno\u015b\u0107 by\u0142a kluczowym za\u0142o\u017ceniem projektu \u2013 nieruchomo\u015bci charakteryzuj\u0105 si\u0119 przestronnymi i jasnymi wn\u0119trzami, a komfort mieszka\u0144c\u00f3w dope\u0142niaj\u0105 basen, sauna, kuchnia wsp\u00f3lna oraz si\u0142ownia.<\/p>\n<p>&nbsp;<\/p>\n<ul>\n<li>Liczba apartament\u00f3w: 127<\/li>\n<li>Ceny wywo\u0142awcze: apartament z 2-3 sypialniami od 501 600 EUR*<\/li>\n<li>Odleg\u0142o\u015b\u0107 od pla\u017cy: 600 m<\/li>\n<li>Dostawa: III kwarta\u0142 2025 r.<\/li>\n<li>Odleg\u0142o\u015b\u0107 od lotniska w Maladze: 25 km<\/li>\n<li>Dodatki:\n<ul>\n<li>w pobli\u017cu wody<\/li>\n<li>basen<\/li>\n<li>si\u0142ownia<\/li>\n<li>spa<\/li>\n<li>centralna lokalizacja<\/li>\n<\/ul>\n<\/li>\n<\/ul>\n<p>&nbsp;<\/p>\n<p>Lokalizacja:<\/p>\n<p><img fetchpriority=\"high\" decoding=\"async\" class=\"alignnone size-medium wp-image-1750\" src=\"https:\/\/livingmarbella.hu\/wp-content\/uploads\/2024\/07\/NM3t-300x179.webp\" alt=\"\" width=\"300\" height=\"179\" srcset=\"https:\/\/livingmarbella.hu\/wp-content\/uploads\/2024\/07\/NM3t-300x179.webp 300w, https:\/\/livingmarbella.hu\/wp-content\/uploads\/2024\/07\/NM3t-1024x612.webp 1024w, https:\/\/livingmarbella.hu\/wp-content\/uploads\/2024\/07\/NM3t-768x459.webp 768w, https:\/\/livingmarbella.hu\/wp-content\/uploads\/2024\/07\/NM3t.webp 1240w\" sizes=\"(max-width: 300px) 100vw, 300px\" \/><\/p>","protected":false},"excerpt":{"rendered":"<p>Mi lehet ann\u00e1l jobb, mint ha 70 m\u00e9terre vagy a tengerparti s\u00e9t\u00e1nyt\u00f3l? Ez a projekt remek v\u00e1laszt\u00e1s, ha \u00e9lvezni szeretn\u00e9 a ny\u00fczsg\u0151 \u00e9s modern v\u00e1ros adta el\u0151ny\u00f6ket, mindezt Fuengirol\u00e1ban, csup\u00e1n 20 km-re Malag\u00e1t\u00f3l. Szabadid\u0151s tev\u00e9kenys\u00e9gek, iskol\u00e1k, bev\u00e1s\u00e1rl\u00e1si lehet\u0151s\u00e9gek, \u00e9s a strand is mind\u00f6ssze p\u00e1r percre tal\u00e1lhat\u00f3 innen. A komplexumban 1, 2 \u00e9s 3 h\u00e1l\u00f3szob\u00e1s, erk\u00e9lyes [&hellip;]<\/p>","protected":false},"author":2,"featured_media":1749,"parent":0,"menu_order":0,"template":"","rem_property_cat":[],"class_list":["post-1741","rem_property","type-rem_property","status-publish","has-post-thumbnail","hentry","grve-entry-item"],"_links":{"self":[{"href":"https:\/\/livingmarbella.hu\/pl\/wp-json\/wp\/v2\/properties\/1741","targetHints":{"allow":["GET"]}}],"collection":[{"href":"https:\/\/livingmarbella.hu\/pl\/wp-json\/wp\/v2\/properties"}],"about":[{"href":"https:\/\/livingmarbella.hu\/pl\/wp-json\/wp\/v2\/types\/rem_property"}],"author":[{"embeddable":true,"href":"https:\/\/livingmarbella.hu\/pl\/wp-json\/wp\/v2\/users\/2"}],"wp:featuredmedia":[{"embeddable":true,"href":"https:\/\/livingmarbella.hu\/pl\/wp-json\/wp\/v2\/media\/1749"}],"wp:attachment":[{"href":"https:\/\/livingmarbella.hu\/pl\/wp-json\/wp\/v2\/media?parent=1741"}],"wp:term":[{"taxonomy":"rem_property_cat","embeddable":true,"href":"https:\/\/livingmarbella.hu\/pl\/wp-json\/wp\/v2\/rem_property_cat?post=1741"}],"curies":[{"name":"wp","href":"https:\/\/api.w.org\/{rel}","templated":true}]}}

<p>Co może być lepszego niż znajdować się zaledwie 70 metrów od nadmorskiej promenady? Ten projekt to doskonały wybór dla osób pragnących korzystać z zalet tętniącego życiem i nowoczesnego miasta – wszystko to w Fuengiroli, zaledwie 20 km od Malagi. Zajęcia rekreacyjne, szkoły, możliwości zakupów oraz plaża znajdują się w odległości zaledwie kilku minut. W kompleksie powstają apartamenty z 1, 2 i 3 sypialniami oraz balkonami. Funkcjonalność była kluczowym założeniem projektu – nieruchomości charakteryzują się przestronnymi i jasnymi wnętrzami, a komfort mieszkańców dopełniają basen, sauna, kuchnia wspólna oraz siłownia.</p>
<p>&nbsp;</p>
<ul>
<li>Liczba apartamentów: 127</li>
<li>Ceny wywoławcze: apartament z 2-3 sypialniami od 501 600 EUR*</li>
<li>Odległość od plaży: 600 m</li>
<li>Dostawa: III kwartał 2025 r.</li>
<li>Odległość od lotniska w Maladze: 25 km</li>
<li>Dodatki:
<ul>
<li>w pobliżu wody</li>
<li>basen</li>
<li>siłownia</li>
<li>spa</li>
<li>centralna lokalizacja</li>
</ul>
</li>
</ul>
<p>&nbsp;</p>
<p>Lokalizacja:</p>
<p><img fetchpriority="high" decoding="async" class="alignnone size-medium wp-image-1750" src="https://livingmarbella.hu/wp-content/uploads/2024/07/NM3t-300x179.webp" alt="" width="300" height="179" srcset="https://livingmarbella.hu/wp-content/uploads/2024/07/NM3t-300x179.webp 300w, https://livingmarbella.hu/wp-content/uploads/2024/07/NM3t-1024x612.webp 1024w, https://livingmarbella.hu/wp-content/uploads/2024/07/NM3t-768x459.webp 768w, https://livingmarbella.hu/wp-content/uploads/2024/07/NM3t.webp 1240w" sizes="(max-width: 300px) 100vw, 300px" /></p>

<p>Mi lehet annál jobb, mint ha 70 méterre vagy a tengerparti sétánytól? Ez a projekt remek választás, ha élvezni szeretné a nyüzsgő és modern város adta előnyöket, mindezt Fuengirolában, csupán 20 km-re Malagától. Szabadidős tevékenységek, iskolák, bevásárlási lehetőségek, és a strand is mindössze pár percre található innen. A komplexumban 1, 2 és 3 hálószobás, erkélyes [&hellip;]</p>
