{"id":1726,"date":"2024-07-30T09:16:05","date_gmt":"2024-07-30T09:16:05","guid":{"rendered":"https:\/\/livingmarbella.hu\/?post_type=rem_property&#038;p=1726"},"modified":"2025-08-13T14:26:11","modified_gmt":"2025-08-13T14:26:11","slug":"nr4","status":"publish","type":"rem_property","link":"https:\/\/livingmarbella.hu\/pl\/wlasnosc\/nr4\/","title":{"rendered":"NR4"},"content":{"rendered":"<p>Nazwa El Para\u00edso, oznaczaj\u0105ca raj, nie jest przypadkowa. Po\u0142o\u017cony mi\u0119dzy Marbell\u0105 i Estepon\u0105, w tak zwanym Z\u0142otym Tr\u00f3jk\u0105cie, ten luksusowy, ekologiczny kompleks zosta\u0142 zaprojektowany z dba\u0142o\u015bci\u0105 o szczeg\u00f3\u0142y. Z zaledwie 88 apartamentami jest do\u015b\u0107 kameralny, oferuj\u0105c jednocze\u015bnie wszystkie udogodnienia: 40-metrowy odkryty basen, ogrzewany geotermalnie kryty basen, si\u0142owni\u0119, saun\u0119 i \u0142a\u017ani\u0119 tureck\u0105 dla prawdziwej jako\u015bci \u017cycia, podczas gdy Marbella, Puerto Ban\u00fas, Estepona i pla\u017ca znajduj\u0105 si\u0119 w odleg\u0142o\u015bci kr\u00f3tkiej przeja\u017cd\u017cki samochodem.<\/p>\n<p>&nbsp;<\/p>\n<ul>\n<li>Liczba apartament\u00f3w: 88<\/li>\n<li>Ceny wywo\u0142awcze: apartament z 2-3 sypialniami od 808 500 EUR*<\/li>\n<li>Odleg\u0142o\u015b\u0107 od pla\u017cy: 3 km<\/li>\n<li>Dostawa: IV kwarta\u0142 2026 r.<\/li>\n<li>Odleg\u0142o\u015b\u0107 od lotniska w Maladze: 71 km<\/li>\n<li>Dodatki:\n<ul>\n<li>odkryty i kryty basen<\/li>\n<li>si\u0142ownia<\/li>\n<li>spa<\/li>\n<li>Biuro Wsp\u00f3lnoty<\/li>\n<li>kuchnia spo\u0142eczna<\/li>\n<li>plac zabaw<\/li>\n<\/ul>\n<\/li>\n<\/ul>\n<p>&nbsp;<\/p>\n<p>Lokalizacja:<\/p>\n<p><img fetchpriority=\"high\" decoding=\"async\" class=\"alignnone size-medium wp-image-1740\" src=\"https:\/\/livingmarbella.hu\/wp-content\/uploads\/2024\/07\/NR4t-300x174.webp\" alt=\"\" width=\"300\" height=\"174\" srcset=\"https:\/\/livingmarbella.hu\/wp-content\/uploads\/2024\/07\/NR4t-300x174.webp 300w, https:\/\/livingmarbella.hu\/wp-content\/uploads\/2024\/07\/NR4t-1024x595.webp 1024w, https:\/\/livingmarbella.hu\/wp-content\/uploads\/2024\/07\/NR4t-768x447.webp 768w, https:\/\/livingmarbella.hu\/wp-content\/uploads\/2024\/07\/NR4t.webp 1240w\" sizes=\"(max-width: 300px) 100vw, 300px\" \/><\/p>","protected":false},"excerpt":{"rendered":"<p>A telep\u00fcl\u00e9s neve El Para\u00edso, azaz a Paradicsom, nem v\u00e9letlen\u00fcl. Marbella \u00e9s Estepona k\u00f6z\u00f6tt, az \u00fagynevezett Arany H\u00e1romsz\u00f6gben tal\u00e1lhat\u00f3 ez a luxus min\u0151s\u00e9g\u0171, k\u00f6rnyezetbar\u00e1t komplexum, ahol minden r\u00e9szletre figyeltek. Csup\u00e1n 88 lak\u00e1s\u00e1val meglehet\u0151sen meghitt, mik\u00f6zben minden k\u00e9nyelmet biztos\u00edt: 40m\u00e9ter hossz\u00fa k\u00fclt\u00e9ri medence, geotermikusan f\u0171t\u00f6tt belt\u00e9ri medence, edz\u0151terem, szauna \u00e9s t\u00f6r\u00f6kf\u00fcrd\u0151 biztos\u00edtja az igazi min\u0151s\u00e9gi \u00e9letet, [&hellip;]<\/p>","protected":false},"author":2,"featured_media":1739,"parent":0,"menu_order":0,"template":"","rem_property_cat":[],"class_list":["post-1726","rem_property","type-rem_property","status-publish","has-post-thumbnail","hentry","grve-entry-item"],"_links":{"self":[{"href":"https:\/\/livingmarbella.hu\/pl\/wp-json\/wp\/v2\/properties\/1726","targetHints":{"allow":["GET"]}}],"collection":[{"href":"https:\/\/livingmarbella.hu\/pl\/wp-json\/wp\/v2\/properties"}],"about":[{"href":"https:\/\/livingmarbella.hu\/pl\/wp-json\/wp\/v2\/types\/rem_property"}],"author":[{"embeddable":true,"href":"https:\/\/livingmarbella.hu\/pl\/wp-json\/wp\/v2\/users\/2"}],"wp:featuredmedia":[{"embeddable":true,"href":"https:\/\/livingmarbella.hu\/pl\/wp-json\/wp\/v2\/media\/1739"}],"wp:attachment":[{"href":"https:\/\/livingmarbella.hu\/pl\/wp-json\/wp\/v2\/media?parent=1726"}],"wp:term":[{"taxonomy":"rem_property_cat","embeddable":true,"href":"https:\/\/livingmarbella.hu\/pl\/wp-json\/wp\/v2\/rem_property_cat?post=1726"}],"curies":[{"name":"wp","href":"https:\/\/api.w.org\/{rel}","templated":true}]}}

<p>Nazwa El Paraíso, oznaczająca raj, nie jest przypadkowa. Położony między Marbellą i Esteponą, w tak zwanym Złotym Trójkącie, ten luksusowy, ekologiczny kompleks został zaprojektowany z dbałością o szczegóły. Z zaledwie 88 apartamentami jest dość kameralny, oferując jednocześnie wszystkie udogodnienia: 40-metrowy odkryty basen, ogrzewany geotermalnie kryty basen, siłownię, saunę i łaźnię turecką dla prawdziwej jakości życia, podczas gdy Marbella, Puerto Banús, Estepona i plaża znajdują się w odległości krótkiej przejażdżki samochodem.</p>
<p>&nbsp;</p>
<ul>
<li>Liczba apartamentów: 88</li>
<li>Ceny wywoławcze: apartament z 2-3 sypialniami od 808 500 EUR*</li>
<li>Odległość od plaży: 3 km</li>
<li>Dostawa: IV kwartał 2026 r.</li>
<li>Odległość od lotniska w Maladze: 71 km</li>
<li>Dodatki:
<ul>
<li>odkryty i kryty basen</li>
<li>siłownia</li>
<li>spa</li>
<li>Biuro Wspólnoty</li>
<li>kuchnia społeczna</li>
<li>plac zabaw</li>
</ul>
</li>
</ul>
<p>&nbsp;</p>
<p>Lokalizacja:</p>
<p><img fetchpriority="high" decoding="async" class="alignnone size-medium wp-image-1740" src="https://livingmarbella.hu/wp-content/uploads/2024/07/NR4t-300x174.webp" alt="" width="300" height="174" srcset="https://livingmarbella.hu/wp-content/uploads/2024/07/NR4t-300x174.webp 300w, https://livingmarbella.hu/wp-content/uploads/2024/07/NR4t-1024x595.webp 1024w, https://livingmarbella.hu/wp-content/uploads/2024/07/NR4t-768x447.webp 768w, https://livingmarbella.hu/wp-content/uploads/2024/07/NR4t.webp 1240w" sizes="(max-width: 300px) 100vw, 300px" /></p>

<p>A település neve El Paraíso, azaz a Paradicsom, nem véletlenül. Marbella és Estepona között, az úgynevezett Arany Háromszögben található ez a luxus minőségű, környezetbarát komplexum, ahol minden részletre figyeltek. Csupán 88 lakásával meglehetősen meghitt, miközben minden kényelmet biztosít: 40méter hosszú kültéri medence, geotermikusan fűtött beltéri medence, edzőterem, szauna és törökfürdő biztosítja az igazi minőségi életet, [&hellip;]</p>
