{"id":1710,"date":"2024-07-30T09:07:58","date_gmt":"2024-07-30T09:07:58","guid":{"rendered":"https:\/\/livingmarbella.hu\/?post_type=rem_property&#038;p=1710"},"modified":"2025-08-13T14:17:09","modified_gmt":"2025-08-13T14:17:09","slug":"me4","status":"publish","type":"rem_property","link":"https:\/\/livingmarbella.hu\/pl\/wlasnosc\/me4\/","title":{"rendered":"ME4"},"content":{"rendered":"<p>Ten projekt to wspania\u0142e po\u0142\u0105czenie podmiejskiego spokoju, hotelowego komfortu oraz morskiej panoramy. Kompleks powstaje na zboczu wzg\u00f3rza, zaledwie 800 metr\u00f3w od starego miasta Estepony, a komfort mieszka\u0144c\u00f3w zapewniaj\u0105 nie tylko wysokiej jako\u015bci materia\u0142y, lecz tak\u017ce baseny, boiska sportowe, sklepy i restauracje. Je\u015bli nie chc\u0105 Pa\u0144stwo wychodzi\u0107, nie ma takiej potrzeby, a je\u015bli jednak si\u0119 na to zdecyduj\u0105, pi\u0119kne miasto Estepona, jego us\u0142ugi oraz 20-kilometrowa nadmorska promenada s\u0105 dost\u0119pne w ci\u0105gu kilku minut.<\/p>\n<p>&nbsp;<\/p>\n<ul>\n<li>Liczba apartament\u00f3w: 78<\/li>\n<li>Ceny wywo\u0142awcze: apartament z 2-4 sypialniami od 844 140 EUR*<\/li>\n<li>Odleg\u0142o\u015b\u0107 od pla\u017cy: 2,5 km<\/li>\n<li>Dostawa: III kwarta\u0142 2026 r.<\/li>\n<li>Odleg\u0142o\u015b\u0107 od lotniska w Maladze: 83 km<\/li>\n<li>Dodatki:\n<ul>\n<li>wi\u0119cej basen\u00f3w<\/li>\n<li>si\u0142ownia<\/li>\n<li>padel p\u00e1ly\u00e1k<\/li>\n<li>\u00e9tterem<\/li>\n<li>pasek<\/li>\n<li>us\u0142ugi na terenie osiedla<\/li>\n<\/ul>\n<\/li>\n<\/ul>\n<p>&nbsp;<\/p>\n<p>Lokalizacja:<\/p>\n<p><img fetchpriority=\"high\" decoding=\"async\" class=\"alignnone size-medium wp-image-2026\" src=\"https:\/\/livingmarbella.hu\/wp-content\/uploads\/2024\/10\/ME4t-300x213.webp\" alt=\"\" width=\"300\" height=\"213\" srcset=\"https:\/\/livingmarbella.hu\/wp-content\/uploads\/2024\/10\/ME4t-300x213.webp 300w, https:\/\/livingmarbella.hu\/wp-content\/uploads\/2024\/10\/ME4t-1024x727.webp 1024w, https:\/\/livingmarbella.hu\/wp-content\/uploads\/2024\/10\/ME4t-768x545.webp 768w, https:\/\/livingmarbella.hu\/wp-content\/uploads\/2024\/10\/ME4t.webp 1080w\" sizes=\"(max-width: 300px) 100vw, 300px\" \/><\/p>","protected":false},"excerpt":{"rendered":"<p>A k\u00fclv\u00e1rosi nyugalom, a sz\u00e1llodai k\u00e9nyelem \u00e9s a tengeri panor\u00e1ma csod\u00e1latos egy\u00fctt \u00e1ll\u00e1sa ez a projekt. Estepona \u00f3v\u00e1ros\u00e1t\u00f3l mind\u00f6ssze 800 m\u00e9terre, a hegyoldalban \u00e9p\u00fcl ez a komplexum, ahol a lak\u00f3k k\u00e9nyelm\u00e9t a min\u0151s\u00e9gi anyagokon fel\u00fcl medenc\u00e9k, sportp\u00e1ly\u00e1k, \u00fczletek \u00e9s \u00e9ttermek biztos\u00edtj\u00e1k. Ha nem szeretne, nem is kell kimozdulnia, ha pedig m\u00e9gis, Estepona csod\u00e1s v\u00e1rosa, a [&hellip;]<\/p>","protected":false},"author":2,"featured_media":1715,"parent":0,"menu_order":0,"template":"","rem_property_cat":[],"class_list":["post-1710","rem_property","type-rem_property","status-publish","has-post-thumbnail","hentry","grve-entry-item"],"_links":{"self":[{"href":"https:\/\/livingmarbella.hu\/pl\/wp-json\/wp\/v2\/properties\/1710","targetHints":{"allow":["GET"]}}],"collection":[{"href":"https:\/\/livingmarbella.hu\/pl\/wp-json\/wp\/v2\/properties"}],"about":[{"href":"https:\/\/livingmarbella.hu\/pl\/wp-json\/wp\/v2\/types\/rem_property"}],"author":[{"embeddable":true,"href":"https:\/\/livingmarbella.hu\/pl\/wp-json\/wp\/v2\/users\/2"}],"wp:featuredmedia":[{"embeddable":true,"href":"https:\/\/livingmarbella.hu\/pl\/wp-json\/wp\/v2\/media\/1715"}],"wp:attachment":[{"href":"https:\/\/livingmarbella.hu\/pl\/wp-json\/wp\/v2\/media?parent=1710"}],"wp:term":[{"taxonomy":"rem_property_cat","embeddable":true,"href":"https:\/\/livingmarbella.hu\/pl\/wp-json\/wp\/v2\/rem_property_cat?post=1710"}],"curies":[{"name":"wp","href":"https:\/\/api.w.org\/{rel}","templated":true}]}}

<p>Ten projekt to wspaniałe połączenie podmiejskiego spokoju, hotelowego komfortu oraz morskiej panoramy. Kompleks powstaje na zboczu wzgórza, zaledwie 800 metrów od starego miasta Estepony, a komfort mieszkańców zapewniają nie tylko wysokiej jakości materiały, lecz także baseny, boiska sportowe, sklepy i restauracje. Jeśli nie chcą Państwo wychodzić, nie ma takiej potrzeby, a jeśli jednak się na to zdecydują, piękne miasto Estepona, jego usługi oraz 20-kilometrowa nadmorska promenada są dostępne w ciągu kilku minut.</p>
<p>&nbsp;</p>
<ul>
<li>Liczba apartamentów: 78</li>
<li>Ceny wywoławcze: apartament z 2-4 sypialniami od 844 140 EUR*</li>
<li>Odległość od plaży: 2,5 km</li>
<li>Dostawa: III kwartał 2026 r.</li>
<li>Odległość od lotniska w Maladze: 83 km</li>
<li>Dodatki:
<ul>
<li>więcej basenów</li>
<li>siłownia</li>
<li>padel pályák</li>
<li>étterem</li>
<li>pasek</li>
<li>usługi na terenie osiedla</li>
</ul>
</li>
</ul>
<p>&nbsp;</p>
<p>Lokalizacja:</p>
<p><img fetchpriority="high" decoding="async" class="alignnone size-medium wp-image-2026" src="https://livingmarbella.hu/wp-content/uploads/2024/10/ME4t-300x213.webp" alt="" width="300" height="213" srcset="https://livingmarbella.hu/wp-content/uploads/2024/10/ME4t-300x213.webp 300w, https://livingmarbella.hu/wp-content/uploads/2024/10/ME4t-1024x727.webp 1024w, https://livingmarbella.hu/wp-content/uploads/2024/10/ME4t-768x545.webp 768w, https://livingmarbella.hu/wp-content/uploads/2024/10/ME4t.webp 1080w" sizes="(max-width: 300px) 100vw, 300px" /></p>

<p>A külvárosi nyugalom, a szállodai kényelem és a tengeri panoráma csodálatos együtt állása ez a projekt. Estepona óvárosától mindössze 800 méterre, a hegyoldalban épül ez a komplexum, ahol a lakók kényelmét a minőségi anyagokon felül medencék, sportpályák, üzletek és éttermek biztosítják. Ha nem szeretne, nem is kell kimozdulnia, ha pedig mégis, Estepona csodás városa, a [&hellip;]</p>
