{"id":1696,"date":"2024-07-30T08:56:12","date_gmt":"2024-07-30T08:56:12","guid":{"rendered":"https:\/\/livingmarbella.hu\/?post_type=rem_property&#038;p=1696"},"modified":"2025-08-13T14:23:28","modified_gmt":"2025-08-13T14:23:28","slug":"ms4","status":"publish","type":"rem_property","link":"https:\/\/livingmarbella.hu\/pl\/wlasnosc\/ms4\/","title":{"rendered":"MS4"},"content":{"rendered":"<p>Prosz\u0119 cieszy\u0107 si\u0119 idealnym spokojem oraz 300-stopniow\u0105 panoram\u0105 na zboczu wzg\u00f3rza, poni\u017cej miejscowo\u015bci Mijas, w tym kompleksie sk\u0142adaj\u0105cym si\u0119 z zaledwie 50 apartament\u00f3w. Apartamenty z ekspozycj\u0105 po\u0142udniowo-zachodni\u0105 i widokiem na morze zosta\u0142y zaprojektowane tak, aby wtapia\u0142y si\u0119 w otaczaj\u0105c\u0105 je natur\u0119, a jednocze\u015bnie architekci zadbali o zachowanie jak najwi\u0119kszej intymno\u015bci mieszka\u0144, dlatego w wielu miejscach budynki urozmaicone s\u0105 wisz\u0105cymi ogrodami. Pe\u0142en komfort mieszka\u0144c\u00f3w zapewniaj\u0105 basen dla dzieci i doros\u0142ych, sauna, \u0142a\u017ania turecka oraz si\u0142ownia, a miasto Fuengirola, restauracje i inne us\u0142ugi znajduj\u0105 si\u0119 w odleg\u0142o\u015bci zaledwie 10 minut jazdy samochodem.<\/p>\n<p>&nbsp;<\/p>\n<ul>\n<li>Liczba apartament\u00f3w: 50<\/li>\n<li>Ceny wywo\u0142awcze: apartament z 2-3 sypialniami od 484 000 EUR*<\/li>\n<li>Odleg\u0142o\u015b\u0107 od pla\u017cy: 6 km<\/li>\n<li>Dostawa: 1. kwarta\u0142 2026 r.<\/li>\n<li>Odleg\u0142o\u015b\u0107 od lotniska w Maladze: 26 km<\/li>\n<li>Dodatki:\n<ul>\n<li>basen dla doros\u0142ych i dzieci<\/li>\n<li>si\u0142ownia<\/li>\n<li>sauna<\/li>\n<li>\u0142a\u017ania turecka<\/li>\n<li>panorama morska<\/li>\n<\/ul>\n<\/li>\n<\/ul>\n<p>&nbsp;<\/p>\n<p>Lokalizacja:<\/p>\n<p><img fetchpriority=\"high\" decoding=\"async\" class=\"alignnone size-medium wp-image-1709\" src=\"https:\/\/livingmarbella.hu\/wp-content\/uploads\/2024\/07\/MS4t-300x180.webp\" alt=\"\" width=\"300\" height=\"180\" srcset=\"https:\/\/livingmarbella.hu\/wp-content\/uploads\/2024\/07\/MS4t-300x180.webp 300w, https:\/\/livingmarbella.hu\/wp-content\/uploads\/2024\/07\/MS4t-1024x613.webp 1024w, https:\/\/livingmarbella.hu\/wp-content\/uploads\/2024\/07\/MS4t-768x460.webp 768w, https:\/\/livingmarbella.hu\/wp-content\/uploads\/2024\/07\/MS4t.webp 1272w\" sizes=\"(max-width: 300px) 100vw, 300px\" \/><\/p>","protected":false},"excerpt":{"rendered":"<p>\u00c9lvezze a t\u00f6k\u00e9letes nyugalmat \u00e9s a 300 fokos panor\u00e1m\u00e1t a hegyoldalban, Mijas telep\u00fcl\u00e9se alatt ebben a mind\u00f6ssze 50 lak\u00e1sos komplexumban. A d\u00e9lnyugati fekv\u00e9s\u0171, tengeri panor\u00e1m\u00e1s lak\u00e1sok \u00fagy \u00e9p\u00fcltek, hogy egybeolvadjanak az \u0151ket k\u00f6r\u00fcl\u00f6lel\u0151 term\u00e9szettel, de az \u00e9p\u00edt\u00e9szek figyeltek arra is, hogy a lak\u00e1sok intimit\u00e1sa min\u00e9l ink\u00e1bb megmaradjon, \u00edgy t\u00f6bb helyen f\u00fcgg\u0151kertek sz\u00ednes\u00edtik az \u00e9p\u00fcleteket. A [&hellip;]<\/p>","protected":false},"author":2,"featured_media":1705,"parent":0,"menu_order":0,"template":"","rem_property_cat":[],"class_list":["post-1696","rem_property","type-rem_property","status-publish","has-post-thumbnail","hentry","grve-entry-item"],"_links":{"self":[{"href":"https:\/\/livingmarbella.hu\/pl\/wp-json\/wp\/v2\/properties\/1696","targetHints":{"allow":["GET"]}}],"collection":[{"href":"https:\/\/livingmarbella.hu\/pl\/wp-json\/wp\/v2\/properties"}],"about":[{"href":"https:\/\/livingmarbella.hu\/pl\/wp-json\/wp\/v2\/types\/rem_property"}],"author":[{"embeddable":true,"href":"https:\/\/livingmarbella.hu\/pl\/wp-json\/wp\/v2\/users\/2"}],"wp:featuredmedia":[{"embeddable":true,"href":"https:\/\/livingmarbella.hu\/pl\/wp-json\/wp\/v2\/media\/1705"}],"wp:attachment":[{"href":"https:\/\/livingmarbella.hu\/pl\/wp-json\/wp\/v2\/media?parent=1696"}],"wp:term":[{"taxonomy":"rem_property_cat","embeddable":true,"href":"https:\/\/livingmarbella.hu\/pl\/wp-json\/wp\/v2\/rem_property_cat?post=1696"}],"curies":[{"name":"wp","href":"https:\/\/api.w.org\/{rel}","templated":true}]}}

<p>Proszę cieszyć się idealnym spokojem oraz 300-stopniową panoramą na zboczu wzgórza, poniżej miejscowości Mijas, w tym kompleksie składającym się z zaledwie 50 apartamentów. Apartamenty z ekspozycją południowo-zachodnią i widokiem na morze zostały zaprojektowane tak, aby wtapiały się w otaczającą je naturę, a jednocześnie architekci zadbali o zachowanie jak największej intymności mieszkań, dlatego w wielu miejscach budynki urozmaicone są wiszącymi ogrodami. Pełen komfort mieszkańców zapewniają basen dla dzieci i dorosłych, sauna, łaźnia turecka oraz siłownia, a miasto Fuengirola, restauracje i inne usługi znajdują się w odległości zaledwie 10 minut jazdy samochodem.</p>
<p>&nbsp;</p>
<ul>
<li>Liczba apartamentów: 50</li>
<li>Ceny wywoławcze: apartament z 2-3 sypialniami od 484 000 EUR*</li>
<li>Odległość od plaży: 6 km</li>
<li>Dostawa: 1. kwartał 2026 r.</li>
<li>Odległość od lotniska w Maladze: 26 km</li>
<li>Dodatki:
<ul>
<li>basen dla dorosłych i dzieci</li>
<li>siłownia</li>
<li>sauna</li>
<li>łaźnia turecka</li>
<li>panorama morska</li>
</ul>
</li>
</ul>
<p>&nbsp;</p>
<p>Lokalizacja:</p>
<p><img fetchpriority="high" decoding="async" class="alignnone size-medium wp-image-1709" src="https://livingmarbella.hu/wp-content/uploads/2024/07/MS4t-300x180.webp" alt="" width="300" height="180" srcset="https://livingmarbella.hu/wp-content/uploads/2024/07/MS4t-300x180.webp 300w, https://livingmarbella.hu/wp-content/uploads/2024/07/MS4t-1024x613.webp 1024w, https://livingmarbella.hu/wp-content/uploads/2024/07/MS4t-768x460.webp 768w, https://livingmarbella.hu/wp-content/uploads/2024/07/MS4t.webp 1272w" sizes="(max-width: 300px) 100vw, 300px" /></p>

<p>Élvezze a tökéletes nyugalmat és a 300 fokos panorámát a hegyoldalban, Mijas települése alatt ebben a mindössze 50 lakásos komplexumban. A délnyugati fekvésű, tengeri panorámás lakások úgy épültek, hogy egybeolvadjanak az őket körülölelő természettel, de az építészek figyeltek arra is, hogy a lakások intimitása minél inkább megmaradjon, így több helyen függőkertek színesítik az épületeket. A [&hellip;]</p>
