{"id":1655,"date":"2024-07-29T11:30:52","date_gmt":"2024-07-29T11:30:52","guid":{"rendered":"https:\/\/livingmarbella.hu\/?post_type=rem_property&#038;p=1655"},"modified":"2025-08-13T14:15:51","modified_gmt":"2025-08-13T14:15:51","slug":"m3","status":"publish","type":"rem_property","link":"https:\/\/livingmarbella.hu\/pl\/wlasnosc\/m3\/","title":{"rendered":"M3"},"content":{"rendered":"<p>Kiedy m\u00f3wi si\u0119, \u017ce lokalizacja jest najwa\u017cniejsza, to prawda. Ten projekt znajduje si\u0119 w San Pedro de Alc\u00e1ntara, 5 minut od Puerto Ban\u00fas, 10 minut od Marbelli i zaledwie 2 minuty od pla\u017cy. Obejmuje apartamenty z 2 i 3 sypialniami oraz penthouse\u2019y z 4 sypialniami, wszystkie zaprojektowane z my\u015bl\u0105 o maksymalnym komforcie i efektywno\u015bci energetycznej, z wykorzystaniem materia\u0142\u00f3w wysokiej jako\u015bci. Apartamenty charakteryzuj\u0105 si\u0119 du\u017cymi oknami, przestronnymi wn\u0119trzami oraz tarasami, co pozwala w pe\u0142ni korzysta\u0107 z 320 s\u0142onecznych dni w roku i \u015br\u00f3dziemnomorskiego stylu \u017cycia.<\/p>\n<p>&nbsp;<\/p>\n<ul>\n<li>Liczba apartament\u00f3w: 91<\/li>\n<li>Ceny wywo\u0142awcze: apartament z 3-4 sypialniami od 792 000 EUR*<\/li>\n<li>Odleg\u0142o\u015b\u0107 od pla\u017cy: 1 km<\/li>\n<li>Dostawa: 2. kwarta\u0142 2025 r.<\/li>\n<li>Odleg\u0142o\u015b\u0107 od lotniska w Maladze: 65 km<\/li>\n<li>Dodatki:\n<ul>\n<li>w pobli\u017cu wody<\/li>\n<li>basen<\/li>\n<li>centralna lokalizacja<\/li>\n<\/ul>\n<\/li>\n<\/ul>\n<p>&nbsp;<\/p>\n<p>Lokalizacja:<\/p>\n<p><img fetchpriority=\"high\" decoding=\"async\" class=\"alignnone size-medium wp-image-1671\" src=\"https:\/\/livingmarbella.hu\/wp-content\/uploads\/2024\/07\/M3t-300x180.webp\" alt=\"\" width=\"300\" height=\"180\" srcset=\"https:\/\/livingmarbella.hu\/wp-content\/uploads\/2024\/07\/M3t-300x180.webp 300w, https:\/\/livingmarbella.hu\/wp-content\/uploads\/2024\/07\/M3t-1024x614.webp 1024w, https:\/\/livingmarbella.hu\/wp-content\/uploads\/2024\/07\/M3t-768x460.webp 768w, https:\/\/livingmarbella.hu\/wp-content\/uploads\/2024\/07\/M3t.webp 1293w\" sizes=\"(max-width: 300px) 100vw, 300px\" \/><\/p>","protected":false},"excerpt":{"rendered":"<p>Amikor azt mondj\u00e1k, a lok\u00e1ci\u00f3 a legfontosabb, igazuk van! Ez a projekt San Pedro de Alcantar\u00e1ban tal\u00e1lhat\u00f3, 5 percre Puerto Ban\u00fast\u00f3l, 10 percre Marbell\u00e1t\u00f3l \u00e9s mind\u00f6ssze 2 percre a tengerpartt\u00f3l. 2 \u00e9s 3 h\u00e1l\u00f3szob\u00e1s lak\u00e1sokat, valamint 4 h\u00e1l\u00f3szob\u00e1s penthouse-okat foglal mag\u00e1ba, melyeket mind a maxim\u00e1lis k\u00e9nyelem \u00e9s energiahat\u00e9konys\u00e1g jegy\u00e9ben terveztek, kiv\u00e1l\u00f3 min\u0151s\u00e9g\u0171 anyagok felhaszn\u00e1l\u00e1s\u00e1val. Hatalmas [&hellip;]<\/p>","protected":false},"author":2,"featured_media":1669,"parent":0,"menu_order":0,"template":"","rem_property_cat":[],"class_list":["post-1655","rem_property","type-rem_property","status-publish","has-post-thumbnail","hentry","grve-entry-item"],"_links":{"self":[{"href":"https:\/\/livingmarbella.hu\/pl\/wp-json\/wp\/v2\/properties\/1655","targetHints":{"allow":["GET"]}}],"collection":[{"href":"https:\/\/livingmarbella.hu\/pl\/wp-json\/wp\/v2\/properties"}],"about":[{"href":"https:\/\/livingmarbella.hu\/pl\/wp-json\/wp\/v2\/types\/rem_property"}],"author":[{"embeddable":true,"href":"https:\/\/livingmarbella.hu\/pl\/wp-json\/wp\/v2\/users\/2"}],"wp:featuredmedia":[{"embeddable":true,"href":"https:\/\/livingmarbella.hu\/pl\/wp-json\/wp\/v2\/media\/1669"}],"wp:attachment":[{"href":"https:\/\/livingmarbella.hu\/pl\/wp-json\/wp\/v2\/media?parent=1655"}],"wp:term":[{"taxonomy":"rem_property_cat","embeddable":true,"href":"https:\/\/livingmarbella.hu\/pl\/wp-json\/wp\/v2\/rem_property_cat?post=1655"}],"curies":[{"name":"wp","href":"https:\/\/api.w.org\/{rel}","templated":true}]}}

<p>Kiedy mówi się, że lokalizacja jest najważniejsza, to prawda. Ten projekt znajduje się w San Pedro de Alcántara, 5 minut od Puerto Banús, 10 minut od Marbelli i zaledwie 2 minuty od plaży. Obejmuje apartamenty z 2 i 3 sypialniami oraz penthouse’y z 4 sypialniami, wszystkie zaprojektowane z myślą o maksymalnym komforcie i efektywności energetycznej, z wykorzystaniem materiałów wysokiej jakości. Apartamenty charakteryzują się dużymi oknami, przestronnymi wnętrzami oraz tarasami, co pozwala w pełni korzystać z 320 słonecznych dni w roku i śródziemnomorskiego stylu życia.</p>
<p>&nbsp;</p>
<ul>
<li>Liczba apartamentów: 91</li>
<li>Ceny wywoławcze: apartament z 3-4 sypialniami od 792 000 EUR*</li>
<li>Odległość od plaży: 1 km</li>
<li>Dostawa: 2. kwartał 2025 r.</li>
<li>Odległość od lotniska w Maladze: 65 km</li>
<li>Dodatki:
<ul>
<li>w pobliżu wody</li>
<li>basen</li>
<li>centralna lokalizacja</li>
</ul>
</li>
</ul>
<p>&nbsp;</p>
<p>Lokalizacja:</p>
<p><img fetchpriority="high" decoding="async" class="alignnone size-medium wp-image-1671" src="https://livingmarbella.hu/wp-content/uploads/2024/07/M3t-300x180.webp" alt="" width="300" height="180" srcset="https://livingmarbella.hu/wp-content/uploads/2024/07/M3t-300x180.webp 300w, https://livingmarbella.hu/wp-content/uploads/2024/07/M3t-1024x614.webp 1024w, https://livingmarbella.hu/wp-content/uploads/2024/07/M3t-768x460.webp 768w, https://livingmarbella.hu/wp-content/uploads/2024/07/M3t.webp 1293w" sizes="(max-width: 300px) 100vw, 300px" /></p>

<p>Amikor azt mondják, a lokáció a legfontosabb, igazuk van! Ez a projekt San Pedro de Alcantarában található, 5 percre Puerto Banústól, 10 percre Marbellától és mindössze 2 percre a tengerparttól. 2 és 3 hálószobás lakásokat, valamint 4 hálószobás penthouse-okat foglal magába, melyeket mind a maximális kényelem és energiahatékonyság jegyében terveztek, kiváló minőségű anyagok felhasználásával. Hatalmas [&hellip;]</p>
