{"id":1643,"date":"2024-07-29T11:22:55","date_gmt":"2024-07-29T11:22:55","guid":{"rendered":"https:\/\/livingmarbella.hu\/?post_type=rem_property&#038;p=1643"},"modified":"2025-08-13T14:21:18","modified_gmt":"2025-08-13T14:21:18","slug":"mr","status":"publish","type":"rem_property","link":"https:\/\/livingmarbella.hu\/pl\/wlasnosc\/mr\/","title":{"rendered":"MR4"},"content":{"rendered":"<p>Prosz\u0119 sobie wyobrazi\u0107, \u017ce przylatuj\u0105 Pa\u0144stwo na lotnisko i ju\u017c po 15 minutach mog\u0105 podziwia\u0107 widok na morze ze swojego komfortowego apartamentu. Podoba si\u0119 Pa\u0144stwu ta my\u015bl? Jest to projekt obejmuj\u0105cy 49 apartament\u00f3w oraz 2 domy szeregowe, po\u0142o\u017cony w malowniczej cz\u0119\u015bci Benalm\u00e1deny, zaledwie 15 km od Malagi. Jego wyj\u0105tkowo\u015b\u0107 polega na tym, \u017ce dzi\u0119ki usytuowaniu dzia\u0142ki z ka\u017cdego apartamentu, a tak\u017ce z basenu, roztacza si\u0119 zachwycaj\u0105ca panorama miasta i Morza \u015ar\u00f3dziemnego. Dzi\u0119ki po\u0142o\u017ceniu na zboczu zaprojektowano przestronne tarasy, a du\u017ce przeszklenia zapewniaj\u0105 wyj\u0105tkowe do\u015bwietlenie wn\u0119trz mieszka\u0144.<\/p>\n<p>&nbsp;<\/p>\n<ul>\n<li>Liczba apartament\u00f3w: 51<\/li>\n<li>Ceny wywo\u0142awcze: apartament z 2-3 sypialniami od 507 100 EUR*<\/li>\n<li>Odleg\u0142o\u015b\u0107 od pla\u017cy: 3,5 km<\/li>\n<li>Dostawa: III kwarta\u0142 2025 r.<\/li>\n<li>Odleg\u0142o\u015b\u0107 od lotniska w Maladze: 15 km<\/li>\n<li>Dodatki:\n<ul>\n<li>basen<\/li>\n<li>si\u0142ownia<\/li>\n<li>panorama morska<\/li>\n<\/ul>\n<\/li>\n<\/ul>\n<p>&nbsp;<\/p>\n<p>Lokalizacja:<\/p>\n<p><img fetchpriority=\"high\" decoding=\"async\" class=\"alignnone size-medium wp-image-1654\" src=\"https:\/\/livingmarbella.hu\/wp-content\/uploads\/2024\/07\/MR-300x180.webp\" alt=\"\" width=\"300\" height=\"180\" srcset=\"https:\/\/livingmarbella.hu\/wp-content\/uploads\/2024\/07\/MR-300x180.webp 300w, https:\/\/livingmarbella.hu\/wp-content\/uploads\/2024\/07\/MR-1024x613.webp 1024w, https:\/\/livingmarbella.hu\/wp-content\/uploads\/2024\/07\/MR-768x460.webp 768w, https:\/\/livingmarbella.hu\/wp-content\/uploads\/2024\/07\/MR.webp 1272w\" sizes=\"(max-width: 300px) 100vw, 300px\" \/><\/p>","protected":false},"excerpt":{"rendered":"<p>K\u00e9pzelje el, hogy meg\u00e9rkezik a rept\u00e9rre \u00e9s m\u00e1r 15perc alatt a k\u00e9nyelmes lak\u00e1s\u00e1b\u00f3l n\u00e9zheti a tengert! Tetszik a gondolat? Ez egy 49 lak\u00e1sb\u00f3l \u00e9s 2 sorh\u00e1zb\u00f3l \u00e1ll\u00f3 projekt Benalmadena fest\u0151i r\u00e9sz\u00e9n, Malag\u00e1t\u00f3l mind\u00f6ssze 15 km-re. K\u00fcl\u00f6nlegess\u00e9ge, hogy a telek fekv\u00e9s\u00e9nek k\u00f6sz\u00f6nhet\u0151en minden lak\u00e1sb\u00f3l \u00e9s a medenc\u00e9b\u0151l is leny\u0171g\u00f6z\u0151 panor\u00e1ma ny\u00edlik a v\u00e1rosra \u00e9s a F\u00f6ldk\u00f6zi-tengerre. [&hellip;]<\/p>","protected":false},"author":2,"featured_media":1653,"parent":0,"menu_order":0,"template":"","rem_property_cat":[],"class_list":["post-1643","rem_property","type-rem_property","status-publish","has-post-thumbnail","hentry","grve-entry-item"],"_links":{"self":[{"href":"https:\/\/livingmarbella.hu\/pl\/wp-json\/wp\/v2\/properties\/1643","targetHints":{"allow":["GET"]}}],"collection":[{"href":"https:\/\/livingmarbella.hu\/pl\/wp-json\/wp\/v2\/properties"}],"about":[{"href":"https:\/\/livingmarbella.hu\/pl\/wp-json\/wp\/v2\/types\/rem_property"}],"author":[{"embeddable":true,"href":"https:\/\/livingmarbella.hu\/pl\/wp-json\/wp\/v2\/users\/2"}],"wp:featuredmedia":[{"embeddable":true,"href":"https:\/\/livingmarbella.hu\/pl\/wp-json\/wp\/v2\/media\/1653"}],"wp:attachment":[{"href":"https:\/\/livingmarbella.hu\/pl\/wp-json\/wp\/v2\/media?parent=1643"}],"wp:term":[{"taxonomy":"rem_property_cat","embeddable":true,"href":"https:\/\/livingmarbella.hu\/pl\/wp-json\/wp\/v2\/rem_property_cat?post=1643"}],"curies":[{"name":"wp","href":"https:\/\/api.w.org\/{rel}","templated":true}]}}

<p>Proszę sobie wyobrazić, że przylatują Państwo na lotnisko i już po 15 minutach mogą podziwiać widok na morze ze swojego komfortowego apartamentu. Podoba się Państwu ta myśl? Jest to projekt obejmujący 49 apartamentów oraz 2 domy szeregowe, położony w malowniczej części Benalmádeny, zaledwie 15 km od Malagi. Jego wyjątkowość polega na tym, że dzięki usytuowaniu działki z każdego apartamentu, a także z basenu, roztacza się zachwycająca panorama miasta i Morza Śródziemnego. Dzięki położeniu na zboczu zaprojektowano przestronne tarasy, a duże przeszklenia zapewniają wyjątkowe doświetlenie wnętrz mieszkań.</p>
<p>&nbsp;</p>
<ul>
<li>Liczba apartamentów: 51</li>
<li>Ceny wywoławcze: apartament z 2-3 sypialniami od 507 100 EUR*</li>
<li>Odległość od plaży: 3,5 km</li>
<li>Dostawa: III kwartał 2025 r.</li>
<li>Odległość od lotniska w Maladze: 15 km</li>
<li>Dodatki:
<ul>
<li>basen</li>
<li>siłownia</li>
<li>panorama morska</li>
</ul>
</li>
</ul>
<p>&nbsp;</p>
<p>Lokalizacja:</p>
<p><img fetchpriority="high" decoding="async" class="alignnone size-medium wp-image-1654" src="https://livingmarbella.hu/wp-content/uploads/2024/07/MR-300x180.webp" alt="" width="300" height="180" srcset="https://livingmarbella.hu/wp-content/uploads/2024/07/MR-300x180.webp 300w, https://livingmarbella.hu/wp-content/uploads/2024/07/MR-1024x613.webp 1024w, https://livingmarbella.hu/wp-content/uploads/2024/07/MR-768x460.webp 768w, https://livingmarbella.hu/wp-content/uploads/2024/07/MR.webp 1272w" sizes="(max-width: 300px) 100vw, 300px" /></p>

<p>Képzelje el, hogy megérkezik a reptérre és már 15perc alatt a kényelmes lakásából nézheti a tengert! Tetszik a gondolat? Ez egy 49 lakásból és 2 sorházból álló projekt Benalmadena festői részén, Malagától mindössze 15 km-re. Különlegessége, hogy a telek fekvésének köszönhetően minden lakásból és a medencéből is lenyűgöző panoráma nyílik a városra és a Földközi-tengerre. [&hellip;]</p>
