{"id":1623,"date":"2024-07-29T11:05:01","date_gmt":"2024-07-29T11:05:01","guid":{"rendered":"https:\/\/livingmarbella.hu\/?post_type=rem_property&#038;p=1623"},"modified":"2025-08-13T14:13:15","modified_gmt":"2025-08-13T14:13:15","slug":"l3","status":"publish","type":"rem_property","link":"https:\/\/livingmarbella.hu\/pl\/wlasnosc\/l3\/","title":{"rendered":"L3"},"content":{"rendered":"<p>Po\u0142o\u017cony w centrum miasta, nadmorski kompleks mieszkaniowy sk\u0142adaj\u0105cy si\u0119 z 23 apartament\u00f3w, oferuj\u0105cy sky lounge z basenem i stref\u0105 wypoczynkow\u0105, a tak\u017ce miejsca parkingowe. Mog\u0105 Pa\u0144stwo korzysta\u0107 z rozrywkowych, handlowych i gastronomicznych mo\u017cliwo\u015bci centrum miasta lub zrelaksowa\u0107 si\u0119 na pla\u017cy La Rada oddalonej o zaledwie 70 metr\u00f3w. Szeroki wyb\u00f3r p\u00f3l golfowych znajduje si\u0119 w odleg\u0142o\u015bci zaledwie 15 minut.<\/p>\n<p>&nbsp;<\/p>\n<ul>\n<li>Liczba apartament\u00f3w: 24<\/li>\n<li>Ceny wywo\u0142awcze: apartament z 2 sypialniami od 467 500 EUR*<\/li>\n<li>Odleg\u0142o\u015b\u0107 od pla\u017cy: 100 m<\/li>\n<li>Dostawa: 2024 Q4<\/li>\n<li>Odleg\u0142o\u015b\u0107 od lotniska w Maladze: 84 km<\/li>\n<li>Dodatki:\n<ul>\n<li>w pobli\u017cu wody<\/li>\n<li>basen<\/li>\n<li>centralna lokalizacja<\/li>\n<\/ul>\n<\/li>\n<\/ul>\n<p>&nbsp;<\/p>\n<p>Lokalizacja:<\/p>\n<p><img fetchpriority=\"high\" decoding=\"async\" class=\"alignnone size-medium wp-image-1631\" src=\"https:\/\/livingmarbella.hu\/wp-content\/uploads\/2024\/07\/L3t-300x190.webp\" alt=\"\" width=\"300\" height=\"190\" srcset=\"https:\/\/livingmarbella.hu\/wp-content\/uploads\/2024\/07\/L3t-300x190.webp 300w, https:\/\/livingmarbella.hu\/wp-content\/uploads\/2024\/07\/L3t-1024x649.webp 1024w, https:\/\/livingmarbella.hu\/wp-content\/uploads\/2024\/07\/L3t-768x486.webp 768w, https:\/\/livingmarbella.hu\/wp-content\/uploads\/2024\/07\/L3t.webp 1279w\" sizes=\"(max-width: 300px) 100vw, 300px\" \/><\/p>","protected":false},"excerpt":{"rendered":"<p>A v\u00e1ros k\u00f6zpontj\u00e1ban tal\u00e1lhat\u00f3 v\u00edzparti, 23 lak\u00e1sos lak\u00f3park, mely sky lounge medenc\u00e9vel \u00e9s pihen\u0151r\u00e9sszel, valamint parkol\u00f3helyekkel rendelkezik. \u00c9lvezze a belv\u00e1ros adta sz\u00f3rakoz\u00e1si, v\u00e1s\u00e1rl\u00e1si \u00e9s gasztron\u00f3miai lehet\u0151s\u00e9geket vagy t\u00f6lt\u0151dj\u00f6n fel a mind\u00f6ssze 70 m\u00e9terre tal\u00e1lhat\u00f3 La Rada strandon. Golfp\u00e1ly\u00e1k sz\u00e9les v\u00e1laszt\u00e9ka \u00e1ll rendelkez\u00e9sre mind\u00f6ssze 15 percre. &nbsp; Lak\u00e1sok sz\u00e1ma: 24 db Indul\u00f3 \u00e1rak: 2 h\u00e1l\u00f3szob\u00e1s lak\u00e1s [&hellip;]<\/p>","protected":false},"author":2,"featured_media":1630,"parent":0,"menu_order":0,"template":"","rem_property_cat":[],"class_list":["post-1623","rem_property","type-rem_property","status-publish","has-post-thumbnail","hentry","grve-entry-item"],"_links":{"self":[{"href":"https:\/\/livingmarbella.hu\/pl\/wp-json\/wp\/v2\/properties\/1623","targetHints":{"allow":["GET"]}}],"collection":[{"href":"https:\/\/livingmarbella.hu\/pl\/wp-json\/wp\/v2\/properties"}],"about":[{"href":"https:\/\/livingmarbella.hu\/pl\/wp-json\/wp\/v2\/types\/rem_property"}],"author":[{"embeddable":true,"href":"https:\/\/livingmarbella.hu\/pl\/wp-json\/wp\/v2\/users\/2"}],"wp:featuredmedia":[{"embeddable":true,"href":"https:\/\/livingmarbella.hu\/pl\/wp-json\/wp\/v2\/media\/1630"}],"wp:attachment":[{"href":"https:\/\/livingmarbella.hu\/pl\/wp-json\/wp\/v2\/media?parent=1623"}],"wp:term":[{"taxonomy":"rem_property_cat","embeddable":true,"href":"https:\/\/livingmarbella.hu\/pl\/wp-json\/wp\/v2\/rem_property_cat?post=1623"}],"curies":[{"name":"wp","href":"https:\/\/api.w.org\/{rel}","templated":true}]}}

<p>Położony w centrum miasta, nadmorski kompleks mieszkaniowy składający się z 23 apartamentów, oferujący sky lounge z basenem i strefą wypoczynkową, a także miejsca parkingowe. Mogą Państwo korzystać z rozrywkowych, handlowych i gastronomicznych możliwości centrum miasta lub zrelaksować się na plaży La Rada oddalonej o zaledwie 70 metrów. Szeroki wybór pól golfowych znajduje się w odległości zaledwie 15 minut.</p>
<p>&nbsp;</p>
<ul>
<li>Liczba apartamentów: 24</li>
<li>Ceny wywoławcze: apartament z 2 sypialniami od 467 500 EUR*</li>
<li>Odległość od plaży: 100 m</li>
<li>Dostawa: 2024 Q4</li>
<li>Odległość od lotniska w Maladze: 84 km</li>
<li>Dodatki:
<ul>
<li>w pobliżu wody</li>
<li>basen</li>
<li>centralna lokalizacja</li>
</ul>
</li>
</ul>
<p>&nbsp;</p>
<p>Lokalizacja:</p>
<p><img fetchpriority="high" decoding="async" class="alignnone size-medium wp-image-1631" src="https://livingmarbella.hu/wp-content/uploads/2024/07/L3t-300x190.webp" alt="" width="300" height="190" srcset="https://livingmarbella.hu/wp-content/uploads/2024/07/L3t-300x190.webp 300w, https://livingmarbella.hu/wp-content/uploads/2024/07/L3t-1024x649.webp 1024w, https://livingmarbella.hu/wp-content/uploads/2024/07/L3t-768x486.webp 768w, https://livingmarbella.hu/wp-content/uploads/2024/07/L3t.webp 1279w" sizes="(max-width: 300px) 100vw, 300px" /></p>

<p>A város központjában található vízparti, 23 lakásos lakópark, mely sky lounge medencével és pihenőrésszel, valamint parkolóhelyekkel rendelkezik. Élvezze a belváros adta szórakozási, vásárlási és gasztronómiai lehetőségeket vagy töltődjön fel a mindössze 70 méterre található La Rada strandon. Golfpályák széles választéka áll rendelkezésre mindössze 15 percre. &nbsp; Lakások száma: 24 db Induló árak: 2 hálószobás lakás [&hellip;]</p>
