{"id":1613,"date":"2024-07-29T10:59:40","date_gmt":"2024-07-29T10:59:40","guid":{"rendered":"https:\/\/livingmarbella.hu\/?post_type=rem_property&#038;p=1613"},"modified":"2025-08-13T14:12:23","modified_gmt":"2025-08-13T14:12:23","slug":"jdl","status":"publish","type":"rem_property","link":"https:\/\/livingmarbella.hu\/pl\/wlasnosc\/jdl\/","title":{"rendered":"JDL3"},"content":{"rendered":"<p>Szukaj\u0105 Pa\u0144stwo racjonalnej inwestycji, jednocze\u015bnie chc\u0105c korzysta\u0107 ze wszystkich zalet hiszpa\u0144skiego wybrze\u017ca? Ten projekt obejmuj\u0105cy apartamenty z 1, 2 i 3 sypialniami znajduje si\u0119 w miejscowo\u015bci Las Lagunas de Mijas, bezpo\u015brednio obok Fuengiroli. Po\u0142o\u017cony jest nieca\u0142e 5 minut jazdy samochodem od najlepszego centrum handlowego w okolicy, 2,5 km od pla\u017cy oraz linii kolejowej do Malagi, dzi\u0119ki czemu wszystko jest \u0142atwo dost\u0119pne ku zadowoleniu zar\u00f3wno w\u0142a\u015bcicieli, jak i turyst\u00f3w. Apartamenty s\u0105 przemy\u015blane i dobrej jako\u015bci, a planowane w pobli\u017cu inwestycje, takie jak mi\u0119dzynarodowy szpital oraz du\u017cy park miejski, dodatkowo podnios\u0105 warto\u015b\u0107 tego obszaru.<\/p>\n<p>&nbsp;<\/p>\n<ul>\n<li>Liczba apartament\u00f3w: 292<\/li>\n<li>Ceny wywo\u0142awcze: apartament z 1-3 sypialniami od 270 160 EUR*<\/li>\n<li>Odleg\u0142o\u015b\u0107 od pla\u017cy: 2 km<\/li>\n<li>Dostawa: 2. kwarta\u0142 2025 r.<\/li>\n<li>Odleg\u0142o\u015b\u0107 od lotniska w Maladze: 27 km<\/li>\n<li>Dodatki:\n<ul>\n<li>basen<\/li>\n<li>si\u0142ownia<\/li>\n<li>plac zabaw<\/li>\n<li>centralna lokalizacja<\/li>\n<\/ul>\n<\/li>\n<\/ul>\n<p>&nbsp;<\/p>\n<p>Lokalizacja:<\/p>\n<p><img fetchpriority=\"high\" decoding=\"async\" class=\"alignnone size-medium wp-image-1622\" src=\"https:\/\/livingmarbella.hu\/wp-content\/uploads\/2024\/07\/JDLt-300x189.webp\" alt=\"\" width=\"300\" height=\"189\" srcset=\"https:\/\/livingmarbella.hu\/wp-content\/uploads\/2024\/07\/JDLt-300x189.webp 300w, https:\/\/livingmarbella.hu\/wp-content\/uploads\/2024\/07\/JDLt-1024x644.webp 1024w, https:\/\/livingmarbella.hu\/wp-content\/uploads\/2024\/07\/JDLt-768x483.webp 768w, https:\/\/livingmarbella.hu\/wp-content\/uploads\/2024\/07\/JDLt.webp 1297w\" sizes=\"(max-width: 300px) 100vw, 300px\" \/><\/p>","protected":false},"excerpt":{"rendered":"<p>Racion\u00e1lis befektet\u00e9st keres, mik\u00f6zben \u00e9lvezni szeretn\u00e9 a spanyol tengerpart minden el\u0151ny\u00e9t? Ez az 1, 2 \u00e9s 3 h\u00e1l\u00f3szob\u00e1s lak\u00e1sokb\u00f3l \u00e1ll\u00f3 projekt Las Lagunas de Mijas v\u00e1ros\u00e1ban tal\u00e1lhat\u00f3, Fuengirola mellett k\u00f6zvetlen\u00fcl. Kevesebb, mint 5 perc aut\u00f3\u00fatra tal\u00e1lhat\u00f3 a part legjobb bev\u00e1s\u00e1rl\u00f3k\u00f6zpontj\u00e1t\u00f3l, 2,5 km-re a strandt\u00f3l \u00e9s a Malag\u00e1ba tart\u00f3 vonatt\u00f3l, \u00edgy minden k\u00f6nnyen el\u00e9rhet\u0151 a tulajdonosok [&hellip;]<\/p>","protected":false},"author":2,"featured_media":1620,"parent":0,"menu_order":0,"template":"","rem_property_cat":[],"class_list":["post-1613","rem_property","type-rem_property","status-publish","has-post-thumbnail","hentry","grve-entry-item"],"_links":{"self":[{"href":"https:\/\/livingmarbella.hu\/pl\/wp-json\/wp\/v2\/properties\/1613","targetHints":{"allow":["GET"]}}],"collection":[{"href":"https:\/\/livingmarbella.hu\/pl\/wp-json\/wp\/v2\/properties"}],"about":[{"href":"https:\/\/livingmarbella.hu\/pl\/wp-json\/wp\/v2\/types\/rem_property"}],"author":[{"embeddable":true,"href":"https:\/\/livingmarbella.hu\/pl\/wp-json\/wp\/v2\/users\/2"}],"wp:featuredmedia":[{"embeddable":true,"href":"https:\/\/livingmarbella.hu\/pl\/wp-json\/wp\/v2\/media\/1620"}],"wp:attachment":[{"href":"https:\/\/livingmarbella.hu\/pl\/wp-json\/wp\/v2\/media?parent=1613"}],"wp:term":[{"taxonomy":"rem_property_cat","embeddable":true,"href":"https:\/\/livingmarbella.hu\/pl\/wp-json\/wp\/v2\/rem_property_cat?post=1613"}],"curies":[{"name":"wp","href":"https:\/\/api.w.org\/{rel}","templated":true}]}}

<p>Szukają Państwo racjonalnej inwestycji, jednocześnie chcąc korzystać ze wszystkich zalet hiszpańskiego wybrzeża? Ten projekt obejmujący apartamenty z 1, 2 i 3 sypialniami znajduje się w miejscowości Las Lagunas de Mijas, bezpośrednio obok Fuengiroli. Położony jest niecałe 5 minut jazdy samochodem od najlepszego centrum handlowego w okolicy, 2,5 km od plaży oraz linii kolejowej do Malagi, dzięki czemu wszystko jest łatwo dostępne ku zadowoleniu zarówno właścicieli, jak i turystów. Apartamenty są przemyślane i dobrej jakości, a planowane w pobliżu inwestycje, takie jak międzynarodowy szpital oraz duży park miejski, dodatkowo podniosą wartość tego obszaru.</p>
<p>&nbsp;</p>
<ul>
<li>Liczba apartamentów: 292</li>
<li>Ceny wywoławcze: apartament z 1-3 sypialniami od 270 160 EUR*</li>
<li>Odległość od plaży: 2 km</li>
<li>Dostawa: 2. kwartał 2025 r.</li>
<li>Odległość od lotniska w Maladze: 27 km</li>
<li>Dodatki:
<ul>
<li>basen</li>
<li>siłownia</li>
<li>plac zabaw</li>
<li>centralna lokalizacja</li>
</ul>
</li>
</ul>
<p>&nbsp;</p>
<p>Lokalizacja:</p>
<p><img fetchpriority="high" decoding="async" class="alignnone size-medium wp-image-1622" src="https://livingmarbella.hu/wp-content/uploads/2024/07/JDLt-300x189.webp" alt="" width="300" height="189" srcset="https://livingmarbella.hu/wp-content/uploads/2024/07/JDLt-300x189.webp 300w, https://livingmarbella.hu/wp-content/uploads/2024/07/JDLt-1024x644.webp 1024w, https://livingmarbella.hu/wp-content/uploads/2024/07/JDLt-768x483.webp 768w, https://livingmarbella.hu/wp-content/uploads/2024/07/JDLt.webp 1297w" sizes="(max-width: 300px) 100vw, 300px" /></p>

<p>Racionális befektetést keres, miközben élvezni szeretné a spanyol tengerpart minden előnyét? Ez az 1, 2 és 3 hálószobás lakásokból álló projekt Las Lagunas de Mijas városában található, Fuengirola mellett közvetlenül. Kevesebb, mint 5 perc autóútra található a part legjobb bevásárlóközpontjától, 2,5 km-re a strandtól és a Malagába tartó vonattól, így minden könnyen elérhető a tulajdonosok [&hellip;]</p>
