{"id":1572,"date":"2024-07-29T10:40:35","date_gmt":"2024-07-29T10:40:35","guid":{"rendered":"https:\/\/livingmarbella.hu\/?post_type=rem_property&#038;p=1572"},"modified":"2025-08-13T14:03:07","modified_gmt":"2025-08-13T14:03:07","slug":"hv3","status":"publish","type":"rem_property","link":"https:\/\/livingmarbella.hu\/pl\/wlasnosc\/hv3\/","title":{"rendered":"HV3"},"content":{"rendered":"<p>Chc\u0105 Pa\u0144stwo cieszy\u0107 si\u0119 wspania\u0142\u0105 panoram\u0105 i blisko\u015bci\u0105, ale bez t\u0142um\u00f3w? Projekt ten znajduje si\u0119 w dzielnicy El Higuer\u00f3n w Fuengiroli i jest wyj\u0105tkowy, poniewa\u017c cho\u0107 cz\u0119\u015bci wsp\u00f3lne s\u0105 dost\u0119pne w ci\u0105gu kilku minut, dzi\u0119ki usytuowaniu budynk\u00f3w z apartament\u00f3w wida\u0107 niemal wy\u0142\u0105cznie morze, g\u00f3ry oraz oddalone miasto, co daje poczucie prywatno\u015bci i odosobnienia. Je\u015bli natomiast maj\u0105 Pa\u0144stwo ochot\u0119 na towarzystwo, mo\u017cna \u0142atwo zej\u015b\u0107 na pla\u017c\u0119 lub skorzysta\u0107 z us\u0142ug pi\u0119ciogwiazdkowego hotelu nale\u017c\u0105cego do kompleksu, kt\u00f3rych jest tak wiele, \u017ce trudno je wszystkie wymieni\u0107: liczne baseny, wiele restauracji, korty do padla, tenisa i siatk\u00f3wki pla\u017cowej, si\u0142ownia, spinning, joga oraz pilates czekaj\u0105 na Pa\u0144stwa.<\/p>\n<p>&nbsp;<\/p>\n<ul>\n<li>Liczba apartament\u00f3w: 224<\/li>\n<li>Ceny wywo\u0142awcze: apartament z 2 sypialniami od 632 500 EUR*<\/li>\n<li>Odleg\u0142o\u015b\u0107 od pla\u017cy: 2 km<\/li>\n<li>Dostawa: 2. kwarta\u0142 2025 r.<\/li>\n<li>Odleg\u0142o\u015b\u0107 od lotniska w Maladze:17 km<\/li>\n<li>Dodatki:\n<ul>\n<li>baseny<\/li>\n<li>Certyfikat BREAM<\/li>\n<li>centrum sportowe<\/li>\n<li>Biuro Wsp\u00f3lnoty<\/li>\n<li>panorama<\/li>\n<li>parking<\/li>\n<li>magazyn<\/li>\n<li>us\u0142ugi hotelowe<\/li>\n<li>spa<\/li>\n<\/ul>\n<\/li>\n<\/ul>\n<p>&nbsp;<\/p>\n<p>Lokalizacja:<\/p>\n<p><img fetchpriority=\"high\" decoding=\"async\" class=\"alignnone size-medium wp-image-1587\" src=\"https:\/\/livingmarbella.hu\/wp-content\/uploads\/2024\/07\/HV3-300x187.webp\" alt=\"\" width=\"300\" height=\"187\" srcset=\"https:\/\/livingmarbella.hu\/wp-content\/uploads\/2024\/07\/HV3-300x187.webp 300w, https:\/\/livingmarbella.hu\/wp-content\/uploads\/2024\/07\/HV3-1024x638.webp 1024w, https:\/\/livingmarbella.hu\/wp-content\/uploads\/2024\/07\/HV3-768x479.webp 768w, https:\/\/livingmarbella.hu\/wp-content\/uploads\/2024\/07\/HV3.webp 1300w\" sizes=\"(max-width: 300px) 100vw, 300px\" \/><\/p>","protected":false},"excerpt":{"rendered":"<p>Csod\u00e1latos panor\u00e1m\u00e1t \u00e9s k\u00f6zels\u00e9get szeretne, de nem szeretne t\u00f6meget l\u00e1tni? Ez a projekt a fuengirolai El Higueron negyedben tal\u00e1lhat\u00f3 \u00e9s az\u00e9rt k\u00fcl\u00f6nleges, mert b\u00e1r a k\u00f6z\u00f6ss\u00e9gi r\u00e9szek perceken bel\u00fcl el\u00e9rhet\u0151k, az \u00e9p\u00fcletek fekv\u00e9se miatt a lak\u00e1sokb\u00f3l szinte csak a tengert, a hegyeket \u00e9s a t\u00e1voli v\u00e1rost l\u00e1tni, \u00edgy olyan \u00e9rz\u00e9se lehet, mintha egyed\u00fcl lenne. Ha [&hellip;]<\/p>","protected":false},"author":2,"featured_media":1578,"parent":0,"menu_order":0,"template":"","rem_property_cat":[],"class_list":["post-1572","rem_property","type-rem_property","status-publish","has-post-thumbnail","hentry","grve-entry-item"],"_links":{"self":[{"href":"https:\/\/livingmarbella.hu\/pl\/wp-json\/wp\/v2\/properties\/1572","targetHints":{"allow":["GET"]}}],"collection":[{"href":"https:\/\/livingmarbella.hu\/pl\/wp-json\/wp\/v2\/properties"}],"about":[{"href":"https:\/\/livingmarbella.hu\/pl\/wp-json\/wp\/v2\/types\/rem_property"}],"author":[{"embeddable":true,"href":"https:\/\/livingmarbella.hu\/pl\/wp-json\/wp\/v2\/users\/2"}],"wp:featuredmedia":[{"embeddable":true,"href":"https:\/\/livingmarbella.hu\/pl\/wp-json\/wp\/v2\/media\/1578"}],"wp:attachment":[{"href":"https:\/\/livingmarbella.hu\/pl\/wp-json\/wp\/v2\/media?parent=1572"}],"wp:term":[{"taxonomy":"rem_property_cat","embeddable":true,"href":"https:\/\/livingmarbella.hu\/pl\/wp-json\/wp\/v2\/rem_property_cat?post=1572"}],"curies":[{"name":"wp","href":"https:\/\/api.w.org\/{rel}","templated":true}]}}

<p>Chcą Państwo cieszyć się wspaniałą panoramą i bliskością, ale bez tłumów? Projekt ten znajduje się w dzielnicy El Higuerón w Fuengiroli i jest wyjątkowy, ponieważ choć części wspólne są dostępne w ciągu kilku minut, dzięki usytuowaniu budynków z apartamentów widać niemal wyłącznie morze, góry oraz oddalone miasto, co daje poczucie prywatności i odosobnienia. Jeśli natomiast mają Państwo ochotę na towarzystwo, można łatwo zejść na plażę lub skorzystać z usług pięciogwiazdkowego hotelu należącego do kompleksu, których jest tak wiele, że trudno je wszystkie wymienić: liczne baseny, wiele restauracji, korty do padla, tenisa i siatkówki plażowej, siłownia, spinning, joga oraz pilates czekają na Państwa.</p>
<p>&nbsp;</p>
<ul>
<li>Liczba apartamentów: 224</li>
<li>Ceny wywoławcze: apartament z 2 sypialniami od 632 500 EUR*</li>
<li>Odległość od plaży: 2 km</li>
<li>Dostawa: 2. kwartał 2025 r.</li>
<li>Odległość od lotniska w Maladze:17 km</li>
<li>Dodatki:
<ul>
<li>baseny</li>
<li>Certyfikat BREAM</li>
<li>centrum sportowe</li>
<li>Biuro Wspólnoty</li>
<li>panorama</li>
<li>parking</li>
<li>magazyn</li>
<li>usługi hotelowe</li>
<li>spa</li>
</ul>
</li>
</ul>
<p>&nbsp;</p>
<p>Lokalizacja:</p>
<p><img fetchpriority="high" decoding="async" class="alignnone size-medium wp-image-1587" src="https://livingmarbella.hu/wp-content/uploads/2024/07/HV3-300x187.webp" alt="" width="300" height="187" srcset="https://livingmarbella.hu/wp-content/uploads/2024/07/HV3-300x187.webp 300w, https://livingmarbella.hu/wp-content/uploads/2024/07/HV3-1024x638.webp 1024w, https://livingmarbella.hu/wp-content/uploads/2024/07/HV3-768x479.webp 768w, https://livingmarbella.hu/wp-content/uploads/2024/07/HV3.webp 1300w" sizes="(max-width: 300px) 100vw, 300px" /></p>

<p>Csodálatos panorámát és közelséget szeretne, de nem szeretne tömeget látni? Ez a projekt a fuengirolai El Higueron negyedben található és azért különleges, mert bár a közösségi részek perceken belül elérhetők, az épületek fekvése miatt a lakásokból szinte csak a tengert, a hegyeket és a távoli várost látni, így olyan érzése lehet, mintha egyedül lenne. Ha [&hellip;]</p>
