{"id":1501,"date":"2024-07-29T09:34:22","date_gmt":"2024-07-29T09:34:22","guid":{"rendered":"https:\/\/livingmarbella.hu\/?post_type=rem_property&#038;p=1501"},"modified":"2025-08-13T13:23:43","modified_gmt":"2025-08-13T13:23:43","slug":"e3","status":"publish","type":"rem_property","link":"https:\/\/livingmarbella.hu\/pl\/wlasnosc\/e3\/","title":{"rendered":"E3"},"content":{"rendered":"<p>Je\u015bli maj\u0105 Pa\u0144stwo wi\u0119ksz\u0105 rodzin\u0119, ten projekt jest dla Pa\u0144stwa. Inwestycja oferuje dwukondygnacyjne domy szeregowe z 3 i 4 sypialniami i znajduje si\u0119 w spokojnej, a jednocze\u015bnie doskonale zlokalizowanej okolicy: pomi\u0119dzy Fuengirol\u0105 a La Cala de Mijas, zaledwie 400 metr\u00f3w od pla\u017cy, a lotnisko w Maladze oddalone jest o tylko 31 km, dzi\u0119ki czemu nie trzeba du\u017co podr\u00f3\u017cowa\u0107. Inwestycj\u0119 charakteryzuj\u0105 wysokiej jako\u015bci materia\u0142y oraz wsp\u00f3\u0142czesna architektura, a do kompleksu nale\u017cy klub sportowy dost\u0119pny wy\u0142\u0105cznie dla mieszka\u0144c\u00f3w, w kt\u00f3rym znajduj\u0105 si\u0119 basen, kort tenisowy, si\u0142ownia, \u0142a\u017ania turecka oraz sauna. Je\u015bli natomiast graj\u0105 Pa\u0144stwo w golfa lub po prostu przyci\u0105ga Pa\u0144stwa otoczenie starych drzew, s\u0142ynne pole golfowe El Chaparral wraz z klubem golfowym znajduje si\u0119 zaledwie kilka minut st\u0105d.<\/p>\n<p>&nbsp;<\/p>\n<ul>\n<li>Liczba apartament\u00f3w: 142<\/li>\n<li>Ceny wywo\u0142awcze: apartament z 3-4 sypialniami od 643 500 EUR*<\/li>\n<li>Odleg\u0142o\u015b\u0107 od pla\u017cy: 400 m<\/li>\n<li>Dostawa: 2024 Q4<\/li>\n<li>Odleg\u0142o\u015b\u0107 od lotniska w Maladze: 31 km<\/li>\n<li>Dodatki:\n<ul>\n<li>w pobli\u017cu wody<\/li>\n<li>basen<\/li>\n<li>si\u0142ownia<\/li>\n<li>spa<\/li>\n<li>przestrze\u0144 spo\u0142eczna<\/li>\n<li>panorama morska<\/li>\n<\/ul>\n<\/li>\n<\/ul>\n<p>&nbsp;<\/p>\n<p>Lokalizacja:<\/p>\n<p><img fetchpriority=\"high\" decoding=\"async\" class=\"alignnone wp-image-2040 size-medium\" src=\"https:\/\/livingmarbella.hu\/wp-content\/uploads\/2024\/10\/E3t-300x213.webp\" alt=\"\" width=\"300\" height=\"213\" srcset=\"https:\/\/livingmarbella.hu\/wp-content\/uploads\/2024\/10\/E3t-300x213.webp 300w, https:\/\/livingmarbella.hu\/wp-content\/uploads\/2024\/10\/E3t-1024x727.webp 1024w, https:\/\/livingmarbella.hu\/wp-content\/uploads\/2024\/10\/E3t-768x545.webp 768w, https:\/\/livingmarbella.hu\/wp-content\/uploads\/2024\/10\/E3t.webp 1080w\" sizes=\"(max-width: 300px) 100vw, 300px\" \/><\/p>","protected":false},"excerpt":{"rendered":"<p>Ha nagyobb a csal\u00e1d, ez a projekt \u00d6nnek val\u00f3! A 3 \u00e9s 4 h\u00e1l\u00f3szob\u00e1s, k\u00e9tszintes sorh\u00e1zakat k\u00edn\u00e1l\u00f3 fejleszt\u00e9s csendes, m\u00e9gis remek elhelyezked\u00e9s\u0171: Fuengirola \u00e9s La Cala de Mijas k\u00f6z\u00f6tt, a partt\u00f3l csup\u00e1n 400 m\u00e9terre tal\u00e1lhat\u00f3, de a malagai rept\u00e9r is csup\u00e1n 31 km, \u00edgy nem kell sokat utaznia. Magas min\u0151s\u00e9g\u0171 anyagok \u00e9s kort\u00e1rs \u00e9p\u00edt\u00e9szet jellemzi, [&hellip;]<\/p>","protected":false},"author":2,"featured_media":1513,"parent":0,"menu_order":0,"template":"","rem_property_cat":[],"class_list":["post-1501","rem_property","type-rem_property","status-publish","has-post-thumbnail","hentry","grve-entry-item"],"_links":{"self":[{"href":"https:\/\/livingmarbella.hu\/pl\/wp-json\/wp\/v2\/properties\/1501","targetHints":{"allow":["GET"]}}],"collection":[{"href":"https:\/\/livingmarbella.hu\/pl\/wp-json\/wp\/v2\/properties"}],"about":[{"href":"https:\/\/livingmarbella.hu\/pl\/wp-json\/wp\/v2\/types\/rem_property"}],"author":[{"embeddable":true,"href":"https:\/\/livingmarbella.hu\/pl\/wp-json\/wp\/v2\/users\/2"}],"wp:featuredmedia":[{"embeddable":true,"href":"https:\/\/livingmarbella.hu\/pl\/wp-json\/wp\/v2\/media\/1513"}],"wp:attachment":[{"href":"https:\/\/livingmarbella.hu\/pl\/wp-json\/wp\/v2\/media?parent=1501"}],"wp:term":[{"taxonomy":"rem_property_cat","embeddable":true,"href":"https:\/\/livingmarbella.hu\/pl\/wp-json\/wp\/v2\/rem_property_cat?post=1501"}],"curies":[{"name":"wp","href":"https:\/\/api.w.org\/{rel}","templated":true}]}}

<p>Jeśli mają Państwo większą rodzinę, ten projekt jest dla Państwa. Inwestycja oferuje dwukondygnacyjne domy szeregowe z 3 i 4 sypialniami i znajduje się w spokojnej, a jednocześnie doskonale zlokalizowanej okolicy: pomiędzy Fuengirolą a La Cala de Mijas, zaledwie 400 metrów od plaży, a lotnisko w Maladze oddalone jest o tylko 31 km, dzięki czemu nie trzeba dużo podróżować. Inwestycję charakteryzują wysokiej jakości materiały oraz współczesna architektura, a do kompleksu należy klub sportowy dostępny wyłącznie dla mieszkańców, w którym znajdują się basen, kort tenisowy, siłownia, łaźnia turecka oraz sauna. Jeśli natomiast grają Państwo w golfa lub po prostu przyciąga Państwa otoczenie starych drzew, słynne pole golfowe El Chaparral wraz z klubem golfowym znajduje się zaledwie kilka minut stąd.</p>
<p>&nbsp;</p>
<ul>
<li>Liczba apartamentów: 142</li>
<li>Ceny wywoławcze: apartament z 3-4 sypialniami od 643 500 EUR*</li>
<li>Odległość od plaży: 400 m</li>
<li>Dostawa: 2024 Q4</li>
<li>Odległość od lotniska w Maladze: 31 km</li>
<li>Dodatki:
<ul>
<li>w pobliżu wody</li>
<li>basen</li>
<li>siłownia</li>
<li>spa</li>
<li>przestrzeń społeczna</li>
<li>panorama morska</li>
</ul>
</li>
</ul>
<p>&nbsp;</p>
<p>Lokalizacja:</p>
<p><img fetchpriority="high" decoding="async" class="alignnone wp-image-2040 size-medium" src="https://livingmarbella.hu/wp-content/uploads/2024/10/E3t-300x213.webp" alt="" width="300" height="213" srcset="https://livingmarbella.hu/wp-content/uploads/2024/10/E3t-300x213.webp 300w, https://livingmarbella.hu/wp-content/uploads/2024/10/E3t-1024x727.webp 1024w, https://livingmarbella.hu/wp-content/uploads/2024/10/E3t-768x545.webp 768w, https://livingmarbella.hu/wp-content/uploads/2024/10/E3t.webp 1080w" sizes="(max-width: 300px) 100vw, 300px" /></p>

<p>Ha nagyobb a család, ez a projekt Önnek való! A 3 és 4 hálószobás, kétszintes sorházakat kínáló fejlesztés csendes, mégis remek elhelyezkedésű: Fuengirola és La Cala de Mijas között, a parttól csupán 400 méterre található, de a malagai reptér is csupán 31 km, így nem kell sokat utaznia. Magas minőségű anyagok és kortárs építészet jellemzi, [&hellip;]</p>
