{"id":1489,"date":"2024-07-30T13:02:43","date_gmt":"2024-07-30T13:02:43","guid":{"rendered":"https:\/\/livingmarbella.hu\/?post_type=rem_property&#038;p=1489"},"modified":"2025-08-13T13:33:36","modified_gmt":"2025-08-13T13:33:36","slug":"eq4","status":"publish","type":"rem_property","link":"https:\/\/livingmarbella.hu\/pl\/wlasnosc\/eq4\/","title":{"rendered":"EQ4"},"content":{"rendered":"<p>&nbsp;<\/p>\n<p>Je\u015bli naprawd\u0119 chc\u0105 Pa\u0144stwo znajdowa\u0107 si\u0119 w odleg\u0142o\u015bci spaceru od pla\u017cy, ten projekt jest dla Pa\u0144stwa. To butikowy kompleks sk\u0142adaj\u0105cy si\u0119 z zaledwie 15 apartament\u00f3w, po\u0142o\u017cony tylko 220 metr\u00f3w od morza, a apartamenty typu penthouse oferuj\u0105 r\u00f3wnie\u017c wspania\u0142e widoki na morze. Stare miasto Estepony, gdzie znajd\u0105 Pa\u0144stwo wszystko, czego potrzeba, oddalone jest o zaledwie 15 minut jazdy samochodem. Prosz\u0119 cieszy\u0107 si\u0119 spokojem wysokiej jako\u015bci, jasnych apartament\u00f3w i do\u015bwiadczy\u0107 \u015br\u00f3dziemnomorskiego stylu \u017cycia, maj\u0105c mo\u017cliwo\u015b\u0107 k\u0105pieli w morzu nawet kilka razy dziennie.<\/p>\n<p>&nbsp;<\/p>\n<ul>\n<li>Liczba apartament\u00f3w: 15<\/li>\n<li>Ceny wywo\u0142awcze: apartament z 1-3 sypialniami od 539 000 EUR*<\/li>\n<li>Odleg\u0142o\u015b\u0107 od pla\u017cy: 400 m<\/li>\n<li>Dostawa: IV kwarta\u0142 2026 r.<\/li>\n<li>Odleg\u0142o\u015b\u0107 od lotniska w Maladze: 87 km<\/li>\n<li>Dodatki:\n<ul>\n<li>w pobli\u017cu wody<\/li>\n<li>kompleks butikowy<\/li>\n<li>basen<\/li>\n<li>centralna lokalizacja<\/li>\n<li>panorama morska<\/li>\n<\/ul>\n<\/li>\n<\/ul>\n<p>&nbsp;<\/p>\n<p>Lokalizacja:<\/p>\n<p><img fetchpriority=\"high\" decoding=\"async\" class=\"alignnone size-medium wp-image-1879\" src=\"https:\/\/livingmarbella.hu\/wp-content\/uploads\/2024\/07\/EQ4t-300x179.webp\" alt=\"\" width=\"300\" height=\"179\" srcset=\"https:\/\/livingmarbella.hu\/wp-content\/uploads\/2024\/07\/EQ4t-300x179.webp 300w, https:\/\/livingmarbella.hu\/wp-content\/uploads\/2024\/07\/EQ4t-1024x610.webp 1024w, https:\/\/livingmarbella.hu\/wp-content\/uploads\/2024\/07\/EQ4t-768x458.webp 768w, https:\/\/livingmarbella.hu\/wp-content\/uploads\/2024\/07\/EQ4t.webp 1279w\" sizes=\"(max-width: 300px) 100vw, 300px\" \/><\/p>","protected":false},"excerpt":{"rendered":"<p>&nbsp; Ha szeretne t\u00e9nyleg s\u00e9tat\u00e1vols\u00e1gra lenni a partt\u00f3l, ez a projekt \u00d6nnek val\u00f3! Butikkomplexum, csup\u00e1n 15 lak\u00e1s mind\u00f6ssze 220 m\u00e9terre a tengert\u0151l, a penthouse lak\u00e1sok pedig csod\u00e1latos tengeri panor\u00e1m\u00e1val is rendelkeznek. Estepona \u00f3v\u00e1rosa, ahol mindent megtal\u00e1l, csak 15 perc aut\u00f3val. \u00c9lvezze a min\u0151s\u00e9gi, f\u00e9nyben \u00fasz\u00f3 lak\u00e1sok nyugalm\u00e1t, \u00e9lje \u00e1t a mediterr\u00e1n \u00e9let\u00e9rz\u00e9st, mik\u00f6zben ak\u00e1r naponta [&hellip;]<\/p>","protected":false},"author":2,"featured_media":1877,"parent":0,"menu_order":0,"template":"","rem_property_cat":[],"class_list":["post-1489","rem_property","type-rem_property","status-publish","has-post-thumbnail","hentry","grve-entry-item"],"_links":{"self":[{"href":"https:\/\/livingmarbella.hu\/pl\/wp-json\/wp\/v2\/properties\/1489","targetHints":{"allow":["GET"]}}],"collection":[{"href":"https:\/\/livingmarbella.hu\/pl\/wp-json\/wp\/v2\/properties"}],"about":[{"href":"https:\/\/livingmarbella.hu\/pl\/wp-json\/wp\/v2\/types\/rem_property"}],"author":[{"embeddable":true,"href":"https:\/\/livingmarbella.hu\/pl\/wp-json\/wp\/v2\/users\/2"}],"wp:featuredmedia":[{"embeddable":true,"href":"https:\/\/livingmarbella.hu\/pl\/wp-json\/wp\/v2\/media\/1877"}],"wp:attachment":[{"href":"https:\/\/livingmarbella.hu\/pl\/wp-json\/wp\/v2\/media?parent=1489"}],"wp:term":[{"taxonomy":"rem_property_cat","embeddable":true,"href":"https:\/\/livingmarbella.hu\/pl\/wp-json\/wp\/v2\/rem_property_cat?post=1489"}],"curies":[{"name":"wp","href":"https:\/\/api.w.org\/{rel}","templated":true}]}}

<p>&nbsp;</p>
<p>Jeśli naprawdę chcą Państwo znajdować się w odległości spaceru od plaży, ten projekt jest dla Państwa. To butikowy kompleks składający się z zaledwie 15 apartamentów, położony tylko 220 metrów od morza, a apartamenty typu penthouse oferują również wspaniałe widoki na morze. Stare miasto Estepony, gdzie znajdą Państwo wszystko, czego potrzeba, oddalone jest o zaledwie 15 minut jazdy samochodem. Proszę cieszyć się spokojem wysokiej jakości, jasnych apartamentów i doświadczyć śródziemnomorskiego stylu życia, mając możliwość kąpieli w morzu nawet kilka razy dziennie.</p>
<p>&nbsp;</p>
<ul>
<li>Liczba apartamentów: 15</li>
<li>Ceny wywoławcze: apartament z 1-3 sypialniami od 539 000 EUR*</li>
<li>Odległość od plaży: 400 m</li>
<li>Dostawa: IV kwartał 2026 r.</li>
<li>Odległość od lotniska w Maladze: 87 km</li>
<li>Dodatki:
<ul>
<li>w pobliżu wody</li>
<li>kompleks butikowy</li>
<li>basen</li>
<li>centralna lokalizacja</li>
<li>panorama morska</li>
</ul>
</li>
</ul>
<p>&nbsp;</p>
<p>Lokalizacja:</p>
<p><img fetchpriority="high" decoding="async" class="alignnone size-medium wp-image-1879" src="https://livingmarbella.hu/wp-content/uploads/2024/07/EQ4t-300x179.webp" alt="" width="300" height="179" srcset="https://livingmarbella.hu/wp-content/uploads/2024/07/EQ4t-300x179.webp 300w, https://livingmarbella.hu/wp-content/uploads/2024/07/EQ4t-1024x610.webp 1024w, https://livingmarbella.hu/wp-content/uploads/2024/07/EQ4t-768x458.webp 768w, https://livingmarbella.hu/wp-content/uploads/2024/07/EQ4t.webp 1279w" sizes="(max-width: 300px) 100vw, 300px" /></p>

<p>&nbsp; Ha szeretne tényleg sétatávolságra lenni a parttól, ez a projekt Önnek való! Butikkomplexum, csupán 15 lakás mindössze 220 méterre a tengertől, a penthouse lakások pedig csodálatos tengeri panorámával is rendelkeznek. Estepona óvárosa, ahol mindent megtalál, csak 15 perc autóval. Élvezze a minőségi, fényben úszó lakások nyugalmát, élje át a mediterrán életérzést, miközben akár naponta [&hellip;]</p>
