{"id":1476,"date":"2024-07-29T08:35:55","date_gmt":"2024-07-29T08:35:55","guid":{"rendered":"https:\/\/livingmarbella.hu\/?post_type=rem_property&#038;p=1476"},"modified":"2025-08-13T13:03:26","modified_gmt":"2025-08-13T13:03:26","slug":"c4","status":"publish","type":"rem_property","link":"https:\/\/livingmarbella.hu\/pl\/wlasnosc\/c4\/","title":{"rendered":"C4"},"content":{"rendered":"<p>Doskona\u0142a lokalizacja w pobli\u017cu nabrze\u017ca, osza\u0142amiaj\u0105ce panoramiczne widoki, nowoczesny design, potrzebujesz wi\u0119cej? Zaledwie 300 metr\u00f3w od osza\u0142amiaj\u0105cego wybrze\u017ca Fuengiroli, ten dobrze przemy\u015blany i<br \/>\nLuksusowy kompleks, w kt\u00f3rym zadbano nawet o samochody niskopod\u0142ogowe, z oddzieln\u0105 wind\u0105 samochodow\u0105. Prawie ca\u0142a fasada jest wykonana ze szk\u0142a, dzi\u0119ki czemu panorama morza jest integraln\u0105 cz\u0119\u015bci\u0105 domu. Osza\u0142amiaj\u0105cy widok na wod\u0119 z bliska mo\u017cna podziwia\u0107 r\u00f3wnie\u017c z wi\u0119kszo\u015bci pomieszcze\u0144 og\u00f3lnodost\u0119pnych: si\u0142owni, sali do pilatesu i podgrzewanego basenu. Opr\u00f3cz tego mieszka\u0144cy maj\u0105 do dyspozycji saun\u0119 i \u0142a\u017ani\u0119 tureck\u0105, w kt\u00f3rych mog\u0105 si\u0119 zrelaksowa\u0107.<\/p>\n<p>&nbsp;<\/p>\n<ul>\n<li>Liczba apartament\u00f3w: 77<\/li>\n<li>Ceny wywo\u0142awcze: apartament z 2-3 sypialniami od 900 900 EUR*<\/li>\n<li>Odleg\u0142o\u015b\u0107 od pla\u017cy: 300 m<\/li>\n<li>Dostawa: IV kwarta\u0142 2026 r.<\/li>\n<li>Odleg\u0142o\u015b\u0107 od lotniska w Maladze: 20 km<\/li>\n<li>Dodatki:\n<ul>\n<li>w pobli\u017cu wody<\/li>\n<li>kompleks butikowy<\/li>\n<li>odkryty i kryty basen<\/li>\n<li>si\u0142ownia<\/li>\n<li>spa<\/li>\n<li>Biuro Wsp\u00f3lnoty<\/li>\n<li>pasek<\/li>\n<li>odbi\u00f3r<\/li>\n<li>centralna lokalizacja<\/li>\n<li>panorama morska<\/li>\n<\/ul>\n<\/li>\n<\/ul>\n<p>&nbsp;<\/p>\n<p>Lokalizacja:<\/p>\n<p><img fetchpriority=\"high\" decoding=\"async\" class=\"alignnone size-medium wp-image-1488\" src=\"https:\/\/livingmarbella.hu\/wp-content\/uploads\/2024\/07\/C4t-300x176.webp\" alt=\"\" width=\"300\" height=\"176\" srcset=\"https:\/\/livingmarbella.hu\/wp-content\/uploads\/2024\/07\/C4t-300x176.webp 300w, https:\/\/livingmarbella.hu\/wp-content\/uploads\/2024\/07\/C4t-1024x601.webp 1024w, https:\/\/livingmarbella.hu\/wp-content\/uploads\/2024\/07\/C4t-768x451.webp 768w, https:\/\/livingmarbella.hu\/wp-content\/uploads\/2024\/07\/C4t.webp 1402w\" sizes=\"(max-width: 300px) 100vw, 300px\" \/><\/p>","protected":false},"excerpt":{"rendered":"<p>Kiv\u00e1l\u00f3 v\u00edzpart k\u00f6zeli elhelyezked\u00e9s, elk\u00e9peszt\u0151 panor\u00e1ma, kort\u00e1rs design, kell enn\u00e9l t\u00f6bb? Fuengirola csod\u00e1s tengerpartj\u00e1t\u00f3l mind\u00f6ssze 300 m\u00e9terre \u00e9p\u00fcl ez a minden r\u00e9szlet\u00e9ben \u00e1tgondolt luxuskomplexum, ahol m\u00e9g az alacsony padl\u00f3j\u00fa aut\u00f3kra is gondoltak, ugyanis k\u00fcl\u00f6n aut\u00f3liftet \u00e9p\u00edtettek ki. Szinte a teljes homlokzat \u00fcvegb\u0151l \u00e1ll, hogy a tengeri panor\u00e1ma a lak\u00e1sa alkot\u00f3eleme legyen. De a v\u00edz elk\u00e9peszt\u0151 [&hellip;]<\/p>","protected":false},"author":2,"featured_media":1481,"parent":0,"menu_order":0,"template":"","rem_property_cat":[],"class_list":["post-1476","rem_property","type-rem_property","status-publish","has-post-thumbnail","hentry","grve-entry-item"],"_links":{"self":[{"href":"https:\/\/livingmarbella.hu\/pl\/wp-json\/wp\/v2\/properties\/1476","targetHints":{"allow":["GET"]}}],"collection":[{"href":"https:\/\/livingmarbella.hu\/pl\/wp-json\/wp\/v2\/properties"}],"about":[{"href":"https:\/\/livingmarbella.hu\/pl\/wp-json\/wp\/v2\/types\/rem_property"}],"author":[{"embeddable":true,"href":"https:\/\/livingmarbella.hu\/pl\/wp-json\/wp\/v2\/users\/2"}],"wp:featuredmedia":[{"embeddable":true,"href":"https:\/\/livingmarbella.hu\/pl\/wp-json\/wp\/v2\/media\/1481"}],"wp:attachment":[{"href":"https:\/\/livingmarbella.hu\/pl\/wp-json\/wp\/v2\/media?parent=1476"}],"wp:term":[{"taxonomy":"rem_property_cat","embeddable":true,"href":"https:\/\/livingmarbella.hu\/pl\/wp-json\/wp\/v2\/rem_property_cat?post=1476"}],"curies":[{"name":"wp","href":"https:\/\/api.w.org\/{rel}","templated":true}]}}

<p>Doskonała lokalizacja w pobliżu nabrzeża, oszałamiające panoramiczne widoki, nowoczesny design, potrzebujesz więcej? Zaledwie 300 metrów od oszałamiającego wybrzeża Fuengiroli, ten dobrze przemyślany i<br />
Luksusowy kompleks, w którym zadbano nawet o samochody niskopodłogowe, z oddzielną windą samochodową. Prawie cała fasada jest wykonana ze szkła, dzięki czemu panorama morza jest integralną częścią domu. Oszałamiający widok na wodę z bliska można podziwiać również z większości pomieszczeń ogólnodostępnych: siłowni, sali do pilatesu i podgrzewanego basenu. Oprócz tego mieszkańcy mają do dyspozycji saunę i łaźnię turecką, w których mogą się zrelaksować.</p>
<p>&nbsp;</p>
<ul>
<li>Liczba apartamentów: 77</li>
<li>Ceny wywoławcze: apartament z 2-3 sypialniami od 900 900 EUR*</li>
<li>Odległość od plaży: 300 m</li>
<li>Dostawa: IV kwartał 2026 r.</li>
<li>Odległość od lotniska w Maladze: 20 km</li>
<li>Dodatki:
<ul>
<li>w pobliżu wody</li>
<li>kompleks butikowy</li>
<li>odkryty i kryty basen</li>
<li>siłownia</li>
<li>spa</li>
<li>Biuro Wspólnoty</li>
<li>pasek</li>
<li>odbiór</li>
<li>centralna lokalizacja</li>
<li>panorama morska</li>
</ul>
</li>
</ul>
<p>&nbsp;</p>
<p>Lokalizacja:</p>
<p><img fetchpriority="high" decoding="async" class="alignnone size-medium wp-image-1488" src="https://livingmarbella.hu/wp-content/uploads/2024/07/C4t-300x176.webp" alt="" width="300" height="176" srcset="https://livingmarbella.hu/wp-content/uploads/2024/07/C4t-300x176.webp 300w, https://livingmarbella.hu/wp-content/uploads/2024/07/C4t-1024x601.webp 1024w, https://livingmarbella.hu/wp-content/uploads/2024/07/C4t-768x451.webp 768w, https://livingmarbella.hu/wp-content/uploads/2024/07/C4t.webp 1402w" sizes="(max-width: 300px) 100vw, 300px" /></p>

<p>Kiváló vízpart közeli elhelyezkedés, elképesztő panoráma, kortárs design, kell ennél több? Fuengirola csodás tengerpartjától mindössze 300 méterre épül ez a minden részletében átgondolt luxuskomplexum, ahol még az alacsony padlójú autókra is gondoltak, ugyanis külön autóliftet építettek ki. Szinte a teljes homlokzat üvegből áll, hogy a tengeri panoráma a lakása alkotóeleme legyen. De a víz elképesztő [&hellip;]</p>
