{"id":1469,"date":"2024-07-29T08:31:14","date_gmt":"2024-07-29T08:31:14","guid":{"rendered":"https:\/\/livingmarbella.hu\/?post_type=rem_property&#038;p=1469"},"modified":"2025-08-13T13:04:43","modified_gmt":"2025-08-13T13:04:43","slug":"c3","status":"publish","type":"rem_property","link":"https:\/\/livingmarbella.hu\/pl\/wlasnosc\/c3\/","title":{"rendered":"C3"},"content":{"rendered":"<p><img fetchpriority=\"high\" decoding=\"async\" class=\"alignright wp-image-2035\" src=\"https:\/\/livingmarbella.hu\/wp-content\/uploads\/2024\/10\/C3-186x300.webp\" alt=\"\" width=\"250\" height=\"404\" srcset=\"https:\/\/livingmarbella.hu\/wp-content\/uploads\/2024\/10\/C3-186x300.webp 186w, https:\/\/livingmarbella.hu\/wp-content\/uploads\/2024\/10\/C3-634x1024.webp 634w, https:\/\/livingmarbella.hu\/wp-content\/uploads\/2024\/10\/C3-768x1241.webp 768w, https:\/\/livingmarbella.hu\/wp-content\/uploads\/2024\/10\/C3-951x1536.webp 951w, https:\/\/livingmarbella.hu\/wp-content\/uploads\/2024\/10\/C3.webp 1080w\" sizes=\"(max-width: 250px) 100vw, 250px\" \/>To w\u0142a\u015bnie wtedy dobra architektura i wysokiej jako\u015bci materia\u0142y pomagaj\u0105 w pe\u0142ni wykorzysta\u0107 naturalne cechy. Pomi\u0119dzy g\u00f3rami i morzem, te apartamenty z 2 i 3 sypialniami w<br \/>\nw Esteponie. Tarasowa konstrukcja budynk\u00f3w tworzy poczucie niesko\u0144czonej przestrzeni, oferuj\u0105c wspania\u0142e panoramiczne widoki i umo\u017cliwiaj\u0105c po\u0142\u0105czenie salonu, tarasu i \u015bwiata zewn\u0119trznego. Opr\u00f3cz wysokiej jako\u015bci apartament\u00f3w, dwa odkryte i kryte baseny, si\u0142ownia dla wszystkich potrzeb, sauna i biuro spo\u0142eczno\u015bci zapewniaj\u0105 komfort spo\u0142eczno\u015bci.<\/p>\n<p>&nbsp;<\/p>\n<ul>\n<li>Liczba apartament\u00f3w: 88<\/li>\n<li>Ceny wywo\u0142awcze: apartament z 2-3 sypialniami od 405 900 EUR*<\/li>\n<li>Odleg\u0142o\u015b\u0107 od pla\u017cy: 2,5 km<\/li>\n<li>Dostawa: IV kwarta\u0142 2026 r.<\/li>\n<li>Odleg\u0142o\u015b\u0107 od lotniska w Maladze: 73 km<\/li>\n<li>Dodatki:\n<ul>\n<li>2 baseny odkryte i 1 basen kryty<\/li>\n<li>si\u0142ownia<\/li>\n<li>sauna<\/li>\n<li>Biuro Wsp\u00f3lnoty<\/li>\n<li>panorama morska<\/li>\n<\/ul>\n<\/li>\n<\/ul>\n<p>&nbsp;<\/p>\n<p>Lokalizacja:<\/p>\n<p><img decoding=\"async\" class=\"alignnone size-medium wp-image-1475\" src=\"https:\/\/livingmarbella.hu\/wp-content\/uploads\/2024\/07\/C3t-300x191.webp\" alt=\"\" width=\"300\" height=\"191\" srcset=\"https:\/\/livingmarbella.hu\/wp-content\/uploads\/2024\/07\/C3t-300x191.webp 300w, https:\/\/livingmarbella.hu\/wp-content\/uploads\/2024\/07\/C3t-1024x651.webp 1024w, https:\/\/livingmarbella.hu\/wp-content\/uploads\/2024\/07\/C3t-768x488.webp 768w, https:\/\/livingmarbella.hu\/wp-content\/uploads\/2024\/07\/C3t.webp 1298w\" sizes=\"(max-width: 300px) 100vw, 300px\" \/><\/p>","protected":false},"excerpt":{"rendered":"<p>Ilyen, amikor a j\u00f3 \u00e9p\u00edt\u00e9szet \u00e9s a min\u0151s\u00e9gi anyagok seg\u00edtenek maxim\u00e1lisan kihaszn\u00e1lni a term\u00e9szeti adotts\u00e1gokat. Hegyek \u00e9s tenger k\u00f6z\u00f6tt \u00e9lhet\u00fcnk ebben a 2 \u00e9s 3 h\u00e1l\u00f3szob\u00e1s lak\u00e1sokat k\u00edn\u00e1l\u00f3 projektben, Estepon\u00e1ban. Az \u00e9p\u00fcletek teraszos kialak\u00edt\u00e1sa a v\u00e9gtelen t\u00e9r \u00e9rzet\u00e9t kelti, csod\u00e1s panor\u00e1m\u00e1t ny\u00fajt \u00e9s engedi, hogy egybefolyjon a nappali, a terasz \u00e9s a k\u00fclvil\u00e1g. A min\u0151s\u00e9gi [&hellip;]<\/p>","protected":false},"author":2,"featured_media":1471,"parent":0,"menu_order":0,"template":"","rem_property_cat":[],"class_list":["post-1469","rem_property","type-rem_property","status-publish","has-post-thumbnail","hentry","grve-entry-item"],"_links":{"self":[{"href":"https:\/\/livingmarbella.hu\/pl\/wp-json\/wp\/v2\/properties\/1469","targetHints":{"allow":["GET"]}}],"collection":[{"href":"https:\/\/livingmarbella.hu\/pl\/wp-json\/wp\/v2\/properties"}],"about":[{"href":"https:\/\/livingmarbella.hu\/pl\/wp-json\/wp\/v2\/types\/rem_property"}],"author":[{"embeddable":true,"href":"https:\/\/livingmarbella.hu\/pl\/wp-json\/wp\/v2\/users\/2"}],"wp:featuredmedia":[{"embeddable":true,"href":"https:\/\/livingmarbella.hu\/pl\/wp-json\/wp\/v2\/media\/1471"}],"wp:attachment":[{"href":"https:\/\/livingmarbella.hu\/pl\/wp-json\/wp\/v2\/media?parent=1469"}],"wp:term":[{"taxonomy":"rem_property_cat","embeddable":true,"href":"https:\/\/livingmarbella.hu\/pl\/wp-json\/wp\/v2\/rem_property_cat?post=1469"}],"curies":[{"name":"wp","href":"https:\/\/api.w.org\/{rel}","templated":true}]}}

<p><img fetchpriority="high" decoding="async" class="alignright wp-image-2035" src="https://livingmarbella.hu/wp-content/uploads/2024/10/C3-186x300.webp" alt="" width="250" height="404" srcset="https://livingmarbella.hu/wp-content/uploads/2024/10/C3-186x300.webp 186w, https://livingmarbella.hu/wp-content/uploads/2024/10/C3-634x1024.webp 634w, https://livingmarbella.hu/wp-content/uploads/2024/10/C3-768x1241.webp 768w, https://livingmarbella.hu/wp-content/uploads/2024/10/C3-951x1536.webp 951w, https://livingmarbella.hu/wp-content/uploads/2024/10/C3.webp 1080w" sizes="(max-width: 250px) 100vw, 250px" />To właśnie wtedy dobra architektura i wysokiej jakości materiały pomagają w pełni wykorzystać naturalne cechy. Pomiędzy górami i morzem, te apartamenty z 2 i 3 sypialniami w<br />
w Esteponie. Tarasowa konstrukcja budynków tworzy poczucie nieskończonej przestrzeni, oferując wspaniałe panoramiczne widoki i umożliwiając połączenie salonu, tarasu i świata zewnętrznego. Oprócz wysokiej jakości apartamentów, dwa odkryte i kryte baseny, siłownia dla wszystkich potrzeb, sauna i biuro społeczności zapewniają komfort społeczności.</p>
<p>&nbsp;</p>
<ul>
<li>Liczba apartamentów: 88</li>
<li>Ceny wywoławcze: apartament z 2-3 sypialniami od 405 900 EUR*</li>
<li>Odległość od plaży: 2,5 km</li>
<li>Dostawa: IV kwartał 2026 r.</li>
<li>Odległość od lotniska w Maladze: 73 km</li>
<li>Dodatki:
<ul>
<li>2 baseny odkryte i 1 basen kryty</li>
<li>siłownia</li>
<li>sauna</li>
<li>Biuro Wspólnoty</li>
<li>panorama morska</li>
</ul>
</li>
</ul>
<p>&nbsp;</p>
<p>Lokalizacja:</p>
<p><img decoding="async" class="alignnone size-medium wp-image-1475" src="https://livingmarbella.hu/wp-content/uploads/2024/07/C3t-300x191.webp" alt="" width="300" height="191" srcset="https://livingmarbella.hu/wp-content/uploads/2024/07/C3t-300x191.webp 300w, https://livingmarbella.hu/wp-content/uploads/2024/07/C3t-1024x651.webp 1024w, https://livingmarbella.hu/wp-content/uploads/2024/07/C3t-768x488.webp 768w, https://livingmarbella.hu/wp-content/uploads/2024/07/C3t.webp 1298w" sizes="(max-width: 300px) 100vw, 300px" /></p>

<p>Ilyen, amikor a jó építészet és a minőségi anyagok segítenek maximálisan kihasználni a természeti adottságokat. Hegyek és tenger között élhetünk ebben a 2 és 3 hálószobás lakásokat kínáló projektben, Esteponában. Az épületek teraszos kialakítása a végtelen tér érzetét kelti, csodás panorámát nyújt és engedi, hogy egybefolyjon a nappali, a terasz és a külvilág. A minőségi [&hellip;]</p>
