{"id":1446,"date":"2024-07-29T08:10:53","date_gmt":"2024-07-29T08:10:53","guid":{"rendered":"https:\/\/livingmarbella.hu\/?post_type=rem_property&#038;p=1446"},"modified":"2025-08-13T12:53:00","modified_gmt":"2025-08-13T12:53:00","slug":"bh4","status":"publish","type":"rem_property","link":"https:\/\/livingmarbella.hu\/pl\/wlasnosc\/bh4\/","title":{"rendered":"BH4"},"content":{"rendered":"<p>Mi\u0142o\u015bnicy golfa i s\u0142o\u0144ca r\u00f3wnie\u017c pokochaj\u0105 ten kompleks! Podobnie jak projekt B6, znajduje si\u0119 on obok pola golfowego Finca Cortes\u00edn, zaledwie 15 minut od Estepony. Nieruchomo\u015bci z 2, 3 i 4 sypialniami s\u0105 rozmieszczone w 9 budynkach, z kt\u00f3rych wszystkie charakteryzuj\u0105 si\u0119 nowoczesnym designem i wysokiej jako\u015bci materia\u0142ami. Orientacja zachodnio-po\u0142udniowo-zachodnia zapewnia maksymalne naturalne \u015bwiat\u0142o, tworz\u0105c jasne, przestronne wn\u0119trza. Przestrzenie wsp\u00f3lne kompleksu zosta\u0142y r\u00f3wnie\u017c zaprojektowane z my\u015bl\u0105 o jako\u015bci \u017cycia, z du\u017cymi wsp\u00f3lnymi ogrodami, basenem i si\u0142owni\u0105.<\/p>\n<p>&nbsp;<\/p>\n<p>&nbsp;<\/p>\n<ul>\n<li>Liczba apartament\u00f3w: 134<\/li>\n<li>Ceny wywo\u0142awcze: apartament z 2-4 sypialniami od 268 400 EUR*<\/li>\n<li>Odleg\u0142o\u015b\u0107 od pla\u017cy: 2,5 km<\/li>\n<li>Dostawa: IV kwarta\u0142 2026 r.<\/li>\n<li>Odleg\u0142o\u015b\u0107 od lotniska w Maladze: 92 km<\/li>\n<li>Dodatki:\n<ul>\n<li>basen<\/li>\n<li>si\u0142ownia<\/li>\n<li>panoramiczny widok na pole golfowe<\/li>\n<\/ul>\n<\/li>\n<\/ul>\n<p>&nbsp;<\/p>\n<p>&nbsp;<\/p>\n<p>Lokalizacja:<\/p>\n<p><img fetchpriority=\"high\" decoding=\"async\" class=\"alignnone size-medium wp-image-1455\" src=\"https:\/\/livingmarbella.hu\/wp-content\/uploads\/2024\/07\/BH4-300x188.webp\" alt=\"\" width=\"300\" height=\"188\" srcset=\"https:\/\/livingmarbella.hu\/wp-content\/uploads\/2024\/07\/BH4-300x188.webp 300w, https:\/\/livingmarbella.hu\/wp-content\/uploads\/2024\/07\/BH4-1024x641.webp 1024w, https:\/\/livingmarbella.hu\/wp-content\/uploads\/2024\/07\/BH4-768x480.webp 768w, https:\/\/livingmarbella.hu\/wp-content\/uploads\/2024\/07\/BH4.webp 1298w\" sizes=\"(max-width: 300px) 100vw, 300px\" \/><\/p>","protected":false},"excerpt":{"rendered":"<p>A golf \u00e9s a nap szerelmeseinek kedvence lesz ez a komplexum is! A B6 projekthez hasonl\u00f3an ez is a Finca Cortes\u00edn golfp\u00e1lya mellett van, Estepon\u00e1t\u00f3l mind\u00f6ssze 15 percre. A 2, 3 \u00e9s 4 h\u00e1l\u00f3szob\u00e1s ingatlanok 9 \u00e9p\u00fcletben oszlanak el, melyek mindegyike modern diz\u00e1jnnal \u00e9s min\u0151s\u00e9gi anyagokkal b\u00fcszk\u00e9lkedhet. A nyugat-d\u00e9lnyugati t\u00e1jol\u00e1s maxim\u00e1lis term\u00e9szetes f\u00e9nyt biztos\u00edt, hogy [&hellip;]<\/p>","protected":false},"author":2,"featured_media":1454,"parent":0,"menu_order":0,"template":"","rem_property_cat":[],"class_list":["post-1446","rem_property","type-rem_property","status-publish","has-post-thumbnail","hentry","grve-entry-item"],"_links":{"self":[{"href":"https:\/\/livingmarbella.hu\/pl\/wp-json\/wp\/v2\/properties\/1446","targetHints":{"allow":["GET"]}}],"collection":[{"href":"https:\/\/livingmarbella.hu\/pl\/wp-json\/wp\/v2\/properties"}],"about":[{"href":"https:\/\/livingmarbella.hu\/pl\/wp-json\/wp\/v2\/types\/rem_property"}],"author":[{"embeddable":true,"href":"https:\/\/livingmarbella.hu\/pl\/wp-json\/wp\/v2\/users\/2"}],"wp:featuredmedia":[{"embeddable":true,"href":"https:\/\/livingmarbella.hu\/pl\/wp-json\/wp\/v2\/media\/1454"}],"wp:attachment":[{"href":"https:\/\/livingmarbella.hu\/pl\/wp-json\/wp\/v2\/media?parent=1446"}],"wp:term":[{"taxonomy":"rem_property_cat","embeddable":true,"href":"https:\/\/livingmarbella.hu\/pl\/wp-json\/wp\/v2\/rem_property_cat?post=1446"}],"curies":[{"name":"wp","href":"https:\/\/api.w.org\/{rel}","templated":true}]}}

<p>Miłośnicy golfa i słońca również pokochają ten kompleks! Podobnie jak projekt B6, znajduje się on obok pola golfowego Finca Cortesín, zaledwie 15 minut od Estepony. Nieruchomości z 2, 3 i 4 sypialniami są rozmieszczone w 9 budynkach, z których wszystkie charakteryzują się nowoczesnym designem i wysokiej jakości materiałami. Orientacja zachodnio-południowo-zachodnia zapewnia maksymalne naturalne światło, tworząc jasne, przestronne wnętrza. Przestrzenie wspólne kompleksu zostały również zaprojektowane z myślą o jakości życia, z dużymi wspólnymi ogrodami, basenem i siłownią.</p>
<p>&nbsp;</p>
<p>&nbsp;</p>
<ul>
<li>Liczba apartamentów: 134</li>
<li>Ceny wywoławcze: apartament z 2-4 sypialniami od 268 400 EUR*</li>
<li>Odległość od plaży: 2,5 km</li>
<li>Dostawa: IV kwartał 2026 r.</li>
<li>Odległość od lotniska w Maladze: 92 km</li>
<li>Dodatki:
<ul>
<li>basen</li>
<li>siłownia</li>
<li>panoramiczny widok na pole golfowe</li>
</ul>
</li>
</ul>
<p>&nbsp;</p>
<p>&nbsp;</p>
<p>Lokalizacja:</p>
<p><img fetchpriority="high" decoding="async" class="alignnone size-medium wp-image-1455" src="https://livingmarbella.hu/wp-content/uploads/2024/07/BH4-300x188.webp" alt="" width="300" height="188" srcset="https://livingmarbella.hu/wp-content/uploads/2024/07/BH4-300x188.webp 300w, https://livingmarbella.hu/wp-content/uploads/2024/07/BH4-1024x641.webp 1024w, https://livingmarbella.hu/wp-content/uploads/2024/07/BH4-768x480.webp 768w, https://livingmarbella.hu/wp-content/uploads/2024/07/BH4.webp 1298w" sizes="(max-width: 300px) 100vw, 300px" /></p>

<p>A golf és a nap szerelmeseinek kedvence lesz ez a komplexum is! A B6 projekthez hasonlóan ez is a Finca Cortesín golfpálya mellett van, Esteponától mindössze 15 percre. A 2, 3 és 4 hálószobás ingatlanok 9 épületben oszlanak el, melyek mindegyike modern dizájnnal és minőségi anyagokkal büszkélkedhet. A nyugat-délnyugati tájolás maximális természetes fényt biztosít, hogy [&hellip;]</p>
