{"id":1435,"date":"2024-07-29T08:03:32","date_gmt":"2024-07-29T08:03:32","guid":{"rendered":"https:\/\/livingmarbella.hu\/?post_type=rem_property&#038;p=1435"},"modified":"2025-08-13T12:51:01","modified_gmt":"2025-08-13T12:51:01","slug":"bh3","status":"publish","type":"rem_property","link":"https:\/\/livingmarbella.hu\/pl\/wlasnosc\/bh3\/","title":{"rendered":"BH3"},"content":{"rendered":"<p>Je\u015bli szukasz doskona\u0142ej lokalizacji i przyjaznego \u015brodowiska do \u017cycia, to w\u0142a\u015bnie znalaz\u0142e\u015b! Estepona znajduje si\u0119 zaledwie 10 minut jazdy samochodem, pla\u017ca 10 minut spacerem, a supermarkety jeszcze bli\u017cej<br \/>\ns\u0105. Projekt sk\u0142ada si\u0119 z 41 skierowanych na po\u0142udnie apartament\u00f3w z 2 i 3 sypialniami, dzi\u0119ki czemu wszyscy mieszka\u0144cy mog\u0105 cieszy\u0107 si\u0119 s\u0142o\u0144cem niemal ka\u017cdego dnia w roku. Ogrodzony kompleks b\u0119dzie obejmowa\u0142 odkryty basen, du\u017cy pi\u0119kny ogr\u00f3d, si\u0142owni\u0119 i klub spo\u0142eczno\u015bci. Ka\u017cdy apartament posiada gara\u017c i miejsce do przechowywania, wi\u0119c mo\u017ce to by\u0107 idealna nieruchomo\u015b\u0107 dla Ciebie, niezale\u017cnie od tego, czy chcesz go u\u017cywa\u0107 jako domu wakacyjnego, czy jako stylu \u017cycia.<\/p>\n<p>&nbsp;<\/p>\n<ul>\n<li>Liczba apartament\u00f3w: 41<\/li>\n<li>Ceny wywo\u0142awcze: apartament z 2-3 sypialniami od 437 800 EUR*<\/li>\n<li>Odleg\u0142o\u015b\u0107 od pla\u017cy: 1,2 km<\/li>\n<li>Dostawa: IV kwarta\u0142 2025 r.<\/li>\n<li>Odleg\u0142o\u015b\u0107 od lotniska w Maladze: 84 km<\/li>\n<li>Dodatki:\n<ul>\n<li>basen<\/li>\n<li>si\u0142ownia<\/li>\n<li>przestrze\u0144 spo\u0142eczna<\/li>\n<li>centralna lokalizacja<\/li>\n<\/ul>\n<\/li>\n<\/ul>\n<p>&nbsp;<\/p>\n<p>Lokalizacja:<\/p>\n<p><img fetchpriority=\"high\" decoding=\"async\" class=\"alignnone size-medium wp-image-1445\" src=\"https:\/\/livingmarbella.hu\/wp-content\/uploads\/2024\/07\/BH3t-300x211.webp\" alt=\"\" width=\"300\" height=\"211\" srcset=\"https:\/\/livingmarbella.hu\/wp-content\/uploads\/2024\/07\/BH3t-300x211.webp 300w, https:\/\/livingmarbella.hu\/wp-content\/uploads\/2024\/07\/BH3t-1024x722.webp 1024w, https:\/\/livingmarbella.hu\/wp-content\/uploads\/2024\/07\/BH3t-768x541.webp 768w, https:\/\/livingmarbella.hu\/wp-content\/uploads\/2024\/07\/BH3t.webp 1240w\" sizes=\"(max-width: 300px) 100vw, 300px\" \/><\/p>","protected":false},"excerpt":{"rendered":"<p>Ha szuper lok\u00e1ci\u00f3t \u00e9s \u00e9lhet\u0151 k\u00f6rnyezetet keres, megtal\u00e1lta! Estepona mind\u00f6ssze 10 perces aut\u00f3\u00fatra, a tengerpart 10 perces s\u00e9t\u00e1ra tal\u00e1lhat\u00f3, a szupermarketek pedig m\u00e9g enn\u00e9l is k\u00f6zelebb vannak. A projekt 41 db d\u00e9li fekv\u00e9s\u0171, 2 \u00e9s 3 h\u00e1l\u00f3szob\u00e1s lak\u00e1sb\u00f3l \u00e1ll, \u00edgy minden lak\u00f3 \u00e9lvezheti a naps\u00fct\u00e9st az \u00e9v szinte minden napj\u00e1n. A z\u00e1rt komplexumban kialak\u00edt\u00e1sra ker\u00fcl [&hellip;]<\/p>","protected":false},"author":2,"featured_media":1444,"parent":0,"menu_order":0,"template":"","rem_property_cat":[],"class_list":["post-1435","rem_property","type-rem_property","status-publish","has-post-thumbnail","hentry","grve-entry-item"],"_links":{"self":[{"href":"https:\/\/livingmarbella.hu\/pl\/wp-json\/wp\/v2\/properties\/1435","targetHints":{"allow":["GET"]}}],"collection":[{"href":"https:\/\/livingmarbella.hu\/pl\/wp-json\/wp\/v2\/properties"}],"about":[{"href":"https:\/\/livingmarbella.hu\/pl\/wp-json\/wp\/v2\/types\/rem_property"}],"author":[{"embeddable":true,"href":"https:\/\/livingmarbella.hu\/pl\/wp-json\/wp\/v2\/users\/2"}],"wp:featuredmedia":[{"embeddable":true,"href":"https:\/\/livingmarbella.hu\/pl\/wp-json\/wp\/v2\/media\/1444"}],"wp:attachment":[{"href":"https:\/\/livingmarbella.hu\/pl\/wp-json\/wp\/v2\/media?parent=1435"}],"wp:term":[{"taxonomy":"rem_property_cat","embeddable":true,"href":"https:\/\/livingmarbella.hu\/pl\/wp-json\/wp\/v2\/rem_property_cat?post=1435"}],"curies":[{"name":"wp","href":"https:\/\/api.w.org\/{rel}","templated":true}]}}

<p>Jeśli szukasz doskonałej lokalizacji i przyjaznego środowiska do życia, to właśnie znalazłeś! Estepona znajduje się zaledwie 10 minut jazdy samochodem, plaża 10 minut spacerem, a supermarkety jeszcze bliżej<br />
są. Projekt składa się z 41 skierowanych na południe apartamentów z 2 i 3 sypialniami, dzięki czemu wszyscy mieszkańcy mogą cieszyć się słońcem niemal każdego dnia w roku. Ogrodzony kompleks będzie obejmował odkryty basen, duży piękny ogród, siłownię i klub społeczności. Każdy apartament posiada garaż i miejsce do przechowywania, więc może to być idealna nieruchomość dla Ciebie, niezależnie od tego, czy chcesz go używać jako domu wakacyjnego, czy jako stylu życia.</p>
<p>&nbsp;</p>
<ul>
<li>Liczba apartamentów: 41</li>
<li>Ceny wywoławcze: apartament z 2-3 sypialniami od 437 800 EUR*</li>
<li>Odległość od plaży: 1,2 km</li>
<li>Dostawa: IV kwartał 2025 r.</li>
<li>Odległość od lotniska w Maladze: 84 km</li>
<li>Dodatki:
<ul>
<li>basen</li>
<li>siłownia</li>
<li>przestrzeń społeczna</li>
<li>centralna lokalizacja</li>
</ul>
</li>
</ul>
<p>&nbsp;</p>
<p>Lokalizacja:</p>
<p><img fetchpriority="high" decoding="async" class="alignnone size-medium wp-image-1445" src="https://livingmarbella.hu/wp-content/uploads/2024/07/BH3t-300x211.webp" alt="" width="300" height="211" srcset="https://livingmarbella.hu/wp-content/uploads/2024/07/BH3t-300x211.webp 300w, https://livingmarbella.hu/wp-content/uploads/2024/07/BH3t-1024x722.webp 1024w, https://livingmarbella.hu/wp-content/uploads/2024/07/BH3t-768x541.webp 768w, https://livingmarbella.hu/wp-content/uploads/2024/07/BH3t.webp 1240w" sizes="(max-width: 300px) 100vw, 300px" /></p>

<p>Ha szuper lokációt és élhető környezetet keres, megtalálta! Estepona mindössze 10 perces autóútra, a tengerpart 10 perces sétára található, a szupermarketek pedig még ennél is közelebb vannak. A projekt 41 db déli fekvésű, 2 és 3 hálószobás lakásból áll, így minden lakó élvezheti a napsütést az év szinte minden napján. A zárt komplexumban kialakításra kerül [&hellip;]</p>
