{"id":1419,"date":"2024-07-29T07:50:40","date_gmt":"2024-07-29T07:50:40","guid":{"rendered":"https:\/\/livingmarbella.hu\/?post_type=rem_property&#038;p=1419"},"modified":"2025-08-13T12:51:29","modified_gmt":"2025-08-13T12:51:29","slug":"b4","status":"publish","type":"rem_property","link":"https:\/\/livingmarbella.hu\/pl\/wlasnosc\/b4\/","title":{"rendered":"B4"},"content":{"rendered":"<p>Kochasz Malag\u0119, ale nie chcesz mieszka\u0107 w centrum miasta? Po\u0142o\u017cony w Rinc\u00f3n de la Victoria, zaledwie 20 minut od portu w Maladze, b\u0119dziesz cieszy\u0107 si\u0119 spokojem i widokami na morze, o kt\u00f3rych nigdy nie marzy\u0142e\u015b. Nazwa renomowanych architekt\u00f3w Ma\u00edz &amp; D\u00edaz jest gwarancj\u0105 nie tylko jako\u015bci i form, kt\u00f3re wtapiaj\u0105 si\u0119 w otoczenie, ale tak\u017ce przemy\u015blanych uk\u0142ad\u00f3w. Wszystkie domy z 2 i 3 sypialniami maj\u0105 widok na morze, do kt\u00f3rego mo\u017cna dojecha\u0107 samochodem w ci\u0105gu kilku minut. Na terenie kompleksu znajduje si\u0119 r\u00f3wnie\u017c basen bez kraw\u0119dzi i si\u0142ownia.<\/p>\n<p>&nbsp;<\/p>\n<ul>\n<li>Liczba apartament\u00f3w: 102<\/li>\n<li>Ceny wywo\u0142awcze: apartament z 2-3 sypialniami od 418 000 EUR*<\/li>\n<li>Odleg\u0142o\u015b\u0107 od pla\u017cy: 3-5 km<\/li>\n<li>Dostawa: II kwarta\u0142 2025 r.<\/li>\n<li>Odleg\u0142o\u015b\u0107 od lotniska w Maladze: 32 km<\/li>\n<li>Dodatki:\n<ul>\n<li>basen<\/li>\n<li>taras s\u0142oneczny<\/li>\n<li>panorama morska<\/li>\n<\/ul>\n<\/li>\n<\/ul>\n<p>&nbsp;<\/p>\n<p>Lokalizacja:<\/p>\n<p><img fetchpriority=\"high\" decoding=\"async\" class=\"alignnone size-medium wp-image-1434\" src=\"https:\/\/livingmarbella.hu\/wp-content\/uploads\/2024\/07\/B4t-300x201.webp\" alt=\"\" width=\"300\" height=\"201\" srcset=\"https:\/\/livingmarbella.hu\/wp-content\/uploads\/2024\/07\/B4t-300x201.webp 300w, https:\/\/livingmarbella.hu\/wp-content\/uploads\/2024\/07\/B4t-1024x685.webp 1024w, https:\/\/livingmarbella.hu\/wp-content\/uploads\/2024\/07\/B4t-768x514.webp 768w, https:\/\/livingmarbella.hu\/wp-content\/uploads\/2024\/07\/B4t.webp 1240w\" sizes=\"(max-width: 300px) 100vw, 300px\" \/><\/p>","protected":false},"excerpt":{"rendered":"<p>Kocha Malag\u0119, ale nie chce Pan\/Pani mieszka\u0107 w centrum miasta? Nasz projekt w miejscowo\u015bci Rinc\u00f3n de la Victoria znajduje si\u0119 zaledwie 20 minut od portu w Maladze, ale oferuje spok\u00f3j i panoram\u0119 morska, o kt\u00f3rej dot\u0105d mo\u017cna by\u0142o tylko marzy\u0107. Renomowany duet architektoniczny Ma\u00edz&amp;D\u00edaz to gwarancja nie tylko form dopasowanych do otoczenia i jako\u015bci, ale tak\u017ce przemy\u015blanych rozk\u0142ad\u00f3w pomieszcze\u0144. [\u2026]<\/p>","protected":false},"author":2,"featured_media":1432,"parent":0,"menu_order":0,"template":"","rem_property_cat":[],"class_list":["post-1419","rem_property","type-rem_property","status-publish","has-post-thumbnail","hentry","grve-entry-item"],"_links":{"self":[{"href":"https:\/\/livingmarbella.hu\/pl\/wp-json\/wp\/v2\/properties\/1419","targetHints":{"allow":["GET"]}}],"collection":[{"href":"https:\/\/livingmarbella.hu\/pl\/wp-json\/wp\/v2\/properties"}],"about":[{"href":"https:\/\/livingmarbella.hu\/pl\/wp-json\/wp\/v2\/types\/rem_property"}],"author":[{"embeddable":true,"href":"https:\/\/livingmarbella.hu\/pl\/wp-json\/wp\/v2\/users\/2"}],"wp:featuredmedia":[{"embeddable":true,"href":"https:\/\/livingmarbella.hu\/pl\/wp-json\/wp\/v2\/media\/1432"}],"wp:attachment":[{"href":"https:\/\/livingmarbella.hu\/pl\/wp-json\/wp\/v2\/media?parent=1419"}],"wp:term":[{"taxonomy":"rem_property_cat","embeddable":true,"href":"https:\/\/livingmarbella.hu\/pl\/wp-json\/wp\/v2\/rem_property_cat?post=1419"}],"curies":[{"name":"wp","href":"https:\/\/api.w.org\/{rel}","templated":true}]}}

<p>Kochasz Malagę, ale nie chcesz mieszkać w centrum miasta? Położony w Rincón de la Victoria, zaledwie 20 minut od portu w Maladze, będziesz cieszyć się spokojem i widokami na morze, o których nigdy nie marzyłeś. Nazwa renomowanych architektów Maíz &amp; Díaz jest gwarancją nie tylko jakości i form, które wtapiają się w otoczenie, ale także przemyślanych układów. Wszystkie domy z 2 i 3 sypialniami mają widok na morze, do którego można dojechać samochodem w ciągu kilku minut. Na terenie kompleksu znajduje się również basen bez krawędzi i siłownia.</p>
<p>&nbsp;</p>
<ul>
<li>Liczba apartamentów: 102</li>
<li>Ceny wywoławcze: apartament z 2-3 sypialniami od 418 000 EUR*</li>
<li>Odległość od plaży: 3-5 km</li>
<li>Dostawa: II kwartał 2025 r.</li>
<li>Odległość od lotniska w Maladze: 32 km</li>
<li>Dodatki:
<ul>
<li>basen</li>
<li>taras słoneczny</li>
<li>panorama morska</li>
</ul>
</li>
</ul>
<p>&nbsp;</p>
<p>Lokalizacja:</p>
<p><img fetchpriority="high" decoding="async" class="alignnone size-medium wp-image-1434" src="https://livingmarbella.hu/wp-content/uploads/2024/07/B4t-300x201.webp" alt="" width="300" height="201" srcset="https://livingmarbella.hu/wp-content/uploads/2024/07/B4t-300x201.webp 300w, https://livingmarbella.hu/wp-content/uploads/2024/07/B4t-1024x685.webp 1024w, https://livingmarbella.hu/wp-content/uploads/2024/07/B4t-768x514.webp 768w, https://livingmarbella.hu/wp-content/uploads/2024/07/B4t.webp 1240w" sizes="(max-width: 300px) 100vw, 300px" /></p>

<p>Kocha Malagę, ale nie chce Pan/Pani mieszkać w centrum miasta? Nasz projekt w miejscowości Rincón de la Victoria znajduje się zaledwie 20 minut od portu w Maladze, ale oferuje spokój i panoramę morska, o której dotąd można było tylko marzyć. Renomowany duet architektoniczny Maíz&amp;Díaz to gwarancja nie tylko form dopasowanych do otoczenia i jakości, ale także przemyślanych rozkładów pomieszczeń. […]</p>
