{"id":1407,"date":"2024-07-29T07:43:35","date_gmt":"2024-07-29T07:43:35","guid":{"rendered":"https:\/\/livingmarbella.hu\/?post_type=rem_property&#038;p=1407"},"modified":"2025-08-13T12:41:51","modified_gmt":"2025-08-13T12:41:51","slug":"b3","status":"publish","type":"rem_property","link":"https:\/\/livingmarbella.hu\/pl\/wlasnosc\/b3\/","title":{"rendered":"B3"},"content":{"rendered":"<p>Wspania\u0142e widoki, wysoka jako\u015b\u0107 i przyst\u0119pne ceny! Ten projekt jest uosobieniem dobrego stosunku jako\u015bci do ceny. Je\u015bli wybierzesz nieruchomo\u015b\u0107 tutaj, nadal mo\u017cesz cieszy\u0107 si\u0119 \u015br\u00f3dziemnomorskim stylem \u017cycia i XXI wiekiem.<br \/>\nkomfort, je\u015bli nie wygra\u0142e\u015b na loterii. Kompleks na wzg\u00f3rzu w Mijas oferuje apartamenty z 2 i 3 sypialniami oraz penthousy, po\u0142owa z widokiem na morze, a druga po\u0142owa z widokiem na starannie zagospodarowane ogrody.<br \/>\nz widokiem na zadbane pola golfowe. Obszary wsp\u00f3lne obejmuj\u0105 ogrody krajobrazowe, du\u017cy odkryty basen, taras s\u0142oneczny, si\u0142owni\u0119 i biuro spo\u0142eczno\u015bci dla wygody mieszka\u0144c\u00f3w.<\/p>\n<p>&nbsp;<\/p>\n<ul>\n<li>Liczba apartament\u00f3w: 108<\/li>\n<li>Ceny wywo\u0142awcze: apartament z 2-3 sypialniami od 400 400 EUR*<\/li>\n<li>Odleg\u0142o\u015b\u0107 od pla\u017cy: 3-5 km<\/li>\n<li>Dostawa: III kwarta\u0142 2026 r.<\/li>\n<li>Odleg\u0142o\u015b\u0107 od lotniska w Maladze: 37 km<\/li>\n<li>Dodatki:\n<ul>\n<li>basen<\/li>\n<li>si\u0142ownia<\/li>\n<li>panorama morska<\/li>\n<\/ul>\n<\/li>\n<\/ul>\n<p>&nbsp;<\/p>\n<p>Lokalizacja:<\/p>\n<p><img fetchpriority=\"high\" decoding=\"async\" class=\"alignnone size-medium wp-image-1418\" src=\"https:\/\/livingmarbella.hu\/wp-content\/uploads\/2024\/07\/B3t-300x193.webp\" alt=\"\" width=\"300\" height=\"193\" srcset=\"https:\/\/livingmarbella.hu\/wp-content\/uploads\/2024\/07\/B3t-300x193.webp 300w, https:\/\/livingmarbella.hu\/wp-content\/uploads\/2024\/07\/B3t-1024x657.webp 1024w, https:\/\/livingmarbella.hu\/wp-content\/uploads\/2024\/07\/B3t-768x493.webp 768w, https:\/\/livingmarbella.hu\/wp-content\/uploads\/2024\/07\/B3t.webp 1323w\" sizes=\"(max-width: 300px) 100vw, 300px\" \/><\/p>","protected":false},"excerpt":{"rendered":"<p>Szuper kil\u00e1t\u00e1s, magas min\u0151s\u00e9g \u00e9s megfizethet\u0151 \u00e1rak! Ez a projekt a j\u00f3 \u00e1r-\u00e9rt\u00e9k ar\u00e1ny mintap\u00e9ld\u00e1nya. Ha itt v\u00e1laszt ingatlant, akkor is \u00e9lvezheti a mediterr\u00e1n \u00e9letet \u00e9s a 21. sz\u00e1zadi komfortot, ha nem nyert a lott\u00f3n. A Mijas hegyoldal\u00e1ban elhelyezked\u0151 komplexum 2 \u00e9s 3 h\u00e1l\u00f3szob\u00e1s lak\u00e1sokat \u00e9s penthouse-okat k\u00edn\u00e1l, melyek egyik fele a tengerre, m\u00e1sik fele [&hellip;]<\/p>","protected":false},"author":2,"featured_media":1417,"parent":0,"menu_order":0,"template":"","rem_property_cat":[],"class_list":["post-1407","rem_property","type-rem_property","status-publish","has-post-thumbnail","hentry","grve-entry-item"],"_links":{"self":[{"href":"https:\/\/livingmarbella.hu\/pl\/wp-json\/wp\/v2\/properties\/1407","targetHints":{"allow":["GET"]}}],"collection":[{"href":"https:\/\/livingmarbella.hu\/pl\/wp-json\/wp\/v2\/properties"}],"about":[{"href":"https:\/\/livingmarbella.hu\/pl\/wp-json\/wp\/v2\/types\/rem_property"}],"author":[{"embeddable":true,"href":"https:\/\/livingmarbella.hu\/pl\/wp-json\/wp\/v2\/users\/2"}],"wp:featuredmedia":[{"embeddable":true,"href":"https:\/\/livingmarbella.hu\/pl\/wp-json\/wp\/v2\/media\/1417"}],"wp:attachment":[{"href":"https:\/\/livingmarbella.hu\/pl\/wp-json\/wp\/v2\/media?parent=1407"}],"wp:term":[{"taxonomy":"rem_property_cat","embeddable":true,"href":"https:\/\/livingmarbella.hu\/pl\/wp-json\/wp\/v2\/rem_property_cat?post=1407"}],"curies":[{"name":"wp","href":"https:\/\/api.w.org\/{rel}","templated":true}]}}

<p>Wspaniałe widoki, wysoka jakość i przystępne ceny! Ten projekt jest uosobieniem dobrego stosunku jakości do ceny. Jeśli wybierzesz nieruchomość tutaj, nadal możesz cieszyć się śródziemnomorskim stylem życia i XXI wiekiem.<br />
komfort, jeśli nie wygrałeś na loterii. Kompleks na wzgórzu w Mijas oferuje apartamenty z 2 i 3 sypialniami oraz penthousy, połowa z widokiem na morze, a druga połowa z widokiem na starannie zagospodarowane ogrody.<br />
z widokiem na zadbane pola golfowe. Obszary wspólne obejmują ogrody krajobrazowe, duży odkryty basen, taras słoneczny, siłownię i biuro społeczności dla wygody mieszkańców.</p>
<p>&nbsp;</p>
<ul>
<li>Liczba apartamentów: 108</li>
<li>Ceny wywoławcze: apartament z 2-3 sypialniami od 400 400 EUR*</li>
<li>Odległość od plaży: 3-5 km</li>
<li>Dostawa: III kwartał 2026 r.</li>
<li>Odległość od lotniska w Maladze: 37 km</li>
<li>Dodatki:
<ul>
<li>basen</li>
<li>siłownia</li>
<li>panorama morska</li>
</ul>
</li>
</ul>
<p>&nbsp;</p>
<p>Lokalizacja:</p>
<p><img fetchpriority="high" decoding="async" class="alignnone size-medium wp-image-1418" src="https://livingmarbella.hu/wp-content/uploads/2024/07/B3t-300x193.webp" alt="" width="300" height="193" srcset="https://livingmarbella.hu/wp-content/uploads/2024/07/B3t-300x193.webp 300w, https://livingmarbella.hu/wp-content/uploads/2024/07/B3t-1024x657.webp 1024w, https://livingmarbella.hu/wp-content/uploads/2024/07/B3t-768x493.webp 768w, https://livingmarbella.hu/wp-content/uploads/2024/07/B3t.webp 1323w" sizes="(max-width: 300px) 100vw, 300px" /></p>

<p>Szuper kilátás, magas minőség és megfizethető árak! Ez a projekt a jó ár-érték arány mintapéldánya. Ha itt választ ingatlant, akkor is élvezheti a mediterrán életet és a 21. századi komfortot, ha nem nyert a lottón. A Mijas hegyoldalában elhelyezkedő komplexum 2 és 3 hálószobás lakásokat és penthouse-okat kínál, melyek egyik fele a tengerre, másik fele [&hellip;]</p>
