{"id":1389,"date":"2024-07-29T07:16:33","date_gmt":"2024-07-29T07:16:33","guid":{"rendered":"https:\/\/livingmarbella.hu\/?post_type=rem_property&#038;p=1389"},"modified":"2025-08-13T12:26:35","modified_gmt":"2025-08-13T12:26:35","slug":"aa4","status":"publish","type":"rem_property","link":"https:\/\/livingmarbella.hu\/pl\/wlasnosc\/aa4\/","title":{"rendered":"AA4"},"content":{"rendered":"<p style=\"text-align: left;\">Projekt ten stanowi idealne po\u0142\u0105czenie blisko\u015bci natury i infrastruktury,<br \/>\nPo\u0142o\u017cony na obrze\u017cach Estepony, na szczycie wzg\u00f3rza, aby uzyska\u0107 najlepszy mo\u017cliwy widok.<br \/>\nEstepona, znana r\u00f3wnie\u017c jako nowe z\u0142ote wybrze\u017ce Costa del Sol, to t\u0119tni\u0105ce \u017cyciem miasto,<br \/>\ngdzie znajduj\u0105 si\u0119 wszystkie us\u0142ugi i 20-kilometrowa zadbana pla\u017ca.<br \/>\nB\u0119dziesz tylko rzut kamieniem od hotelu, ciesz\u0105c si\u0119 cisz\u0105 i spokojem<br \/>\ni wszystkie zalety zamkni\u0119tej spo\u0142eczno\u015bci: basen, taras s\u0142oneczny i dost\u0119p do klubu,<br \/>\nz podgrzewanym basenem, stref\u0105 wellness i si\u0142owni\u0105.<\/p>\n<p>&nbsp;<\/p>\n<ul>\n<li>Liczba dom\u00f3w szeregowych: 73<\/li>\n<li>Ceny wywo\u0142awcze: kamienica z 2-4 sypialniami od 624 500 EUR*<\/li>\n<li>Odleg\u0142o\u015b\u0107 od pla\u017cy: 3 km<\/li>\n<li>Dostawa: pierwszy kwarta\u0142 2026 r.<\/li>\n<li>Odleg\u0142o\u015b\u0107 od lotniska w Maladze: 74 km<\/li>\n<li>Dodatki:\n<ul>\n<li>odkryty i kryty basen<\/li>\n<li>si\u0142ownia<\/li>\n<li>sauny<\/li>\n<li>kuchnia spo\u0142eczna<\/li>\n<li>panorama morska<\/li>\n<\/ul>\n<\/li>\n<\/ul>\n<p>&nbsp;<\/p>\n<p>&nbsp;<\/p>\n<p>Lokalizacja:<\/p>\n<p><img fetchpriority=\"high\" decoding=\"async\" class=\"alignnone size-medium wp-image-1401\" src=\"https:\/\/livingmarbella.hu\/wp-content\/uploads\/2024\/07\/AA4t-300x195.webp\" alt=\"\" width=\"300\" height=\"195\" srcset=\"https:\/\/livingmarbella.hu\/wp-content\/uploads\/2024\/07\/AA4t-300x195.webp 300w, https:\/\/livingmarbella.hu\/wp-content\/uploads\/2024\/07\/AA4t-1024x667.webp 1024w, https:\/\/livingmarbella.hu\/wp-content\/uploads\/2024\/07\/AA4t-768x500.webp 768w, https:\/\/livingmarbella.hu\/wp-content\/uploads\/2024\/07\/AA4t.webp 1296w\" sizes=\"(max-width: 300px) 100vw, 300px\" \/><\/p>","protected":false},"excerpt":{"rendered":"<p>A term\u00e9szet \u00e9s az infrastrukt\u00fara k\u00f6zels\u00e9g\u00e9nek t\u00f6k\u00e9letes kombin\u00e1ci\u00f3ja ez a projekt, ami Estepona k\u00fclv\u00e1ros\u00e1ban tal\u00e1lhat\u00f3, egy domb tetej\u00e9n, hogy a kil\u00e1t\u00e1s a lehet\u0151 legjobb legyen. Estepona, amit a Costa del Sol \u00faj aranypartj\u00e1nak is neveznek, ny\u00fczsg\u0151 v\u00e1ros, ahol minden szolg\u00e1ltat\u00e1s megtal\u00e1lhat\u00f3, r\u00e1ad\u00e1sul 20 km-es gondozott tengerparttal is rendelkezik. \u00d6nt\u0151l mindez csup\u00e1n egy k\u0151haj\u00edt\u00e1snyira lesz, mik\u00f6zben [&hellip;]<\/p>","protected":false},"author":2,"featured_media":1399,"parent":0,"menu_order":0,"template":"","rem_property_cat":[],"class_list":["post-1389","rem_property","type-rem_property","status-publish","has-post-thumbnail","hentry","grve-entry-item"],"_links":{"self":[{"href":"https:\/\/livingmarbella.hu\/pl\/wp-json\/wp\/v2\/properties\/1389","targetHints":{"allow":["GET"]}}],"collection":[{"href":"https:\/\/livingmarbella.hu\/pl\/wp-json\/wp\/v2\/properties"}],"about":[{"href":"https:\/\/livingmarbella.hu\/pl\/wp-json\/wp\/v2\/types\/rem_property"}],"author":[{"embeddable":true,"href":"https:\/\/livingmarbella.hu\/pl\/wp-json\/wp\/v2\/users\/2"}],"wp:featuredmedia":[{"embeddable":true,"href":"https:\/\/livingmarbella.hu\/pl\/wp-json\/wp\/v2\/media\/1399"}],"wp:attachment":[{"href":"https:\/\/livingmarbella.hu\/pl\/wp-json\/wp\/v2\/media?parent=1389"}],"wp:term":[{"taxonomy":"rem_property_cat","embeddable":true,"href":"https:\/\/livingmarbella.hu\/pl\/wp-json\/wp\/v2\/rem_property_cat?post=1389"}],"curies":[{"name":"wp","href":"https:\/\/api.w.org\/{rel}","templated":true}]}}

<p style="text-align: left;">Projekt ten stanowi idealne połączenie bliskości natury i infrastruktury,<br />
Położony na obrzeżach Estepony, na szczycie wzgórza, aby uzyskać najlepszy możliwy widok.<br />
Estepona, znana również jako nowe złote wybrzeże Costa del Sol, to tętniące życiem miasto,<br />
gdzie znajdują się wszystkie usługi i 20-kilometrowa zadbana plaża.<br />
Będziesz tylko rzut kamieniem od hotelu, ciesząc się ciszą i spokojem<br />
i wszystkie zalety zamkniętej społeczności: basen, taras słoneczny i dostęp do klubu,<br />
z podgrzewanym basenem, strefą wellness i siłownią.</p>
<p>&nbsp;</p>
<ul>
<li>Liczba domów szeregowych: 73</li>
<li>Ceny wywoławcze: kamienica z 2-4 sypialniami od 624 500 EUR*</li>
<li>Odległość od plaży: 3 km</li>
<li>Dostawa: pierwszy kwartał 2026 r.</li>
<li>Odległość od lotniska w Maladze: 74 km</li>
<li>Dodatki:
<ul>
<li>odkryty i kryty basen</li>
<li>siłownia</li>
<li>sauny</li>
<li>kuchnia społeczna</li>
<li>panorama morska</li>
</ul>
</li>
</ul>
<p>&nbsp;</p>
<p>&nbsp;</p>
<p>Lokalizacja:</p>
<p><img fetchpriority="high" decoding="async" class="alignnone size-medium wp-image-1401" src="https://livingmarbella.hu/wp-content/uploads/2024/07/AA4t-300x195.webp" alt="" width="300" height="195" srcset="https://livingmarbella.hu/wp-content/uploads/2024/07/AA4t-300x195.webp 300w, https://livingmarbella.hu/wp-content/uploads/2024/07/AA4t-1024x667.webp 1024w, https://livingmarbella.hu/wp-content/uploads/2024/07/AA4t-768x500.webp 768w, https://livingmarbella.hu/wp-content/uploads/2024/07/AA4t.webp 1296w" sizes="(max-width: 300px) 100vw, 300px" /></p>

<p>A természet és az infrastruktúra közelségének tökéletes kombinációja ez a projekt, ami Estepona külvárosában található, egy domb tetején, hogy a kilátás a lehető legjobb legyen. Estepona, amit a Costa del Sol új aranypartjának is neveznek, nyüzsgő város, ahol minden szolgáltatás megtalálható, ráadásul 20 km-es gondozott tengerparttal is rendelkezik. Öntől mindez csupán egy kőhajításnyira lesz, miközben [&hellip;]</p>
