{"id":1376,"date":"2024-07-29T07:06:35","date_gmt":"2024-07-29T07:06:35","guid":{"rendered":"https:\/\/livingmarbella.hu\/?post_type=rem_property&#038;p=1376"},"modified":"2025-08-13T12:37:34","modified_gmt":"2025-08-13T12:37:34","slug":"ah3","status":"publish","type":"rem_property","link":"https:\/\/livingmarbella.hu\/pl\/wlasnosc\/ah3\/","title":{"rendered":"AH3"},"content":{"rendered":"<p>Ten nowy projekt znajduje si\u0119 na zboczu g\u00f3ry La Concha, w gminie Ist\u00e1n, w pi\u0119knej okolicy otoczonej lasami. Oferuje wspania\u0142e widoki na Marbell\u0119, zbiornik wodny Ist\u00e1n i okoliczne pola golfowe. Idealny dla tych, kt\u00f3rzy szukaj\u0105 nieruchomo\u015bci w dobrym stosunku jako\u015bci do ceny w okolicy Marbelli lub dla tych, kt\u00f3rzy chc\u0105 uciec od zgie\u0142ku, stare miasto Marbelli znajduje si\u0119 zaledwie oko\u0142o 15 minut jazdy od hotelu. Projekt b\u0119dzie sk\u0142ada\u0142 si\u0119 z siedmiu ma\u0142ych kompleks\u00f3w mieszkalnych, apartament\u00f3w i kamienic, aby zaspokoi\u0107 r\u00f3\u017cnorodne potrzeby.<\/p>\n<p>&nbsp;<\/p>\n<ul>\n<li>Liczba apartament\u00f3w: 21<\/li>\n<li>Ceny wywo\u0142awcze: apartament z 2-3 sypialniami od 396 000 EUR*<\/li>\n<li>Odleg\u0142o\u015b\u0107 od wybrze\u017ca: 9 km<\/li>\n<li>Dostawa: 2026 Q2<\/li>\n<li>Odleg\u0142o\u015b\u0107 od lotniska w Maladze: 65 km<\/li>\n<li>Dodatki:\n<ul>\n<li>basen dla doros\u0142ych i dzieci<\/li>\n<li>pi\u0119kny ogr\u00f3d<\/li>\n<li>bezpo\u015brednie przej\u015bcie do s\u0105siedniego lasu<\/li>\n<li>panorama morska<\/li>\n<\/ul>\n<\/li>\n<\/ul>\n<p>&nbsp;<\/p>\n<p>Lokalizacja:<\/p>\n<p><img fetchpriority=\"high\" decoding=\"async\" class=\"alignnone size-medium wp-image-1405\" src=\"https:\/\/livingmarbella.hu\/wp-content\/uploads\/2024\/07\/AH3t-300x182.webp\" alt=\"\" width=\"300\" height=\"182\" \/><\/p>","protected":false},"excerpt":{"rendered":"<p>Ez az \u00faj projekt a La Concha hegy oldal\u00e1ban, Ist\u00e1n telep\u00fcl\u00e9sen, csod\u00e1latos, erd\u0151kkel \u00f6vezett ter\u00fcleten helyezkedik el. Leny\u0171g\u00fcz\u0151 kil\u00e1t\u00e1st ny\u00fajt Marbell\u00e1ra, az Ist\u00e1n-v\u00edzt\u00e1roz\u00f3ra, valamint a k\u00f6rnyez\u0151 golfp\u00e1ly\u00e1kra. Ide\u00e1lis v\u00e1laszt\u00e1s azoknak, akik j\u00f3 \u00e1r-\u00e9rt\u00e9k ar\u00e1ny\u00fa ingatlant keresnek Marbella vonz\u00e1sk\u00f6rzet\u00e9ben vagy el szeretn\u00e9nek vonulni a ny\u00fczsg\u00e9st\u0151l, Marbella \u00f3v\u00e1rosa ugyanis csak kb 15 perces aut\u00f3\u00fatra tal\u00e1lhat\u00f3. A projekten [&hellip;]<\/p>","protected":false},"author":2,"featured_media":1388,"parent":0,"menu_order":0,"template":"","rem_property_cat":[],"class_list":["post-1376","rem_property","type-rem_property","status-publish","has-post-thumbnail","hentry","grve-entry-item"],"_links":{"self":[{"href":"https:\/\/livingmarbella.hu\/pl\/wp-json\/wp\/v2\/properties\/1376","targetHints":{"allow":["GET"]}}],"collection":[{"href":"https:\/\/livingmarbella.hu\/pl\/wp-json\/wp\/v2\/properties"}],"about":[{"href":"https:\/\/livingmarbella.hu\/pl\/wp-json\/wp\/v2\/types\/rem_property"}],"author":[{"embeddable":true,"href":"https:\/\/livingmarbella.hu\/pl\/wp-json\/wp\/v2\/users\/2"}],"wp:featuredmedia":[{"embeddable":true,"href":"https:\/\/livingmarbella.hu\/pl\/wp-json\/wp\/v2\/media\/1388"}],"wp:attachment":[{"href":"https:\/\/livingmarbella.hu\/pl\/wp-json\/wp\/v2\/media?parent=1376"}],"wp:term":[{"taxonomy":"rem_property_cat","embeddable":true,"href":"https:\/\/livingmarbella.hu\/pl\/wp-json\/wp\/v2\/rem_property_cat?post=1376"}],"curies":[{"name":"wp","href":"https:\/\/api.w.org\/{rel}","templated":true}]}}

<p>Ten nowy projekt znajduje się na zboczu góry La Concha, w gminie Istán, w pięknej okolicy otoczonej lasami. Oferuje wspaniałe widoki na Marbellę, zbiornik wodny Istán i okoliczne pola golfowe. Idealny dla tych, którzy szukają nieruchomości w dobrym stosunku jakości do ceny w okolicy Marbelli lub dla tych, którzy chcą uciec od zgiełku, stare miasto Marbelli znajduje się zaledwie około 15 minut jazdy od hotelu. Projekt będzie składał się z siedmiu małych kompleksów mieszkalnych, apartamentów i kamienic, aby zaspokoić różnorodne potrzeby.</p>
<p>&nbsp;</p>
<ul>
<li>Liczba apartamentów: 21</li>
<li>Ceny wywoławcze: apartament z 2-3 sypialniami od 396 000 EUR*</li>
<li>Odległość od wybrzeża: 9 km</li>
<li>Dostawa: 2026 Q2</li>
<li>Odległość od lotniska w Maladze: 65 km</li>
<li>Dodatki:
<ul>
<li>basen dla dorosłych i dzieci</li>
<li>piękny ogród</li>
<li>bezpośrednie przejście do sąsiedniego lasu</li>
<li>panorama morska</li>
</ul>
</li>
</ul>
<p>&nbsp;</p>
<p>Lokalizacja:</p>
<p><img fetchpriority="high" decoding="async" class="alignnone size-medium wp-image-1405" src="https://livingmarbella.hu/wp-content/uploads/2024/07/AH3t-300x182.webp" alt="" width="300" height="182" /></p>

<p>Ez az új projekt a La Concha hegy oldalában, Istán településen, csodálatos, erdőkkel övezett területen helyezkedik el. Lenyűgüző kilátást nyújt Marbellára, az Istán-víztározóra, valamint a környező golfpályákra. Ideális választás azoknak, akik jó ár-érték arányú ingatlant keresnek Marbella vonzáskörzetében vagy el szeretnének vonulni a nyüzsgéstől, Marbella óvárosa ugyanis csak kb 15 perces autóútra található. A projekten [&hellip;]</p>
