{"id":1325,"date":"2024-07-22T06:39:54","date_gmt":"2024-07-22T06:39:54","guid":{"rendered":"https:\/\/livingmarbella.hu\/?post_type=rem_property&#038;p=1325"},"modified":"2025-08-13T13:38:35","modified_gmt":"2025-08-13T13:38:35","slug":"h16","status":"publish","type":"rem_property","link":"https:\/\/livingmarbella.hu\/pl\/wlasnosc\/h16\/","title":{"rendered":"H16"},"content":{"rendered":"<p>Ekskluzywny projekt po\u0142o\u017cony u podn\u00f3\u017ca pasma g\u00f3rskiego Sierra de Mijas, kt\u00f3ry dzi\u0119ki swojej architekturze i lokalizacji niemal wtapia si\u0119 w naturalne otoczenie. Niskie budynki s\u0105 jedynie dwukondygnacyjne, a nieruchomo\u015bci to w wi\u0119kszo\u015bci apartamenty naro\u017cne, kt\u00f3re dzi\u0119ki przestronnym wn\u0119trzom o powierzchni 130 m\u00b2 oraz du\u017cym przeszkleniom biegn\u0105cym przez ca\u0142e mieszkania maj\u0105 charakter i atmosfer\u0119 willi. Do ka\u017cdego apartamentu przynale\u017c\u0105 dwa miejsca parkingowe oraz kom\u00f3rka lokatorska. Projekt jest jednym z pierwszych ekologicznych przedsi\u0119wzi\u0119\u0107 na Costa del Sol, kt\u00f3re dzi\u0119ki zastosowanej technologii budowy oraz u\u017cytym materia\u0142om uzyska\u0142o rygorystyczne certyfikaty zr\u00f3wnowa\u017conego rozwoju BREEAM i WELL.<\/p>\n<p>&nbsp;<\/p>\n<ul>\n<li>Liczba apartament\u00f3w: 19<\/li>\n<li>Ceny wywo\u0142awcze: apartament z 3 sypialniami od 1 309 000 EUR*<\/li>\n<li>Odleg\u0142o\u015b\u0107 od pla\u017cy: 3,8 km<\/li>\n<li>Dostawa: 2024 Q1<\/li>\n<li>Odleg\u0142o\u015b\u0107 od lotniska w Maladze: 20 km<\/li>\n<li>Dodatki:\n<ul>\n<li>basen<\/li>\n<li>Biuro Wsp\u00f3lnoty<\/li>\n<li>W budynku g\u0142\u00f3wnym: kort tenisowy, kort do padla oraz boisko do siatk\u00f3wki pla\u017cowej.<\/li>\n<li>baseny<\/li>\n<li>restauracje<\/li>\n<li>bary<\/li>\n<li>si\u0142ownia<\/li>\n<li>spa<\/li>\n<li>Joga<\/li>\n<li>Pilates<\/li>\n<li>pude\u0142ko<\/li>\n<li>klub dla dzieci<\/li>\n<\/ul>\n<\/li>\n<\/ul>\n<p>&nbsp;<\/p>\n<p>Lokalizacja:<\/p>\n<p><img fetchpriority=\"high\" decoding=\"async\" class=\"alignnone wp-image-2068 size-medium\" src=\"https:\/\/livingmarbella.hu\/wp-content\/uploads\/2024\/10\/H16t-300x213.webp\" alt=\"\" width=\"300\" height=\"213\" srcset=\"https:\/\/livingmarbella.hu\/wp-content\/uploads\/2024\/10\/H16t-300x213.webp 300w, https:\/\/livingmarbella.hu\/wp-content\/uploads\/2024\/10\/H16t-1024x727.webp 1024w, https:\/\/livingmarbella.hu\/wp-content\/uploads\/2024\/10\/H16t-768x545.webp 768w, https:\/\/livingmarbella.hu\/wp-content\/uploads\/2024\/10\/H16t.webp 1080w\" sizes=\"(max-width: 300px) 100vw, 300px\" \/><\/p>","protected":false},"excerpt":{"rendered":"<p>A Sierra de Mijas-hegys\u00e9g l\u00e1b\u00e1n\u00e1l elhelyezked\u0151 exkluz\u00edv projekt, mely \u00e9p\u00edt\u00e9szeti kialak\u00edt\u00e1s\u00e1n\u00e1l \u00e9s lok\u00e1ci\u00f3j\u00e1n\u00e1l fogva szinte beleolvad term\u00e9szeti k\u00f6rnyezet\u00e9be. Az alacsony \u00e9p\u00fcletek mind\u00f6ssze k\u00e9tszintesek, az ingatlanok t\u00f6bbnyire saroklak\u00e1sok, amelyek t\u00e1gas, 130 m2-es bels\u0151 ter\u00fcknek \u00e9s a lak\u00e1sokon v\u00e9gigh\u00faz\u00f3d\u00f3 hatalmas \u00fcvegfel\u00fcleteknek k\u00f6sz\u00f6nhet\u0151en villa-jelleg\u0171ek \u00e9s -hangulat\u00faak. Minden lak\u00e1shoz k\u00e9t parkol\u00f3hely \u00e9s egy t\u00e1rol\u00f3 tartozik. A projekt a Costa [&hellip;]<\/p>","protected":false},"author":2,"featured_media":1338,"parent":0,"menu_order":0,"template":"","rem_property_cat":[],"class_list":["post-1325","rem_property","type-rem_property","status-publish","has-post-thumbnail","hentry","grve-entry-item"],"_links":{"self":[{"href":"https:\/\/livingmarbella.hu\/pl\/wp-json\/wp\/v2\/properties\/1325","targetHints":{"allow":["GET"]}}],"collection":[{"href":"https:\/\/livingmarbella.hu\/pl\/wp-json\/wp\/v2\/properties"}],"about":[{"href":"https:\/\/livingmarbella.hu\/pl\/wp-json\/wp\/v2\/types\/rem_property"}],"author":[{"embeddable":true,"href":"https:\/\/livingmarbella.hu\/pl\/wp-json\/wp\/v2\/users\/2"}],"wp:featuredmedia":[{"embeddable":true,"href":"https:\/\/livingmarbella.hu\/pl\/wp-json\/wp\/v2\/media\/1338"}],"wp:attachment":[{"href":"https:\/\/livingmarbella.hu\/pl\/wp-json\/wp\/v2\/media?parent=1325"}],"wp:term":[{"taxonomy":"rem_property_cat","embeddable":true,"href":"https:\/\/livingmarbella.hu\/pl\/wp-json\/wp\/v2\/rem_property_cat?post=1325"}],"curies":[{"name":"wp","href":"https:\/\/api.w.org\/{rel}","templated":true}]}}

<p>Ekskluzywny projekt położony u podnóża pasma górskiego Sierra de Mijas, który dzięki swojej architekturze i lokalizacji niemal wtapia się w naturalne otoczenie. Niskie budynki są jedynie dwukondygnacyjne, a nieruchomości to w większości apartamenty narożne, które dzięki przestronnym wnętrzom o powierzchni 130 m² oraz dużym przeszkleniom biegnącym przez całe mieszkania mają charakter i atmosferę willi. Do każdego apartamentu przynależą dwa miejsca parkingowe oraz komórka lokatorska. Projekt jest jednym z pierwszych ekologicznych przedsięwzięć na Costa del Sol, które dzięki zastosowanej technologii budowy oraz użytym materiałom uzyskało rygorystyczne certyfikaty zrównoważonego rozwoju BREEAM i WELL.</p>
<p>&nbsp;</p>
<ul>
<li>Liczba apartamentów: 19</li>
<li>Ceny wywoławcze: apartament z 3 sypialniami od 1 309 000 EUR*</li>
<li>Odległość od plaży: 3,8 km</li>
<li>Dostawa: 2024 Q1</li>
<li>Odległość od lotniska w Maladze: 20 km</li>
<li>Dodatki:
<ul>
<li>basen</li>
<li>Biuro Wspólnoty</li>
<li>W budynku głównym: kort tenisowy, kort do padla oraz boisko do siatkówki plażowej.</li>
<li>baseny</li>
<li>restauracje</li>
<li>bary</li>
<li>siłownia</li>
<li>spa</li>
<li>Joga</li>
<li>Pilates</li>
<li>pudełko</li>
<li>klub dla dzieci</li>
</ul>
</li>
</ul>
<p>&nbsp;</p>
<p>Lokalizacja:</p>
<p><img fetchpriority="high" decoding="async" class="alignnone wp-image-2068 size-medium" src="https://livingmarbella.hu/wp-content/uploads/2024/10/H16t-300x213.webp" alt="" width="300" height="213" srcset="https://livingmarbella.hu/wp-content/uploads/2024/10/H16t-300x213.webp 300w, https://livingmarbella.hu/wp-content/uploads/2024/10/H16t-1024x727.webp 1024w, https://livingmarbella.hu/wp-content/uploads/2024/10/H16t-768x545.webp 768w, https://livingmarbella.hu/wp-content/uploads/2024/10/H16t.webp 1080w" sizes="(max-width: 300px) 100vw, 300px" /></p>

<p>A Sierra de Mijas-hegység lábánál elhelyezkedő exkluzív projekt, mely építészeti kialakításánál és lokációjánál fogva szinte beleolvad természeti környezetébe. Az alacsony épületek mindössze kétszintesek, az ingatlanok többnyire saroklakások, amelyek tágas, 130 m2-es belső terüknek és a lakásokon végighúzódó hatalmas üvegfelületeknek köszönhetően villa-jellegűek és -hangulatúak. Minden lakáshoz két parkolóhely és egy tároló tartozik. A projekt a Costa [&hellip;]</p>
