{"id":1303,"date":"2024-07-19T12:39:42","date_gmt":"2024-07-19T12:39:42","guid":{"rendered":"https:\/\/livingmarbella.hu\/?post_type=rem_property&#038;p=1303"},"modified":"2025-08-13T13:22:37","modified_gmt":"2025-08-13T13:22:37","slug":"d3","status":"publish","type":"rem_property","link":"https:\/\/livingmarbella.hu\/pl\/wlasnosc\/d3\/","title":{"rendered":"D3"},"content":{"rendered":"<p>D3 to pi\u0119kna inwestycja w Marbelli i jedna z ostatnich mo\u017cliwo\u015bci zakupu nowo wybudowanej nieruchomo\u015bci nad samym morzem w tym wspania\u0142ym mie\u015bcie. Kompleks b\u0119dzie sk\u0142ada\u0142 si\u0119 z 96 willi, luksusowych apartament\u00f3w oraz penthouse\u2019\u00f3w, a tak\u017ce obejmie ekskluzywny klub, nowoczesn\u0105 si\u0142owni\u0119 o powierzchni 200 m\u00b2, sale do jogi i medytacji, spa, basen infinity z barem koktajlowym, biuro coworkingowe oraz dwa baseny. Ponadto mieszka\u0144com zapewniona zostanie ca\u0142odobowa ochrona oraz mo\u017cliwo\u015b\u0107 korzystania z elektrycznych w\u00f3zk\u00f3w golfowych. Unikalna lokalizacja u podn\u00f3\u017ca Sierra Blanca, bezpo\u015brednio przy linii brzegowej, gwarantuje doskona\u0142y mikroklimat, czyni\u0105c to miejsce idealnym do pe\u0142nego korzystania z mo\u017cliwo\u015bci oferowanych przez Costa del Sol.<\/p>\n<p>&nbsp;<\/p>\n<ul>\n<li>Liczba apartament\u00f3w: 96<\/li>\n<li>Ceny wywo\u0142awcze: apartament z 2-4 sypialniami od 2.640.000 EUR*<\/li>\n<li>Odleg\u0142o\u015b\u0107 od pla\u017cy: 100 m<\/li>\n<li>Dostawa: 2025 Q4<\/li>\n<li>Odleg\u0142o\u015b\u0107 od lotniska w Maladze: 45 km<\/li>\n<li>Dodatki:\n<ul>\n<li>bezpo\u015brednie nabrze\u017ce<\/li>\n<li>kompleks butikowy<\/li>\n<li>prywatny i wsp\u00f3lny basen<\/li>\n<li>kryty basen z podgrzewan\u0105 wod\u0105<\/li>\n<li>si\u0142ownia<\/li>\n<li>spa<\/li>\n<li>przestrze\u0144 spo\u0142eczna<\/li>\n<li>centralna lokalizacja<\/li>\n<li>panorama morska<\/li>\n<\/ul>\n<\/li>\n<\/ul>\n<p>&nbsp;<\/p>\n<p>Lokalizacja:<\/p>\n<p><img fetchpriority=\"high\" decoding=\"async\" class=\"alignnone wp-image-2037 size-medium\" src=\"https:\/\/livingmarbella.hu\/wp-content\/uploads\/2024\/10\/D3t-300x213.webp\" alt=\"\" width=\"300\" height=\"213\" srcset=\"https:\/\/livingmarbella.hu\/wp-content\/uploads\/2024\/10\/D3t-300x213.webp 300w, https:\/\/livingmarbella.hu\/wp-content\/uploads\/2024\/10\/D3t-1024x727.webp 1024w, https:\/\/livingmarbella.hu\/wp-content\/uploads\/2024\/10\/D3t-768x545.webp 768w, https:\/\/livingmarbella.hu\/wp-content\/uploads\/2024\/10\/D3t.webp 1080w\" sizes=\"(max-width: 300px) 100vw, 300px\" \/><\/p>\n<p>&nbsp;<\/p>\n<p>&nbsp;<\/p>","protected":false},"excerpt":{"rendered":"<p>A D3 egy gy\u00f6ny\u00f6r\u0171 fejleszt\u00e9s Marbell\u00e1ban \u00e9s az egyik utols\u00f3 lehet\u0151s\u00e9g, hogy v\u00edzparti, \u00faj\u00e9p\u00edt\u00e9s\u0171 lak\u00e1st v\u00e1s\u00e1roljon ebben a csod\u00e1s v\u00e1rosban. A komplexum 96 vill\u00e1b\u00f3l, luxusapartmanb\u00f3l \u00e9s penthouse-okb\u00f3l \u00e1ll majd, mag\u00e1ban foglal egy exkluz\u00edv klubot, egy 200 m\u00b2-es korszer\u0171 edz\u0151termet, j\u00f3ga- \u00e9s medit\u00e1ci\u00f3s termet, gy\u00f3gyf\u00fcrd\u0151t, infinity medenc\u00e9t kokt\u00e9lb\u00e1rral, coworking irod\u00e1t \u00e9s k\u00e9t \u00fasz\u00f3medenc\u00e9t. Mindezeken fel\u00fcl a [&hellip;]<\/p>","protected":false},"author":2,"featured_media":1309,"parent":0,"menu_order":0,"template":"","rem_property_cat":[],"class_list":["post-1303","rem_property","type-rem_property","status-publish","has-post-thumbnail","hentry","grve-entry-item"],"_links":{"self":[{"href":"https:\/\/livingmarbella.hu\/pl\/wp-json\/wp\/v2\/properties\/1303","targetHints":{"allow":["GET"]}}],"collection":[{"href":"https:\/\/livingmarbella.hu\/pl\/wp-json\/wp\/v2\/properties"}],"about":[{"href":"https:\/\/livingmarbella.hu\/pl\/wp-json\/wp\/v2\/types\/rem_property"}],"author":[{"embeddable":true,"href":"https:\/\/livingmarbella.hu\/pl\/wp-json\/wp\/v2\/users\/2"}],"wp:featuredmedia":[{"embeddable":true,"href":"https:\/\/livingmarbella.hu\/pl\/wp-json\/wp\/v2\/media\/1309"}],"wp:attachment":[{"href":"https:\/\/livingmarbella.hu\/pl\/wp-json\/wp\/v2\/media?parent=1303"}],"wp:term":[{"taxonomy":"rem_property_cat","embeddable":true,"href":"https:\/\/livingmarbella.hu\/pl\/wp-json\/wp\/v2\/rem_property_cat?post=1303"}],"curies":[{"name":"wp","href":"https:\/\/api.w.org\/{rel}","templated":true}]}}

<p>D3 to piękna inwestycja w Marbelli i jedna z ostatnich możliwości zakupu nowo wybudowanej nieruchomości nad samym morzem w tym wspaniałym mieście. Kompleks będzie składał się z 96 willi, luksusowych apartamentów oraz penthouse’ów, a także obejmie ekskluzywny klub, nowoczesną siłownię o powierzchni 200 m², sale do jogi i medytacji, spa, basen infinity z barem koktajlowym, biuro coworkingowe oraz dwa baseny. Ponadto mieszkańcom zapewniona zostanie całodobowa ochrona oraz możliwość korzystania z elektrycznych wózków golfowych. Unikalna lokalizacja u podnóża Sierra Blanca, bezpośrednio przy linii brzegowej, gwarantuje doskonały mikroklimat, czyniąc to miejsce idealnym do pełnego korzystania z możliwości oferowanych przez Costa del Sol.</p>
<p>&nbsp;</p>
<ul>
<li>Liczba apartamentów: 96</li>
<li>Ceny wywoławcze: apartament z 2-4 sypialniami od 2.640.000 EUR*</li>
<li>Odległość od plaży: 100 m</li>
<li>Dostawa: 2025 Q4</li>
<li>Odległość od lotniska w Maladze: 45 km</li>
<li>Dodatki:
<ul>
<li>bezpośrednie nabrzeże</li>
<li>kompleks butikowy</li>
<li>prywatny i wspólny basen</li>
<li>kryty basen z podgrzewaną wodą</li>
<li>siłownia</li>
<li>spa</li>
<li>przestrzeń społeczna</li>
<li>centralna lokalizacja</li>
<li>panorama morska</li>
</ul>
</li>
</ul>
<p>&nbsp;</p>
<p>Lokalizacja:</p>
<p><img fetchpriority="high" decoding="async" class="alignnone wp-image-2037 size-medium" src="https://livingmarbella.hu/wp-content/uploads/2024/10/D3t-300x213.webp" alt="" width="300" height="213" srcset="https://livingmarbella.hu/wp-content/uploads/2024/10/D3t-300x213.webp 300w, https://livingmarbella.hu/wp-content/uploads/2024/10/D3t-1024x727.webp 1024w, https://livingmarbella.hu/wp-content/uploads/2024/10/D3t-768x545.webp 768w, https://livingmarbella.hu/wp-content/uploads/2024/10/D3t.webp 1080w" sizes="(max-width: 300px) 100vw, 300px" /></p>
<p>&nbsp;</p>
<p>&nbsp;</p>

<p>A D3 egy gyönyörű fejlesztés Marbellában és az egyik utolsó lehetőség, hogy vízparti, újépítésű lakást vásároljon ebben a csodás városban. A komplexum 96 villából, luxusapartmanból és penthouse-okból áll majd, magában foglal egy exkluzív klubot, egy 200 m²-es korszerű edzőtermet, jóga- és meditációs termet, gyógyfürdőt, infinity medencét koktélbárral, coworking irodát és két úszómedencét. Mindezeken felül a [&hellip;]</p>
