{"id":1842,"date":"2024-07-30T10:28:54","date_gmt":"2024-07-30T10:28:54","guid":{"rendered":"https:\/\/livingmarbella.hu\/?post_type=rem_property&#038;p=1842"},"modified":"2025-08-13T14:53:47","modified_gmt":"2025-08-13T14:53:47","slug":"ts3","status":"publish","type":"rem_property","link":"https:\/\/livingmarbella.hu\/en\/property\/ts3\/","title":{"rendered":"TS3"},"content":{"rendered":"<p>Luxury quality from the entrance gate through the stairwell to the kitchen furniture, with direct access to Estepona\u2019s seaside promenade. This development offers 15 stunning properties in an exclusive area of Estepona, distributed over three levels, featuring huge windows, beautiful unobstructed sea views, and premium built-in materials. From the building, the seaside promenade can be accessed directly, allowing you to walk all the way to the city centre, while it is also an excellent location for a morning run. Complete relaxation is ensured by indoor and outdoor swimming pools, a wellness area, and a gym.<\/p>\n<p>&nbsp;<\/p>\n<ul>\n<li>Number of apartments: 15<\/li>\n<li>Starting prices: 2-3 bedroom apartment from EUR 1.408..000*<\/li>\n<li>Distance from the beach: 100m<\/li>\n<li>Delivered<\/li>\n<li>Distance from Malaga airport: 85 km<\/li>\n<li>Extras:\n<ul>\n<li>directly on the waterfront<\/li>\n<li>boutique complex<\/li>\n<li>outdoor and indoor pool<\/li>\n<li>gym<\/li>\n<li>spa<\/li>\n<li>central location<\/li>\n<li>sea panorama<\/li>\n<\/ul>\n<\/li>\n<\/ul>\n<p>&nbsp;<\/p>\n<p>Location:<\/p>\n<p><img fetchpriority=\"high\" decoding=\"async\" class=\"alignnone size-medium wp-image-1847\" src=\"https:\/\/livingmarbella.hu\/wp-content\/uploads\/2024\/07\/TS3t-300x177.webp\" alt=\"\" width=\"300\" height=\"177\" srcset=\"https:\/\/livingmarbella.hu\/wp-content\/uploads\/2024\/07\/TS3t-300x177.webp 300w, https:\/\/livingmarbella.hu\/wp-content\/uploads\/2024\/07\/TS3t-1024x604.webp 1024w, https:\/\/livingmarbella.hu\/wp-content\/uploads\/2024\/07\/TS3t-768x453.webp 768w, https:\/\/livingmarbella.hu\/wp-content\/uploads\/2024\/07\/TS3t.webp 1279w\" sizes=\"(max-width: 300px) 100vw, 300px\" \/><\/p>","protected":false},"excerpt":{"rendered":"<p>Luxusmin\u0151s\u00e9g a kaput\u00f3l a l\u00e9pcs\u0151h\u00e1zon \u00e1t a konyhab\u00fatorig \u00e9s k\u00f6zvetlen lej\u00e1rat Estepona tengerparti s\u00e9t\u00e1ny\u00e1ra! Ez a fejleszt\u00e9s 15 csod\u00e1latos ingatlant k\u00edn\u00e1l Estepona exkluz\u00edv r\u00e9sz\u00e9n, h\u00e1rom szinten elosztva, \u00f3ri\u00e1si ablakokkal, gy\u00f6ny\u00f6r\u0171 zavartalan kil\u00e1t\u00e1ssal a tengerre, pr\u00e9mium be\u00e9p\u00edtett anyagokkal. Az \u00e9p\u00fcletb\u0151l k\u00f6zvetlen\u00fcl megk\u00f6zel\u00edthet\u0151 a tengerparti s\u00e9t\u00e1ny, ahol ak\u00e1r a belv\u00e1rosig is els\u00e9t\u00e1lhat, de remek helysz\u00edn egy reggeli [&hellip;]<\/p>","protected":false},"author":2,"featured_media":1846,"parent":0,"menu_order":0,"template":"","rem_property_cat":[],"class_list":["post-1842","rem_property","type-rem_property","status-publish","has-post-thumbnail","hentry","grve-entry-item"],"_links":{"self":[{"href":"https:\/\/livingmarbella.hu\/en\/wp-json\/wp\/v2\/properties\/1842","targetHints":{"allow":["GET"]}}],"collection":[{"href":"https:\/\/livingmarbella.hu\/en\/wp-json\/wp\/v2\/properties"}],"about":[{"href":"https:\/\/livingmarbella.hu\/en\/wp-json\/wp\/v2\/types\/rem_property"}],"author":[{"embeddable":true,"href":"https:\/\/livingmarbella.hu\/en\/wp-json\/wp\/v2\/users\/2"}],"wp:featuredmedia":[{"embeddable":true,"href":"https:\/\/livingmarbella.hu\/en\/wp-json\/wp\/v2\/media\/1846"}],"wp:attachment":[{"href":"https:\/\/livingmarbella.hu\/en\/wp-json\/wp\/v2\/media?parent=1842"}],"wp:term":[{"taxonomy":"rem_property_cat","embeddable":true,"href":"https:\/\/livingmarbella.hu\/en\/wp-json\/wp\/v2\/rem_property_cat?post=1842"}],"curies":[{"name":"wp","href":"https:\/\/api.w.org\/{rel}","templated":true}]}}

<p>Luxusminőség a kaputól a lépcsőházon át a konyhabútorig és közvetlen lejárat Estepona tengerparti sétányára! Ez a fejlesztés 15 csodálatos ingatlant kínál Estepona exkluzív részén, három szinten elosztva, óriási ablakokkal, gyönyörű zavartalan kilátással a tengerre, prémium beépített anyagokkal. Az épületből közvetlenül megközelíthető a tengerparti sétány, ahol akár a belvárosig is elsétálhat, de remek helyszín egy reggeli [&hellip;]</p>
