{"id":1832,"date":"2024-07-30T10:22:47","date_gmt":"2024-07-30T10:22:47","guid":{"rendered":"https:\/\/livingmarbella.hu\/?post_type=rem_property&#038;p=1832"},"modified":"2025-08-13T14:51:27","modified_gmt":"2025-08-13T14:51:27","slug":"sl3","status":"publish","type":"rem_property","link":"https:\/\/livingmarbella.hu\/en\/property\/sl3\/","title":{"rendered":"SL3"},"content":{"rendered":"<p>Peace, quiet, forest and sea together! This special project consists of 69 villas between Fuengirola and La Cala de Mijas. The properties are south-facing, offering magnificent sea views, while surrounded by evergreen forest and world-class, always beautiful golf courses. It can be a real island of peace for you, where you can enjoy sea views, peace and quiet and good air all at the same time. However, if you want to get out and about, you can reach the golf course clubhouse with its restaurant and bar within minutes, the complex has a swimming pool, gym, spa and communal areas, and the beach is just a few minutes' drive away.<\/p>\n<p>&nbsp;<\/p>\n<ul>\n<li>Number of terraced houses: 169<\/li>\n<li>Starting prices: 3-4 bedroom townhouse from EUR 1.052.700*<\/li>\n<li>Distance from the beach: 900 m<\/li>\n<li>Delivery: 2nd quarter 2027<\/li>\n<li>Distance from Malaga airport: 32 km<\/li>\n<li>Extras:\n<ul>\n<li>private and communal pool<\/li>\n<li>gym<\/li>\n<li>spa<\/li>\n<li>Community office<\/li>\n<li>Community BBQ section<\/li>\n<li>panoramic view of the golf course and the sea<\/li>\n<\/ul>\n<\/li>\n<\/ul>\n<p>&nbsp;<\/p>\n<p>Location:<\/p>\n<p><img fetchpriority=\"high\" decoding=\"async\" class=\"alignnone size-medium wp-image-1841\" src=\"https:\/\/livingmarbella.hu\/wp-content\/uploads\/2024\/07\/SL3t-300x176.webp\" alt=\"\" width=\"300\" height=\"176\" srcset=\"https:\/\/livingmarbella.hu\/wp-content\/uploads\/2024\/07\/SL3t-300x176.webp 300w, https:\/\/livingmarbella.hu\/wp-content\/uploads\/2024\/07\/SL3t-1024x602.webp 1024w, https:\/\/livingmarbella.hu\/wp-content\/uploads\/2024\/07\/SL3t-768x452.webp 768w, https:\/\/livingmarbella.hu\/wp-content\/uploads\/2024\/07\/SL3t.webp 1272w\" sizes=\"(max-width: 300px) 100vw, 300px\" \/><\/p>","protected":false},"excerpt":{"rendered":"<p>B\u00e9ke, csend, erd\u0151 \u00e9s tenger egy\u00fctt! Ez a k\u00fcl\u00f6nleges projekt 69 vill\u00e1b\u00f3l \u00e1ll Fuengirola \u00e9s La Cala de Mijas k\u00f6z\u00f6tt. Az ingatlanok d\u00e9li fekv\u00e9s\u0171ek, csod\u00e1latos kil\u00e1t\u00e1st ny\u00fajtanak a tengerre, mik\u00f6zben \u00f6r\u00f6kz\u00f6ldekb\u0151l \u00e1ll\u00f3 erd\u0151 \u00e9s vil\u00e1gsz\u00ednvonal\u00fa, mindig gy\u00f6ny\u00f6r\u0171 golfp\u00e1ly\u00e1k veszik k\u00f6rbe \u0151ket. Val\u00f3di b\u00e9ke szigete lehet az \u00d6n sz\u00e1m\u00e1ra, ahol egyszerre \u00e9lvezheti a tenger l\u00e1tv\u00e1ny\u00e1t, a [&hellip;]<\/p>","protected":false},"author":2,"featured_media":1840,"parent":0,"menu_order":0,"template":"","rem_property_cat":[],"class_list":["post-1832","rem_property","type-rem_property","status-publish","has-post-thumbnail","hentry","grve-entry-item"],"_links":{"self":[{"href":"https:\/\/livingmarbella.hu\/en\/wp-json\/wp\/v2\/properties\/1832","targetHints":{"allow":["GET"]}}],"collection":[{"href":"https:\/\/livingmarbella.hu\/en\/wp-json\/wp\/v2\/properties"}],"about":[{"href":"https:\/\/livingmarbella.hu\/en\/wp-json\/wp\/v2\/types\/rem_property"}],"author":[{"embeddable":true,"href":"https:\/\/livingmarbella.hu\/en\/wp-json\/wp\/v2\/users\/2"}],"wp:featuredmedia":[{"embeddable":true,"href":"https:\/\/livingmarbella.hu\/en\/wp-json\/wp\/v2\/media\/1840"}],"wp:attachment":[{"href":"https:\/\/livingmarbella.hu\/en\/wp-json\/wp\/v2\/media?parent=1832"}],"wp:term":[{"taxonomy":"rem_property_cat","embeddable":true,"href":"https:\/\/livingmarbella.hu\/en\/wp-json\/wp\/v2\/rem_property_cat?post=1832"}],"curies":[{"name":"wp","href":"https:\/\/api.w.org\/{rel}","templated":true}]}}

<p>Béke, csend, erdő és tenger együtt! Ez a különleges projekt 69 villából áll Fuengirola és La Cala de Mijas között. Az ingatlanok déli fekvésűek, csodálatos kilátást nyújtanak a tengerre, miközben örökzöldekből álló erdő és világszínvonalú, mindig gyönyörű golfpályák veszik körbe őket. Valódi béke szigete lehet az Ön számára, ahol egyszerre élvezheti a tenger látványát, a [&hellip;]</p>
