{"id":1812,"date":"2024-07-30T10:13:41","date_gmt":"2024-07-30T10:13:41","guid":{"rendered":"https:\/\/livingmarbella.hu\/?post_type=rem_property&#038;p=1812"},"modified":"2025-08-13T14:49:51","modified_gmt":"2025-08-13T14:49:51","slug":"sc3","status":"publish","type":"rem_property","link":"https:\/\/livingmarbella.hu\/en\/property\/sc3\/","title":{"rendered":"SC3"},"content":{"rendered":"<p>Marbella is the jewel of the Costa del Sol for a reason: its old town, restaurants and beaches have long attracted people from all over the world. If you love it too, but want a quieter environment, this is the project for you! In the eastern part of Marbella, just 5 minutes from the old town, these high quality apartments are being built with golf course views. Quality is evident in every detail: only 4 apartments per block to ensure intimacy, each property has its own private pool and underfloor heating will be installed. Two additional outdoor swimming pools, a gym, an indoor pool and a wellness area in the communal areas offer maximum comfort.<\/p>\n<p>&nbsp;<\/p>\n<ul>\n<li>Number of apartments: 104<\/li>\n<li>Starting prices: 3-4 bedroom apartment from EUR 1.210.00*<\/li>\n<li>Distance from the beach: 1,5 km<\/li>\n<li>Delivery: quarter III 2025<\/li>\n<li>Distance from Malaga airport: 47 km<\/li>\n<li>Extras:\n<ul>\n<li>private and community medenve<\/li>\n<li>indoor pool<\/li>\n<li>gym<\/li>\n<li>spa<\/li>\n<li>panoramic view of the golf course<\/li>\n<\/ul>\n<\/li>\n<\/ul>\n<p>&nbsp;<\/p>\n<p>Location:<\/p>\n<p><img fetchpriority=\"high\" decoding=\"async\" class=\"alignnone size-medium wp-image-2059\" src=\"https:\/\/livingmarbella.hu\/wp-content\/uploads\/2024\/10\/SC3t-300x213.webp\" alt=\"\" width=\"300\" height=\"213\" srcset=\"https:\/\/livingmarbella.hu\/wp-content\/uploads\/2024\/10\/SC3t-300x213.webp 300w, https:\/\/livingmarbella.hu\/wp-content\/uploads\/2024\/10\/SC3t-1024x727.webp 1024w, https:\/\/livingmarbella.hu\/wp-content\/uploads\/2024\/10\/SC3t-768x545.webp 768w, https:\/\/livingmarbella.hu\/wp-content\/uploads\/2024\/10\/SC3t.webp 1080w\" sizes=\"(max-width: 300px) 100vw, 300px\" \/><\/p>\n<p>&nbsp;<\/p>\n<p>&nbsp;<\/p>\n<p>&nbsp;<\/p>","protected":false},"excerpt":{"rendered":"<p>Marbella nem v\u00e9letlen\u00fcl a Costa del Sol \u00e9kk\u00f6ve: \u00f3v\u00e1rosa, \u00e9ttermei, strandjai r\u00e9g\u00f3ta vonzz\u00e1k az embereket a vil\u00e1g minden pontj\u00e1r\u00f3l. Ha \u00d6n is im\u00e1dja, de csendesebb k\u00f6zegre v\u00e1gyik, akkor ez a projekt \u00d6nnek val\u00f3! Marbella keleti r\u00e9sz\u00e9n, az \u00f3v\u00e1rost\u00f3l mind\u00f6ssze 5 percre \u00e9p\u00fclnek ezek a kiemelked\u0151 min\u0151s\u00e9g\u0171 lak\u00e1sok, golfp\u00e1ly\u00e1ra n\u00e9z\u0151 panor\u00e1m\u00e1val. A min\u0151s\u00e9g minden r\u00e9szletben megnyilv\u00e1nul: [&hellip;]<\/p>","protected":false},"author":2,"featured_media":1820,"parent":0,"menu_order":0,"template":"","rem_property_cat":[],"class_list":["post-1812","rem_property","type-rem_property","status-publish","has-post-thumbnail","hentry","grve-entry-item"],"_links":{"self":[{"href":"https:\/\/livingmarbella.hu\/en\/wp-json\/wp\/v2\/properties\/1812","targetHints":{"allow":["GET"]}}],"collection":[{"href":"https:\/\/livingmarbella.hu\/en\/wp-json\/wp\/v2\/properties"}],"about":[{"href":"https:\/\/livingmarbella.hu\/en\/wp-json\/wp\/v2\/types\/rem_property"}],"author":[{"embeddable":true,"href":"https:\/\/livingmarbella.hu\/en\/wp-json\/wp\/v2\/users\/2"}],"wp:featuredmedia":[{"embeddable":true,"href":"https:\/\/livingmarbella.hu\/en\/wp-json\/wp\/v2\/media\/1820"}],"wp:attachment":[{"href":"https:\/\/livingmarbella.hu\/en\/wp-json\/wp\/v2\/media?parent=1812"}],"wp:term":[{"taxonomy":"rem_property_cat","embeddable":true,"href":"https:\/\/livingmarbella.hu\/en\/wp-json\/wp\/v2\/rem_property_cat?post=1812"}],"curies":[{"name":"wp","href":"https:\/\/api.w.org\/{rel}","templated":true}]}}

<p>Marbella nem véletlenül a Costa del Sol ékköve: óvárosa, éttermei, strandjai régóta vonzzák az embereket a világ minden pontjáról. Ha Ön is imádja, de csendesebb közegre vágyik, akkor ez a projekt Önnek való! Marbella keleti részén, az óvárostól mindössze 5 percre épülnek ezek a kiemelkedő minőségű lakások, golfpályára néző panorámával. A minőség minden részletben megnyilvánul: [&hellip;]</p>
