{"id":1789,"date":"2024-07-30T10:01:06","date_gmt":"2024-07-30T10:01:06","guid":{"rendered":"https:\/\/livingmarbella.hu\/?post_type=rem_property&#038;p=1789"},"modified":"2025-08-13T14:44:05","modified_gmt":"2025-08-13T14:44:05","slug":"o80","status":"publish","type":"rem_property","link":"https:\/\/livingmarbella.hu\/en\/property\/o80\/","title":{"rendered":"O80"},"content":{"rendered":"<p>This project offering south-facing apartments with fantastic panoramic views is located in the western outskirts of Estepona. Only 48 apartments are being built in three low-rise blocks on a wonderfully positioned plot that is high enough to provide sea views, yet close enough to the beach and services. The buildings have been designed so that the properties are flooded with natural light; the ground-floor apartments include private gardens, and residents\u2019 comfort is ensured by a communal swimming pool. If you are looking for more activity, the city of Estepona, grocery stores, and restaurants are all reachable within just a few minutes by car.<\/p>\n<p>&nbsp;<\/p>\n<ul>\n<li>Number of apartments: 48<\/li>\n<li>Starting prices: 2-4 bedroom apartment from EUR 473.000*<\/li>\n<li>Distance from the beach: 800 m<\/li>\n<li>Delivery:  2026 Q2<\/li>\n<li>Distance from Malaga airport: 86 km<\/li>\n<li>Extras:\n<ul>\n<li>near water<\/li>\n<li>pool<\/li>\n<li>gym<\/li>\n<li>sea panorama<\/li>\n<\/ul>\n<\/li>\n<\/ul>\n<p>&nbsp;<\/p>\n<p>Location:<\/p>\n<p>&nbsp;<\/p>\n<p><img fetchpriority=\"high\" decoding=\"async\" class=\"alignnone size-medium wp-image-1799\" src=\"https:\/\/livingmarbella.hu\/wp-content\/uploads\/2024\/07\/O80t-300x183.webp\" alt=\"\" width=\"300\" height=\"183\" srcset=\"https:\/\/livingmarbella.hu\/wp-content\/uploads\/2024\/07\/O80t-300x183.webp 300w, https:\/\/livingmarbella.hu\/wp-content\/uploads\/2024\/07\/O80t-1024x624.webp 1024w, https:\/\/livingmarbella.hu\/wp-content\/uploads\/2024\/07\/O80t-768x468.webp 768w, https:\/\/livingmarbella.hu\/wp-content\/uploads\/2024\/07\/O80t.webp 1272w\" sizes=\"(max-width: 300px) 100vw, 300px\" \/><\/p>","protected":false},"excerpt":{"rendered":"<p>Estepona nyugati k\u00fclv\u00e1ros\u00e1ban tal\u00e1lhat\u00f3 ez a fantasztikus panor\u00e1m\u00e1j\u00fa, d\u00e9li fekv\u00e9s\u0171 lak\u00e1sokat k\u00edn\u00e1l\u00f3 projekt. Csup\u00e1n 48 lak\u00e1s \u00e9p\u00fcl 3 alacsony t\u00f6mbben egy csod\u00e1latos elhelyezked\u00e9s\u0171 telken, mely el\u00e9g magas ahhoz, hogy tengeri panor\u00e1m\u00e1t ny\u00fajtson, de kell\u0151en k\u00f6zel van a tengerparthoz \u00e9s a szolg\u00e1ltat\u00e1sokhoz. Az \u00e9p\u00fcleteket \u00fagy tervezt\u00e9k, hogy az ingatlanok napf\u00e9nyben \u00fasszanak, a f\u00f6ldszinti lak\u00e1sokhoz saj\u00e1t kert [&hellip;]<\/p>","protected":false},"author":2,"featured_media":1791,"parent":0,"menu_order":0,"template":"","rem_property_cat":[],"class_list":["post-1789","rem_property","type-rem_property","status-publish","has-post-thumbnail","hentry","grve-entry-item"],"_links":{"self":[{"href":"https:\/\/livingmarbella.hu\/en\/wp-json\/wp\/v2\/properties\/1789","targetHints":{"allow":["GET"]}}],"collection":[{"href":"https:\/\/livingmarbella.hu\/en\/wp-json\/wp\/v2\/properties"}],"about":[{"href":"https:\/\/livingmarbella.hu\/en\/wp-json\/wp\/v2\/types\/rem_property"}],"author":[{"embeddable":true,"href":"https:\/\/livingmarbella.hu\/en\/wp-json\/wp\/v2\/users\/2"}],"wp:featuredmedia":[{"embeddable":true,"href":"https:\/\/livingmarbella.hu\/en\/wp-json\/wp\/v2\/media\/1791"}],"wp:attachment":[{"href":"https:\/\/livingmarbella.hu\/en\/wp-json\/wp\/v2\/media?parent=1789"}],"wp:term":[{"taxonomy":"rem_property_cat","embeddable":true,"href":"https:\/\/livingmarbella.hu\/en\/wp-json\/wp\/v2\/rem_property_cat?post=1789"}],"curies":[{"name":"wp","href":"https:\/\/api.w.org\/{rel}","templated":true}]}}

<p>Estepona nyugati külvárosában található ez a fantasztikus panorámájú, déli fekvésű lakásokat kínáló projekt. Csupán 48 lakás épül 3 alacsony tömbben egy csodálatos elhelyezkedésű telken, mely elég magas ahhoz, hogy tengeri panorámát nyújtson, de kellően közel van a tengerparthoz és a szolgáltatásokhoz. Az épületeket úgy tervezték, hogy az ingatlanok napfényben ússzanak, a földszinti lakásokhoz saját kert [&hellip;]</p>
