{"id":1751,"date":"2024-07-30T09:36:00","date_gmt":"2024-07-30T09:36:00","guid":{"rendered":"https:\/\/livingmarbella.hu\/?post_type=rem_property&#038;p=1751"},"modified":"2025-08-13T14:40:50","modified_gmt":"2025-08-13T14:40:50","slug":"o3","status":"publish","type":"rem_property","link":"https:\/\/livingmarbella.hu\/en\/property\/o3\/","title":{"rendered":"O3"},"content":{"rendered":"<p>The Golden Triangle between Marbella and Estepona is perhaps the most dynamically developing area of the Costa del Sol, where several high-standard projects are being built. One of these is O3, consisting of 215 exclusive 2- and 3-bedroom apartments, specifically designed for the Mediterranean lifestyle. Southern orientation, large glass surfaces, and spacious terraces ensure optimal use of sunlight. The ground-floor apartments include private gardens, while the penthouses offer wonderful panoramic views from their large roof terraces. Here you will truly be able to relax, but if you are looking for a livelier atmosphere, both Marbella and Estepona are reachable within a few minutes by car.<\/p>\n<p>&nbsp;<\/p>\n<ul>\n<li>Number of apartments: 127<\/li>\n<li>Starting prices: 2-3 bedroom apartment from EUR 494.400*<\/li>\n<li>Distance from the beach: 3 km<\/li>\n<li>Delivery: quarter IV 2024<\/li>\n<li>Distance from Malaga airport: 77 km<\/li>\n<li>Extras:\n<ul>\n<li>outdoor and indoor pool<\/li>\n<li>gym<\/li>\n<li>spa<\/li>\n<li>Community office<\/li>\n<\/ul>\n<\/li>\n<\/ul>\n<p>&nbsp;<\/p>\n<p>Location:<\/p>\n<p><img fetchpriority=\"high\" decoding=\"async\" class=\"alignnone size-medium wp-image-1762\" src=\"https:\/\/livingmarbella.hu\/wp-content\/uploads\/2024\/07\/O3t-300x175.webp\" alt=\"\" width=\"300\" height=\"175\" srcset=\"https:\/\/livingmarbella.hu\/wp-content\/uploads\/2024\/07\/O3t-300x175.webp 300w, https:\/\/livingmarbella.hu\/wp-content\/uploads\/2024\/07\/O3t-1024x597.webp 1024w, https:\/\/livingmarbella.hu\/wp-content\/uploads\/2024\/07\/O3t-768x447.webp 768w, https:\/\/livingmarbella.hu\/wp-content\/uploads\/2024\/07\/O3t.webp 1272w\" sizes=\"(max-width: 300px) 100vw, 300px\" \/><\/p>","protected":false},"excerpt":{"rendered":"<p>Az Arany H\u00e1romsz\u00f6g Marbella \u00e9s Estepona k\u00f6z\u00f6tt a Costa del Sol tal\u00e1n legdinamikusabban fejl\u0151d\u0151 r\u00e9sze, ahol t\u00f6bb nagyon sz\u00ednvonalas projekt \u00e9p\u00fcl. Ezek egyike az O3, ami 215 db, 2-3 h\u00e1l\u00f3szob\u00e1s exkluz\u00edv lak\u00e1sb\u00f3l \u00e1ll, melyeket kifejezetten a mediterr\u00e1n \u00e9let\u00e9rz\u00e9shez terveztek. A d\u00e9li fekv\u00e9s, a nagy \u00fcvegfel\u00fcletek \u00e9s a t\u00e1gas teraszok optim\u00e1lis napf\u00e9nykihaszn\u00e1l\u00e1st biztos\u00edtanak. A f\u00f6ldszinti lak\u00e1sokhoz [&hellip;]<\/p>","protected":false},"author":2,"featured_media":1759,"parent":0,"menu_order":0,"template":"","rem_property_cat":[],"class_list":["post-1751","rem_property","type-rem_property","status-publish","has-post-thumbnail","hentry","grve-entry-item"],"_links":{"self":[{"href":"https:\/\/livingmarbella.hu\/en\/wp-json\/wp\/v2\/properties\/1751","targetHints":{"allow":["GET"]}}],"collection":[{"href":"https:\/\/livingmarbella.hu\/en\/wp-json\/wp\/v2\/properties"}],"about":[{"href":"https:\/\/livingmarbella.hu\/en\/wp-json\/wp\/v2\/types\/rem_property"}],"author":[{"embeddable":true,"href":"https:\/\/livingmarbella.hu\/en\/wp-json\/wp\/v2\/users\/2"}],"wp:featuredmedia":[{"embeddable":true,"href":"https:\/\/livingmarbella.hu\/en\/wp-json\/wp\/v2\/media\/1759"}],"wp:attachment":[{"href":"https:\/\/livingmarbella.hu\/en\/wp-json\/wp\/v2\/media?parent=1751"}],"wp:term":[{"taxonomy":"rem_property_cat","embeddable":true,"href":"https:\/\/livingmarbella.hu\/en\/wp-json\/wp\/v2\/rem_property_cat?post=1751"}],"curies":[{"name":"wp","href":"https:\/\/api.w.org\/{rel}","templated":true}]}}

<p>Az Arany Háromszög Marbella és Estepona között a Costa del Sol talán legdinamikusabban fejlődő része, ahol több nagyon színvonalas projekt épül. Ezek egyike az O3, ami 215 db, 2-3 hálószobás exkluzív lakásból áll, melyeket kifejezetten a mediterrán életérzéshez terveztek. A déli fekvés, a nagy üvegfelületek és a tágas teraszok optimális napfénykihasználást biztosítanak. A földszinti lakásokhoz [&hellip;]</p>
