{"id":1741,"date":"2024-07-30T09:20:11","date_gmt":"2024-07-30T09:20:11","guid":{"rendered":"https:\/\/livingmarbella.hu\/?post_type=rem_property&#038;p=1741"},"modified":"2025-08-13T14:24:31","modified_gmt":"2025-08-13T14:24:31","slug":"nm3","status":"publish","type":"rem_property","link":"https:\/\/livingmarbella.hu\/en\/property\/nm3\/","title":{"rendered":"NM3"},"content":{"rendered":"<p>What could be better than being just 70 metres from the seaside promenade? This project is an excellent choice if you wish to enjoy the advantages of a vibrant and modern city, all in Fuengirola, only 20 km from M\u00e1laga. Leisure activities, schools, shopping opportunities, and the beach are all just a few minutes away. The complex features apartments with 1, 2, and 3 bedrooms, all with balconies. Functionality was a key consideration, with spacious and bright interiors characterising the properties, while residents are served by a swimming pool, sauna, communal kitchen, and gym to complete their comfort.<\/p>\n<p>&nbsp;<\/p>\n<ul>\n<li>Number of apartments: 127<\/li>\n<li>Starting prices: 2-3 bedroom apartment from EUR 501.600*<\/li>\n<li>Distance from the beach: 600 m<\/li>\n<li>Delivery: quarter III 2025<\/li>\n<li>Distance from Malaga airport: 25 km<\/li>\n<li>Extras:\n<ul>\n<li>near water<\/li>\n<li>pool<\/li>\n<li>gym<\/li>\n<li>spa<\/li>\n<li>central location<\/li>\n<\/ul>\n<\/li>\n<\/ul>\n<p>&nbsp;<\/p>\n<p>Location:<\/p>\n<p><img fetchpriority=\"high\" decoding=\"async\" class=\"alignnone size-medium wp-image-1750\" src=\"https:\/\/livingmarbella.hu\/wp-content\/uploads\/2024\/07\/NM3t-300x179.webp\" alt=\"\" width=\"300\" height=\"179\" srcset=\"https:\/\/livingmarbella.hu\/wp-content\/uploads\/2024\/07\/NM3t-300x179.webp 300w, https:\/\/livingmarbella.hu\/wp-content\/uploads\/2024\/07\/NM3t-1024x612.webp 1024w, https:\/\/livingmarbella.hu\/wp-content\/uploads\/2024\/07\/NM3t-768x459.webp 768w, https:\/\/livingmarbella.hu\/wp-content\/uploads\/2024\/07\/NM3t.webp 1240w\" sizes=\"(max-width: 300px) 100vw, 300px\" \/><\/p>","protected":false},"excerpt":{"rendered":"<p>Mi lehet ann\u00e1l jobb, mint ha 70 m\u00e9terre vagy a tengerparti s\u00e9t\u00e1nyt\u00f3l? Ez a projekt remek v\u00e1laszt\u00e1s, ha \u00e9lvezni szeretn\u00e9 a ny\u00fczsg\u0151 \u00e9s modern v\u00e1ros adta el\u0151ny\u00f6ket, mindezt Fuengirol\u00e1ban, csup\u00e1n 20 km-re Malag\u00e1t\u00f3l. Szabadid\u0151s tev\u00e9kenys\u00e9gek, iskol\u00e1k, bev\u00e1s\u00e1rl\u00e1si lehet\u0151s\u00e9gek, \u00e9s a strand is mind\u00f6ssze p\u00e1r percre tal\u00e1lhat\u00f3 innen. A komplexumban 1, 2 \u00e9s 3 h\u00e1l\u00f3szob\u00e1s, erk\u00e9lyes [&hellip;]<\/p>","protected":false},"author":2,"featured_media":1749,"parent":0,"menu_order":0,"template":"","rem_property_cat":[],"class_list":["post-1741","rem_property","type-rem_property","status-publish","has-post-thumbnail","hentry","grve-entry-item"],"_links":{"self":[{"href":"https:\/\/livingmarbella.hu\/en\/wp-json\/wp\/v2\/properties\/1741","targetHints":{"allow":["GET"]}}],"collection":[{"href":"https:\/\/livingmarbella.hu\/en\/wp-json\/wp\/v2\/properties"}],"about":[{"href":"https:\/\/livingmarbella.hu\/en\/wp-json\/wp\/v2\/types\/rem_property"}],"author":[{"embeddable":true,"href":"https:\/\/livingmarbella.hu\/en\/wp-json\/wp\/v2\/users\/2"}],"wp:featuredmedia":[{"embeddable":true,"href":"https:\/\/livingmarbella.hu\/en\/wp-json\/wp\/v2\/media\/1749"}],"wp:attachment":[{"href":"https:\/\/livingmarbella.hu\/en\/wp-json\/wp\/v2\/media?parent=1741"}],"wp:term":[{"taxonomy":"rem_property_cat","embeddable":true,"href":"https:\/\/livingmarbella.hu\/en\/wp-json\/wp\/v2\/rem_property_cat?post=1741"}],"curies":[{"name":"wp","href":"https:\/\/api.w.org\/{rel}","templated":true}]}}

<p>What could be better than being just 70 metres from the seaside promenade? This project is an excellent choice if you wish to enjoy the advantages of a vibrant and modern city, all in Fuengirola, only 20 km from Málaga. Leisure activities, schools, shopping opportunities, and the beach are all just a few minutes away. The complex features apartments with 1, 2, and 3 bedrooms, all with balconies. Functionality was a key consideration, with spacious and bright interiors characterising the properties, while residents are served by a swimming pool, sauna, communal kitchen, and gym to complete their comfort.</p>
<p>&nbsp;</p>
<ul>
<li>Number of apartments: 127</li>
<li>Starting prices: 2-3 bedroom apartment from EUR 501.600*</li>
<li>Distance from the beach: 600 m</li>
<li>Delivery: quarter III 2025</li>
<li>Distance from Malaga airport: 25 km</li>
<li>Extras:
<ul>
<li>near water</li>
<li>pool</li>
<li>gym</li>
<li>spa</li>
<li>central location</li>
</ul>
</li>
</ul>
<p>&nbsp;</p>
<p>Location:</p>
<p><img fetchpriority="high" decoding="async" class="alignnone size-medium wp-image-1750" src="https://livingmarbella.hu/wp-content/uploads/2024/07/NM3t-300x179.webp" alt="" width="300" height="179" srcset="https://livingmarbella.hu/wp-content/uploads/2024/07/NM3t-300x179.webp 300w, https://livingmarbella.hu/wp-content/uploads/2024/07/NM3t-1024x612.webp 1024w, https://livingmarbella.hu/wp-content/uploads/2024/07/NM3t-768x459.webp 768w, https://livingmarbella.hu/wp-content/uploads/2024/07/NM3t.webp 1240w" sizes="(max-width: 300px) 100vw, 300px" /></p>

<p>Mi lehet annál jobb, mint ha 70 méterre vagy a tengerparti sétánytól? Ez a projekt remek választás, ha élvezni szeretné a nyüzsgő és modern város adta előnyöket, mindezt Fuengirolában, csupán 20 km-re Malagától. Szabadidős tevékenységek, iskolák, bevásárlási lehetőségek, és a strand is mindössze pár percre található innen. A komplexumban 1, 2 és 3 hálószobás, erkélyes [&hellip;]</p>
