{"id":1710,"date":"2024-07-30T09:07:58","date_gmt":"2024-07-30T09:07:58","guid":{"rendered":"https:\/\/livingmarbella.hu\/?post_type=rem_property&#038;p=1710"},"modified":"2025-08-13T14:17:09","modified_gmt":"2025-08-13T14:17:09","slug":"me4","status":"publish","type":"rem_property","link":"https:\/\/livingmarbella.hu\/en\/property\/me4\/","title":{"rendered":"ME4"},"content":{"rendered":"<p>This project represents a wonderful combination of suburban tranquillity, hotel-style comfort, and sea views. Located just 800 metres from Estepona\u2019s old town, this complex is being built on a hillside, where residents\u2019 comfort is ensured not only by high-quality materials but also by swimming pools, sports courts, shops, and restaurants. If you do not wish to go out, you do not have to, and if you do, the wonderful city of Estepona, its services, and the 20 km-long seaside promenade are all reachable within minutes.<\/p>\n<p>&nbsp;<\/p>\n<ul>\n<li>Number of apartments: 78<\/li>\n<li>Starting prices: 2-4 bedroom apartment from EUR 844.140*<\/li>\n<li>Distance from the beach: 2,5 km<\/li>\n<li>Delivery: quarter III 2026<\/li>\n<li>Distance from Malaga airport: 83 km<\/li>\n<li>Extras:\n<ul>\n<li>more pools<\/li>\n<li>gym<\/li>\n<li>padel courts<\/li>\n<li>Restaurant<\/li>\n<li>bar<\/li>\n<li>services within the residential complex<\/li>\n<\/ul>\n<\/li>\n<\/ul>\n<p>&nbsp;<\/p>\n<p>Location:<\/p>\n<p><img fetchpriority=\"high\" decoding=\"async\" class=\"alignnone size-medium wp-image-2026\" src=\"https:\/\/livingmarbella.hu\/wp-content\/uploads\/2024\/10\/ME4t-300x213.webp\" alt=\"\" width=\"300\" height=\"213\" srcset=\"https:\/\/livingmarbella.hu\/wp-content\/uploads\/2024\/10\/ME4t-300x213.webp 300w, https:\/\/livingmarbella.hu\/wp-content\/uploads\/2024\/10\/ME4t-1024x727.webp 1024w, https:\/\/livingmarbella.hu\/wp-content\/uploads\/2024\/10\/ME4t-768x545.webp 768w, https:\/\/livingmarbella.hu\/wp-content\/uploads\/2024\/10\/ME4t.webp 1080w\" sizes=\"(max-width: 300px) 100vw, 300px\" \/><\/p>","protected":false},"excerpt":{"rendered":"<p>A k\u00fclv\u00e1rosi nyugalom, a sz\u00e1llodai k\u00e9nyelem \u00e9s a tengeri panor\u00e1ma csod\u00e1latos egy\u00fctt \u00e1ll\u00e1sa ez a projekt. Estepona \u00f3v\u00e1ros\u00e1t\u00f3l mind\u00f6ssze 800 m\u00e9terre, a hegyoldalban \u00e9p\u00fcl ez a komplexum, ahol a lak\u00f3k k\u00e9nyelm\u00e9t a min\u0151s\u00e9gi anyagokon fel\u00fcl medenc\u00e9k, sportp\u00e1ly\u00e1k, \u00fczletek \u00e9s \u00e9ttermek biztos\u00edtj\u00e1k. Ha nem szeretne, nem is kell kimozdulnia, ha pedig m\u00e9gis, Estepona csod\u00e1s v\u00e1rosa, a [&hellip;]<\/p>","protected":false},"author":2,"featured_media":1715,"parent":0,"menu_order":0,"template":"","rem_property_cat":[],"class_list":["post-1710","rem_property","type-rem_property","status-publish","has-post-thumbnail","hentry","grve-entry-item"],"_links":{"self":[{"href":"https:\/\/livingmarbella.hu\/en\/wp-json\/wp\/v2\/properties\/1710","targetHints":{"allow":["GET"]}}],"collection":[{"href":"https:\/\/livingmarbella.hu\/en\/wp-json\/wp\/v2\/properties"}],"about":[{"href":"https:\/\/livingmarbella.hu\/en\/wp-json\/wp\/v2\/types\/rem_property"}],"author":[{"embeddable":true,"href":"https:\/\/livingmarbella.hu\/en\/wp-json\/wp\/v2\/users\/2"}],"wp:featuredmedia":[{"embeddable":true,"href":"https:\/\/livingmarbella.hu\/en\/wp-json\/wp\/v2\/media\/1715"}],"wp:attachment":[{"href":"https:\/\/livingmarbella.hu\/en\/wp-json\/wp\/v2\/media?parent=1710"}],"wp:term":[{"taxonomy":"rem_property_cat","embeddable":true,"href":"https:\/\/livingmarbella.hu\/en\/wp-json\/wp\/v2\/rem_property_cat?post=1710"}],"curies":[{"name":"wp","href":"https:\/\/api.w.org\/{rel}","templated":true}]}}

<p>A külvárosi nyugalom, a szállodai kényelem és a tengeri panoráma csodálatos együtt állása ez a projekt. Estepona óvárosától mindössze 800 méterre, a hegyoldalban épül ez a komplexum, ahol a lakók kényelmét a minőségi anyagokon felül medencék, sportpályák, üzletek és éttermek biztosítják. Ha nem szeretne, nem is kell kimozdulnia, ha pedig mégis, Estepona csodás városa, a [&hellip;]</p>
