{"id":1696,"date":"2024-07-30T08:56:12","date_gmt":"2024-07-30T08:56:12","guid":{"rendered":"https:\/\/livingmarbella.hu\/?post_type=rem_property&#038;p=1696"},"modified":"2025-08-13T14:23:28","modified_gmt":"2025-08-13T14:23:28","slug":"ms4","status":"publish","type":"rem_property","link":"https:\/\/livingmarbella.hu\/en\/property\/ms4\/","title":{"rendered":"MS4"},"content":{"rendered":"<p>Enjoy perfect tranquillity and a 300-degree panorama on the hillside below the town of Mijas in this complex consisting of only 50 apartments. The south-west\u2013facing apartments with sea views were designed to blend into the surrounding nature, while the architects also paid attention to preserving the privacy of the homes as much as possible, with hanging gardens enhancing the buildings in several places. Residents\u2019 full comfort is ensured by a children\u2019s pool and an adults\u2019 pool, a sauna, a Turkish bath, and a gym, while the city of Fuengirola, restaurants, and other services are also reachable within a 10-minute drive.<\/p>\n<p>&nbsp;<\/p>\n<ul>\n<li>Number of apartments: 50<\/li>\n<li>Starting prices: 2-3 bedroom apartment from EUR 484.000*<\/li>\n<li>Distance from the beach: 6 km<\/li>\n<li>Delivery: 2026 Q4<\/li>\n<li>Distance from Malaga airport: 26 km<\/li>\n<li>Extras:\n<ul>\n<li>adult and children pool<\/li>\n<li>gym<\/li>\n<li>sauna<\/li>\n<li>turkish bath<\/li>\n<li>sea panorama<\/li>\n<\/ul>\n<\/li>\n<\/ul>\n<p>&nbsp;<\/p>\n<p>Location:<\/p>\n<p><img fetchpriority=\"high\" decoding=\"async\" class=\"alignnone size-medium wp-image-1709\" src=\"https:\/\/livingmarbella.hu\/wp-content\/uploads\/2024\/07\/MS4t-300x180.webp\" alt=\"\" width=\"300\" height=\"180\" srcset=\"https:\/\/livingmarbella.hu\/wp-content\/uploads\/2024\/07\/MS4t-300x180.webp 300w, https:\/\/livingmarbella.hu\/wp-content\/uploads\/2024\/07\/MS4t-1024x613.webp 1024w, https:\/\/livingmarbella.hu\/wp-content\/uploads\/2024\/07\/MS4t-768x460.webp 768w, https:\/\/livingmarbella.hu\/wp-content\/uploads\/2024\/07\/MS4t.webp 1272w\" sizes=\"(max-width: 300px) 100vw, 300px\" \/><\/p>","protected":false},"excerpt":{"rendered":"<p>\u00c9lvezze a t\u00f6k\u00e9letes nyugalmat \u00e9s a 300 fokos panor\u00e1m\u00e1t a hegyoldalban, Mijas telep\u00fcl\u00e9se alatt ebben a mind\u00f6ssze 50 lak\u00e1sos komplexumban. A d\u00e9lnyugati fekv\u00e9s\u0171, tengeri panor\u00e1m\u00e1s lak\u00e1sok \u00fagy \u00e9p\u00fcltek, hogy egybeolvadjanak az \u0151ket k\u00f6r\u00fcl\u00f6lel\u0151 term\u00e9szettel, de az \u00e9p\u00edt\u00e9szek figyeltek arra is, hogy a lak\u00e1sok intimit\u00e1sa min\u00e9l ink\u00e1bb megmaradjon, \u00edgy t\u00f6bb helyen f\u00fcgg\u0151kertek sz\u00ednes\u00edtik az \u00e9p\u00fcleteket. A [&hellip;]<\/p>","protected":false},"author":2,"featured_media":1705,"parent":0,"menu_order":0,"template":"","rem_property_cat":[],"class_list":["post-1696","rem_property","type-rem_property","status-publish","has-post-thumbnail","hentry","grve-entry-item"],"_links":{"self":[{"href":"https:\/\/livingmarbella.hu\/en\/wp-json\/wp\/v2\/properties\/1696","targetHints":{"allow":["GET"]}}],"collection":[{"href":"https:\/\/livingmarbella.hu\/en\/wp-json\/wp\/v2\/properties"}],"about":[{"href":"https:\/\/livingmarbella.hu\/en\/wp-json\/wp\/v2\/types\/rem_property"}],"author":[{"embeddable":true,"href":"https:\/\/livingmarbella.hu\/en\/wp-json\/wp\/v2\/users\/2"}],"wp:featuredmedia":[{"embeddable":true,"href":"https:\/\/livingmarbella.hu\/en\/wp-json\/wp\/v2\/media\/1705"}],"wp:attachment":[{"href":"https:\/\/livingmarbella.hu\/en\/wp-json\/wp\/v2\/media?parent=1696"}],"wp:term":[{"taxonomy":"rem_property_cat","embeddable":true,"href":"https:\/\/livingmarbella.hu\/en\/wp-json\/wp\/v2\/rem_property_cat?post=1696"}],"curies":[{"name":"wp","href":"https:\/\/api.w.org\/{rel}","templated":true}]}}

<p>Élvezze a tökéletes nyugalmat és a 300 fokos panorámát a hegyoldalban, Mijas települése alatt ebben a mindössze 50 lakásos komplexumban. A délnyugati fekvésű, tengeri panorámás lakások úgy épültek, hogy egybeolvadjanak az őket körülölelő természettel, de az építészek figyeltek arra is, hogy a lakások intimitása minél inkább megmaradjon, így több helyen függőkertek színesítik az épületeket. A [&hellip;]</p>
