{"id":1675,"date":"2024-07-30T08:39:32","date_gmt":"2024-07-30T08:39:32","guid":{"rendered":"https:\/\/livingmarbella.hu\/?post_type=rem_property&#038;p=1675"},"modified":"2025-08-13T14:18:17","modified_gmt":"2025-08-13T14:18:17","slug":"mgb3","status":"publish","type":"rem_property","link":"https:\/\/livingmarbella.hu\/en\/property\/mgb3\/","title":{"rendered":"MGB3"},"content":{"rendered":"<p>Do you love the atmosphere of marinas, or perhaps you are a sailor yourself? This could be your dream home. This project offers a perfect blend of urban living and seaside luxury in the heart of the vibrant city of Benalm\u00e1dena, in the immediate vicinity of the picturesque marina. The designers were inspired by the shape of a ship, and with its grand lines this building of only 33 apartments appears as if it were anchored in the harbour. The undulating fa\u00e7ade also evokes the sea, while architecturally making maximum use of light and space. A place where elegance merges with the horizon.<\/p>\n<p>&nbsp;<\/p>\n<ul>\n<li>Number of apartments: 33<\/li>\n<li>Starting prices: 2-3 bedroom apartment from EUR 774.400*<\/li>\n<li>Distance from the beach: 500 m<\/li>\n<li>Delivery: quarter IV 2025<\/li>\n<li>Distance from Malaga airport:10 km<\/li>\n<li>Extras:\n<ul>\n<li>near water<\/li>\n<li>boutique complex<\/li>\n<li>pool<\/li>\n<li>central location<\/li>\n<li>panorama<\/li>\n<\/ul>\n<\/li>\n<\/ul>\n<p>&nbsp;<\/p>\n<p>Location:<\/p>\n<p><img fetchpriority=\"high\" decoding=\"async\" class=\"alignnone size-medium wp-image-1684\" src=\"https:\/\/livingmarbella.hu\/wp-content\/uploads\/2024\/07\/MGB3t-300x182.webp\" alt=\"\" width=\"300\" height=\"182\" srcset=\"https:\/\/livingmarbella.hu\/wp-content\/uploads\/2024\/07\/MGB3t-300x182.webp 300w, https:\/\/livingmarbella.hu\/wp-content\/uploads\/2024\/07\/MGB3t-1024x622.webp 1024w, https:\/\/livingmarbella.hu\/wp-content\/uploads\/2024\/07\/MGB3t-768x466.webp 768w, https:\/\/livingmarbella.hu\/wp-content\/uploads\/2024\/07\/MGB3t.webp 1283w\" sizes=\"(max-width: 300px) 100vw, 300px\" \/><\/p>","protected":false},"excerpt":{"rendered":"<p>Im\u00e1dja a kik\u00f6t\u0151k hangulat\u00e1t, esetleg haj\u00f3zik is? Ez lehet \u00e1lmai otthona! Ez a projekt t\u00f6k\u00e9letes elegy\u00e9t k\u00edn\u00e1lja a v\u00e1rosi \u00e9letnek \u00e9s a tengerparti luxusnak egy ny\u00fczsg\u0151 v\u00e1ros, Benalmadena k\u00f6zep\u00e9n, a fest\u0151i kik\u00f6t\u0151 szomsz\u00e9ds\u00e1g\u00e1ban. A tervez\u0151ket egy haj\u00f3 form\u00e1ja ihlette, grandi\u00f3zus vonalaival mintha csak a kik\u00f6t\u0151ben horgonyozna ez a mind\u00f6ssze 33 lak\u00e1sos \u00e9p\u00fclet. A hull\u00e1mz\u00f3 homlokzat [&hellip;]<\/p>","protected":false},"author":2,"featured_media":1683,"parent":0,"menu_order":0,"template":"","rem_property_cat":[],"class_list":["post-1675","rem_property","type-rem_property","status-publish","has-post-thumbnail","hentry","grve-entry-item"],"_links":{"self":[{"href":"https:\/\/livingmarbella.hu\/en\/wp-json\/wp\/v2\/properties\/1675","targetHints":{"allow":["GET"]}}],"collection":[{"href":"https:\/\/livingmarbella.hu\/en\/wp-json\/wp\/v2\/properties"}],"about":[{"href":"https:\/\/livingmarbella.hu\/en\/wp-json\/wp\/v2\/types\/rem_property"}],"author":[{"embeddable":true,"href":"https:\/\/livingmarbella.hu\/en\/wp-json\/wp\/v2\/users\/2"}],"wp:featuredmedia":[{"embeddable":true,"href":"https:\/\/livingmarbella.hu\/en\/wp-json\/wp\/v2\/media\/1683"}],"wp:attachment":[{"href":"https:\/\/livingmarbella.hu\/en\/wp-json\/wp\/v2\/media?parent=1675"}],"wp:term":[{"taxonomy":"rem_property_cat","embeddable":true,"href":"https:\/\/livingmarbella.hu\/en\/wp-json\/wp\/v2\/rem_property_cat?post=1675"}],"curies":[{"name":"wp","href":"https:\/\/api.w.org\/{rel}","templated":true}]}}

<p>Do you love the atmosphere of marinas, or perhaps you are a sailor yourself? This could be your dream home. This project offers a perfect blend of urban living and seaside luxury in the heart of the vibrant city of Benalmádena, in the immediate vicinity of the picturesque marina. The designers were inspired by the shape of a ship, and with its grand lines this building of only 33 apartments appears as if it were anchored in the harbour. The undulating façade also evokes the sea, while architecturally making maximum use of light and space. A place where elegance merges with the horizon.</p>
<p>&nbsp;</p>
<ul>
<li>Number of apartments: 33</li>
<li>Starting prices: 2-3 bedroom apartment from EUR 774.400*</li>
<li>Distance from the beach: 500 m</li>
<li>Delivery: quarter IV 2025</li>
<li>Distance from Malaga airport:10 km</li>
<li>Extras:
<ul>
<li>near water</li>
<li>boutique complex</li>
<li>pool</li>
<li>central location</li>
<li>panorama</li>
</ul>
</li>
</ul>
<p>&nbsp;</p>
<p>Location:</p>
<p><img fetchpriority="high" decoding="async" class="alignnone size-medium wp-image-1684" src="https://livingmarbella.hu/wp-content/uploads/2024/07/MGB3t-300x182.webp" alt="" width="300" height="182" srcset="https://livingmarbella.hu/wp-content/uploads/2024/07/MGB3t-300x182.webp 300w, https://livingmarbella.hu/wp-content/uploads/2024/07/MGB3t-1024x622.webp 1024w, https://livingmarbella.hu/wp-content/uploads/2024/07/MGB3t-768x466.webp 768w, https://livingmarbella.hu/wp-content/uploads/2024/07/MGB3t.webp 1283w" sizes="(max-width: 300px) 100vw, 300px" /></p>

<p>Imádja a kikötők hangulatát, esetleg hajózik is? Ez lehet álmai otthona! Ez a projekt tökéletes elegyét kínálja a városi életnek és a tengerparti luxusnak egy nyüzsgő város, Benalmadena közepén, a festői kikötő szomszédságában. A tervezőket egy hajó formája ihlette, grandiózus vonalaival mintha csak a kikötőben horgonyozna ez a mindössze 33 lakásos épület. A hullámzó homlokzat [&hellip;]</p>
