{"id":1655,"date":"2024-07-29T11:30:52","date_gmt":"2024-07-29T11:30:52","guid":{"rendered":"https:\/\/livingmarbella.hu\/?post_type=rem_property&#038;p=1655"},"modified":"2025-08-13T14:15:51","modified_gmt":"2025-08-13T14:15:51","slug":"m3","status":"publish","type":"rem_property","link":"https:\/\/livingmarbella.hu\/en\/property\/m3\/","title":{"rendered":"M3"},"content":{"rendered":"<p>When they say that location is the most important factor, they are right. This project is located in San Pedro de Alc\u00e1ntara, 5 minutes from Puerto Ban\u00fas, 10 minutes from Marbella, and just 2 minutes from the beach. It includes 2- and 3-bedroom apartments as well as 4-bedroom penthouses, all designed with maximum comfort and energy efficiency in mind, using high-quality materials. The apartments are characterised by large windows, spacious interiors, and terraces, allowing you to make the most of the 320 days of sunshine per year and the Mediterranean lifestyle.<\/p>\n<p>&nbsp;<\/p>\n<ul>\n<li>Number of apartments: 91<\/li>\n<li>Starting prices: 3-4 bedroom apartment from EUR 792.000*<\/li>\n<li>Distance from the beach:1 km<\/li>\n<li>Delivery: quarter II 2025<\/li>\n<li>Distance from Malaga airport: 65 km<\/li>\n<li>Extras:\n<ul>\n<li>near water<\/li>\n<li>pool<\/li>\n<li>central location<\/li>\n<\/ul>\n<\/li>\n<\/ul>\n<p>&nbsp;<\/p>\n<p>Location:<\/p>\n<p><img fetchpriority=\"high\" decoding=\"async\" class=\"alignnone size-medium wp-image-1671\" src=\"https:\/\/livingmarbella.hu\/wp-content\/uploads\/2024\/07\/M3t-300x180.webp\" alt=\"\" width=\"300\" height=\"180\" srcset=\"https:\/\/livingmarbella.hu\/wp-content\/uploads\/2024\/07\/M3t-300x180.webp 300w, https:\/\/livingmarbella.hu\/wp-content\/uploads\/2024\/07\/M3t-1024x614.webp 1024w, https:\/\/livingmarbella.hu\/wp-content\/uploads\/2024\/07\/M3t-768x460.webp 768w, https:\/\/livingmarbella.hu\/wp-content\/uploads\/2024\/07\/M3t.webp 1293w\" sizes=\"(max-width: 300px) 100vw, 300px\" \/><\/p>","protected":false},"excerpt":{"rendered":"<p>Amikor azt mondj\u00e1k, a lok\u00e1ci\u00f3 a legfontosabb, igazuk van! Ez a projekt San Pedro de Alcantar\u00e1ban tal\u00e1lhat\u00f3, 5 percre Puerto Ban\u00fast\u00f3l, 10 percre Marbell\u00e1t\u00f3l \u00e9s mind\u00f6ssze 2 percre a tengerpartt\u00f3l. 2 \u00e9s 3 h\u00e1l\u00f3szob\u00e1s lak\u00e1sokat, valamint 4 h\u00e1l\u00f3szob\u00e1s penthouse-okat foglal mag\u00e1ba, melyeket mind a maxim\u00e1lis k\u00e9nyelem \u00e9s energiahat\u00e9konys\u00e1g jegy\u00e9ben terveztek, kiv\u00e1l\u00f3 min\u0151s\u00e9g\u0171 anyagok felhaszn\u00e1l\u00e1s\u00e1val. Hatalmas [&hellip;]<\/p>","protected":false},"author":2,"featured_media":1669,"parent":0,"menu_order":0,"template":"","rem_property_cat":[],"class_list":["post-1655","rem_property","type-rem_property","status-publish","has-post-thumbnail","hentry","grve-entry-item"],"_links":{"self":[{"href":"https:\/\/livingmarbella.hu\/en\/wp-json\/wp\/v2\/properties\/1655","targetHints":{"allow":["GET"]}}],"collection":[{"href":"https:\/\/livingmarbella.hu\/en\/wp-json\/wp\/v2\/properties"}],"about":[{"href":"https:\/\/livingmarbella.hu\/en\/wp-json\/wp\/v2\/types\/rem_property"}],"author":[{"embeddable":true,"href":"https:\/\/livingmarbella.hu\/en\/wp-json\/wp\/v2\/users\/2"}],"wp:featuredmedia":[{"embeddable":true,"href":"https:\/\/livingmarbella.hu\/en\/wp-json\/wp\/v2\/media\/1669"}],"wp:attachment":[{"href":"https:\/\/livingmarbella.hu\/en\/wp-json\/wp\/v2\/media?parent=1655"}],"wp:term":[{"taxonomy":"rem_property_cat","embeddable":true,"href":"https:\/\/livingmarbella.hu\/en\/wp-json\/wp\/v2\/rem_property_cat?post=1655"}],"curies":[{"name":"wp","href":"https:\/\/api.w.org\/{rel}","templated":true}]}}

<p>When they say that location is the most important factor, they are right. This project is located in San Pedro de Alcántara, 5 minutes from Puerto Banús, 10 minutes from Marbella, and just 2 minutes from the beach. It includes 2- and 3-bedroom apartments as well as 4-bedroom penthouses, all designed with maximum comfort and energy efficiency in mind, using high-quality materials. The apartments are characterised by large windows, spacious interiors, and terraces, allowing you to make the most of the 320 days of sunshine per year and the Mediterranean lifestyle.</p>
<p>&nbsp;</p>
<ul>
<li>Number of apartments: 91</li>
<li>Starting prices: 3-4 bedroom apartment from EUR 792.000*</li>
<li>Distance from the beach:1 km</li>
<li>Delivery: quarter II 2025</li>
<li>Distance from Malaga airport: 65 km</li>
<li>Extras:
<ul>
<li>near water</li>
<li>pool</li>
<li>central location</li>
</ul>
</li>
</ul>
<p>&nbsp;</p>
<p>Location:</p>
<p><img fetchpriority="high" decoding="async" class="alignnone size-medium wp-image-1671" src="https://livingmarbella.hu/wp-content/uploads/2024/07/M3t-300x180.webp" alt="" width="300" height="180" srcset="https://livingmarbella.hu/wp-content/uploads/2024/07/M3t-300x180.webp 300w, https://livingmarbella.hu/wp-content/uploads/2024/07/M3t-1024x614.webp 1024w, https://livingmarbella.hu/wp-content/uploads/2024/07/M3t-768x460.webp 768w, https://livingmarbella.hu/wp-content/uploads/2024/07/M3t.webp 1293w" sizes="(max-width: 300px) 100vw, 300px" /></p>

<p>Amikor azt mondják, a lokáció a legfontosabb, igazuk van! Ez a projekt San Pedro de Alcantarában található, 5 percre Puerto Banústól, 10 percre Marbellától és mindössze 2 percre a tengerparttól. 2 és 3 hálószobás lakásokat, valamint 4 hálószobás penthouse-okat foglal magába, melyeket mind a maximális kényelem és energiahatékonyság jegyében terveztek, kiváló minőségű anyagok felhasználásával. Hatalmas [&hellip;]</p>
