{"id":1623,"date":"2024-07-29T11:05:01","date_gmt":"2024-07-29T11:05:01","guid":{"rendered":"https:\/\/livingmarbella.hu\/?post_type=rem_property&#038;p=1623"},"modified":"2025-08-13T14:13:15","modified_gmt":"2025-08-13T14:13:15","slug":"l3","status":"publish","type":"rem_property","link":"https:\/\/livingmarbella.hu\/en\/property\/l3\/","title":{"rendered":"L3"},"content":{"rendered":"<p>A beachfront residential complex with 23 apartments located in the city centre, featuring a sky lounge with a swimming pool and relaxation area, as well as parking spaces. Enjoy the entertainment, shopping, and gastronomic opportunities offered by the city centre, or recharge at La Rada beach located just 70 metres away. A wide selection of golf courses is available within just 15 minutes.<\/p>\n<p>&nbsp;<\/p>\n<ul>\n<li>Number of apartments: 24<\/li>\n<li>Starting prices: 2 bedroom apartment from EUR 467.500*<\/li>\n<li>Distance from the beach: 100m<\/li>\n<li>Delivery: quarter IV 2024<\/li>\n<li>Distance from Malaga airport: 84 km<\/li>\n<li>Extras:\n<ul>\n<li>near water<\/li>\n<li>pool<\/li>\n<li>central location<\/li>\n<\/ul>\n<\/li>\n<\/ul>\n<p>&nbsp;<\/p>\n<p>Location:<\/p>\n<p><img fetchpriority=\"high\" decoding=\"async\" class=\"alignnone size-medium wp-image-1631\" src=\"https:\/\/livingmarbella.hu\/wp-content\/uploads\/2024\/07\/L3t-300x190.webp\" alt=\"\" width=\"300\" height=\"190\" srcset=\"https:\/\/livingmarbella.hu\/wp-content\/uploads\/2024\/07\/L3t-300x190.webp 300w, https:\/\/livingmarbella.hu\/wp-content\/uploads\/2024\/07\/L3t-1024x649.webp 1024w, https:\/\/livingmarbella.hu\/wp-content\/uploads\/2024\/07\/L3t-768x486.webp 768w, https:\/\/livingmarbella.hu\/wp-content\/uploads\/2024\/07\/L3t.webp 1279w\" sizes=\"(max-width: 300px) 100vw, 300px\" \/><\/p>","protected":false},"excerpt":{"rendered":"<p>A v\u00e1ros k\u00f6zpontj\u00e1ban tal\u00e1lhat\u00f3 v\u00edzparti, 23 lak\u00e1sos lak\u00f3park, mely sky lounge medenc\u00e9vel \u00e9s pihen\u0151r\u00e9sszel, valamint parkol\u00f3helyekkel rendelkezik. \u00c9lvezze a belv\u00e1ros adta sz\u00f3rakoz\u00e1si, v\u00e1s\u00e1rl\u00e1si \u00e9s gasztron\u00f3miai lehet\u0151s\u00e9geket vagy t\u00f6lt\u0151dj\u00f6n fel a mind\u00f6ssze 70 m\u00e9terre tal\u00e1lhat\u00f3 La Rada strandon. Golfp\u00e1ly\u00e1k sz\u00e9les v\u00e1laszt\u00e9ka \u00e1ll rendelkez\u00e9sre mind\u00f6ssze 15 percre. &nbsp; Lak\u00e1sok sz\u00e1ma: 24 db Indul\u00f3 \u00e1rak: 2 h\u00e1l\u00f3szob\u00e1s lak\u00e1s [&hellip;]<\/p>","protected":false},"author":2,"featured_media":1630,"parent":0,"menu_order":0,"template":"","rem_property_cat":[],"class_list":["post-1623","rem_property","type-rem_property","status-publish","has-post-thumbnail","hentry","grve-entry-item"],"_links":{"self":[{"href":"https:\/\/livingmarbella.hu\/en\/wp-json\/wp\/v2\/properties\/1623","targetHints":{"allow":["GET"]}}],"collection":[{"href":"https:\/\/livingmarbella.hu\/en\/wp-json\/wp\/v2\/properties"}],"about":[{"href":"https:\/\/livingmarbella.hu\/en\/wp-json\/wp\/v2\/types\/rem_property"}],"author":[{"embeddable":true,"href":"https:\/\/livingmarbella.hu\/en\/wp-json\/wp\/v2\/users\/2"}],"wp:featuredmedia":[{"embeddable":true,"href":"https:\/\/livingmarbella.hu\/en\/wp-json\/wp\/v2\/media\/1630"}],"wp:attachment":[{"href":"https:\/\/livingmarbella.hu\/en\/wp-json\/wp\/v2\/media?parent=1623"}],"wp:term":[{"taxonomy":"rem_property_cat","embeddable":true,"href":"https:\/\/livingmarbella.hu\/en\/wp-json\/wp\/v2\/rem_property_cat?post=1623"}],"curies":[{"name":"wp","href":"https:\/\/api.w.org\/{rel}","templated":true}]}}

<p>A város központjában található vízparti, 23 lakásos lakópark, mely sky lounge medencével és pihenőrésszel, valamint parkolóhelyekkel rendelkezik. Élvezze a belváros adta szórakozási, vásárlási és gasztronómiai lehetőségeket vagy töltődjön fel a mindössze 70 méterre található La Rada strandon. Golfpályák széles választéka áll rendelkezésre mindössze 15 percre. &nbsp; Lakások száma: 24 db Induló árak: 2 hálószobás lakás [&hellip;]</p>
