{"id":1489,"date":"2024-07-30T13:02:43","date_gmt":"2024-07-30T13:02:43","guid":{"rendered":"https:\/\/livingmarbella.hu\/?post_type=rem_property&#038;p=1489"},"modified":"2025-08-13T13:33:36","modified_gmt":"2025-08-13T13:33:36","slug":"eq4","status":"publish","type":"rem_property","link":"https:\/\/livingmarbella.hu\/en\/property\/eq4\/","title":{"rendered":"EQ4"},"content":{"rendered":"<p>&nbsp;<\/p>\n<p>If you truly want to be within walking distance of the beach, this project is for you. It is a boutique complex with only 15 apartments located just 220 metres from the sea, and the penthouse apartments also feature wonderful sea views. Estepona\u2019s old town, where you can find everything you need, is only a 15-minute drive away. Enjoy the tranquility of high-quality, light-filled apartments and experience the Mediterranean lifestyle, while being able to take a dip in the sea even several times a day.<\/p>\n<p>&nbsp;<\/p>\n<ul>\n<li>Number of apartments: 15<\/li>\n<li>Starting prices: 1-3 bedroom apartment from EUR 539.000*<\/li>\n<li>Distance from shore: 400m<\/li>\n<li>Delivery: quarter IV 2026<\/li>\n<li>Distance from Malaga airport: 87 km<\/li>\n<li>Extras:\n<ul>\n<li>near water<\/li>\n<li>boutique complex<\/li>\n<li>pool<\/li>\n<li>central location<\/li>\n<li>sea panorama<\/li>\n<\/ul>\n<\/li>\n<\/ul>\n<p>&nbsp;<\/p>\n<p>Location:<\/p>\n<p><img fetchpriority=\"high\" decoding=\"async\" class=\"alignnone size-medium wp-image-1879\" src=\"https:\/\/livingmarbella.hu\/wp-content\/uploads\/2024\/07\/EQ4t-300x179.webp\" alt=\"\" width=\"300\" height=\"179\" srcset=\"https:\/\/livingmarbella.hu\/wp-content\/uploads\/2024\/07\/EQ4t-300x179.webp 300w, https:\/\/livingmarbella.hu\/wp-content\/uploads\/2024\/07\/EQ4t-1024x610.webp 1024w, https:\/\/livingmarbella.hu\/wp-content\/uploads\/2024\/07\/EQ4t-768x458.webp 768w, https:\/\/livingmarbella.hu\/wp-content\/uploads\/2024\/07\/EQ4t.webp 1279w\" sizes=\"(max-width: 300px) 100vw, 300px\" \/><\/p>","protected":false},"excerpt":{"rendered":"<p>&nbsp; Ha szeretne t\u00e9nyleg s\u00e9tat\u00e1vols\u00e1gra lenni a partt\u00f3l, ez a projekt \u00d6nnek val\u00f3! Butikkomplexum, csup\u00e1n 15 lak\u00e1s mind\u00f6ssze 220 m\u00e9terre a tengert\u0151l, a penthouse lak\u00e1sok pedig csod\u00e1latos tengeri panor\u00e1m\u00e1val is rendelkeznek. Estepona \u00f3v\u00e1rosa, ahol mindent megtal\u00e1l, csak 15 perc aut\u00f3val. \u00c9lvezze a min\u0151s\u00e9gi, f\u00e9nyben \u00fasz\u00f3 lak\u00e1sok nyugalm\u00e1t, \u00e9lje \u00e1t a mediterr\u00e1n \u00e9let\u00e9rz\u00e9st, mik\u00f6zben ak\u00e1r naponta [&hellip;]<\/p>","protected":false},"author":2,"featured_media":1877,"parent":0,"menu_order":0,"template":"","rem_property_cat":[],"class_list":["post-1489","rem_property","type-rem_property","status-publish","has-post-thumbnail","hentry","grve-entry-item"],"_links":{"self":[{"href":"https:\/\/livingmarbella.hu\/en\/wp-json\/wp\/v2\/properties\/1489","targetHints":{"allow":["GET"]}}],"collection":[{"href":"https:\/\/livingmarbella.hu\/en\/wp-json\/wp\/v2\/properties"}],"about":[{"href":"https:\/\/livingmarbella.hu\/en\/wp-json\/wp\/v2\/types\/rem_property"}],"author":[{"embeddable":true,"href":"https:\/\/livingmarbella.hu\/en\/wp-json\/wp\/v2\/users\/2"}],"wp:featuredmedia":[{"embeddable":true,"href":"https:\/\/livingmarbella.hu\/en\/wp-json\/wp\/v2\/media\/1877"}],"wp:attachment":[{"href":"https:\/\/livingmarbella.hu\/en\/wp-json\/wp\/v2\/media?parent=1489"}],"wp:term":[{"taxonomy":"rem_property_cat","embeddable":true,"href":"https:\/\/livingmarbella.hu\/en\/wp-json\/wp\/v2\/rem_property_cat?post=1489"}],"curies":[{"name":"wp","href":"https:\/\/api.w.org\/{rel}","templated":true}]}}

<p>&nbsp; Ha szeretne tényleg sétatávolságra lenni a parttól, ez a projekt Önnek való! Butikkomplexum, csupán 15 lakás mindössze 220 méterre a tengertől, a penthouse lakások pedig csodálatos tengeri panorámával is rendelkeznek. Estepona óvárosa, ahol mindent megtalál, csak 15 perc autóval. Élvezze a minőségi, fényben úszó lakások nyugalmát, élje át a mediterrán életérzést, miközben akár naponta [&hellip;]</p>
