{"id":1476,"date":"2024-07-29T08:35:55","date_gmt":"2024-07-29T08:35:55","guid":{"rendered":"https:\/\/livingmarbella.hu\/?post_type=rem_property&#038;p=1476"},"modified":"2025-08-13T13:03:26","modified_gmt":"2025-08-13T13:03:26","slug":"c4","status":"publish","type":"rem_property","link":"https:\/\/livingmarbella.hu\/en\/property\/c4\/","title":{"rendered":"C4"},"content":{"rendered":"<p>Excellent location close to the waterfront, stunning panoramic views, contemporary design, need more? Just 300 metres from Fuengirola's stunning coastline, this well thought-out and<br \/>\nluxury complex, where even low-floor cars have been catered for, with a separate car lift. Almost the entire fa\u00e7ade is made of glass, so that the sea panorama is an integral part of your home. But the stunning close-up view of the water can also be enjoyed from most of the communal spaces: the gym, the pilates room and the heated pool. In addition to these, a sauna and Turkish bath are also available for residents to make their relaxation complete.<\/p>\n<p>&nbsp;<\/p>\n<ul>\n<li>Number of apartments: 77<\/li>\n<li>Starting prices: 2-3 bedroom apartment from EUR 900.900*<\/li>\n<li>Distance from the beach: 300 m<\/li>\n<li>Delivery: quarter IV 2026<\/li>\n<li>Distance from Malaga airport: 20 km<\/li>\n<li>Extras:\n<ul>\n<li>near water<\/li>\n<li>boutique complex<\/li>\n<li>outdoor and indoor pool<\/li>\n<li>gym<\/li>\n<li>spa<\/li>\n<li>Community office<\/li>\n<li>bar<\/li>\n<li>reception<\/li>\n<li>central location<\/li>\n<li>sea panorama<\/li>\n<\/ul>\n<\/li>\n<\/ul>\n<p>&nbsp;<\/p>\n<p>Location:<\/p>\n<p><img fetchpriority=\"high\" decoding=\"async\" class=\"alignnone size-medium wp-image-1488\" src=\"https:\/\/livingmarbella.hu\/wp-content\/uploads\/2024\/07\/C4t-300x176.webp\" alt=\"\" width=\"300\" height=\"176\" srcset=\"https:\/\/livingmarbella.hu\/wp-content\/uploads\/2024\/07\/C4t-300x176.webp 300w, https:\/\/livingmarbella.hu\/wp-content\/uploads\/2024\/07\/C4t-1024x601.webp 1024w, https:\/\/livingmarbella.hu\/wp-content\/uploads\/2024\/07\/C4t-768x451.webp 768w, https:\/\/livingmarbella.hu\/wp-content\/uploads\/2024\/07\/C4t.webp 1402w\" sizes=\"(max-width: 300px) 100vw, 300px\" \/><\/p>","protected":false},"excerpt":{"rendered":"<p>Kiv\u00e1l\u00f3 v\u00edzpart k\u00f6zeli elhelyezked\u00e9s, elk\u00e9peszt\u0151 panor\u00e1ma, kort\u00e1rs design, kell enn\u00e9l t\u00f6bb? Fuengirola csod\u00e1s tengerpartj\u00e1t\u00f3l mind\u00f6ssze 300 m\u00e9terre \u00e9p\u00fcl ez a minden r\u00e9szlet\u00e9ben \u00e1tgondolt luxuskomplexum, ahol m\u00e9g az alacsony padl\u00f3j\u00fa aut\u00f3kra is gondoltak, ugyanis k\u00fcl\u00f6n aut\u00f3liftet \u00e9p\u00edtettek ki. Szinte a teljes homlokzat \u00fcvegb\u0151l \u00e1ll, hogy a tengeri panor\u00e1ma a lak\u00e1sa alkot\u00f3eleme legyen. De a v\u00edz elk\u00e9peszt\u0151 [&hellip;]<\/p>","protected":false},"author":2,"featured_media":1481,"parent":0,"menu_order":0,"template":"","rem_property_cat":[],"class_list":["post-1476","rem_property","type-rem_property","status-publish","has-post-thumbnail","hentry","grve-entry-item"],"_links":{"self":[{"href":"https:\/\/livingmarbella.hu\/en\/wp-json\/wp\/v2\/properties\/1476","targetHints":{"allow":["GET"]}}],"collection":[{"href":"https:\/\/livingmarbella.hu\/en\/wp-json\/wp\/v2\/properties"}],"about":[{"href":"https:\/\/livingmarbella.hu\/en\/wp-json\/wp\/v2\/types\/rem_property"}],"author":[{"embeddable":true,"href":"https:\/\/livingmarbella.hu\/en\/wp-json\/wp\/v2\/users\/2"}],"wp:featuredmedia":[{"embeddable":true,"href":"https:\/\/livingmarbella.hu\/en\/wp-json\/wp\/v2\/media\/1481"}],"wp:attachment":[{"href":"https:\/\/livingmarbella.hu\/en\/wp-json\/wp\/v2\/media?parent=1476"}],"wp:term":[{"taxonomy":"rem_property_cat","embeddable":true,"href":"https:\/\/livingmarbella.hu\/en\/wp-json\/wp\/v2\/rem_property_cat?post=1476"}],"curies":[{"name":"wp","href":"https:\/\/api.w.org\/{rel}","templated":true}]}}

<p>Excellent location close to the waterfront, stunning panoramic views, contemporary design, need more? Just 300 metres from Fuengirola's stunning coastline, this well thought-out and<br />
luxury complex, where even low-floor cars have been catered for, with a separate car lift. Almost the entire façade is made of glass, so that the sea panorama is an integral part of your home. But the stunning close-up view of the water can also be enjoyed from most of the communal spaces: the gym, the pilates room and the heated pool. In addition to these, a sauna and Turkish bath are also available for residents to make their relaxation complete.</p>
<p>&nbsp;</p>
<ul>
<li>Number of apartments: 77</li>
<li>Starting prices: 2-3 bedroom apartment from EUR 900.900*</li>
<li>Distance from the beach: 300 m</li>
<li>Delivery: quarter IV 2026</li>
<li>Distance from Malaga airport: 20 km</li>
<li>Extras:
<ul>
<li>near water</li>
<li>boutique complex</li>
<li>outdoor and indoor pool</li>
<li>gym</li>
<li>spa</li>
<li>Community office</li>
<li>bar</li>
<li>reception</li>
<li>central location</li>
<li>sea panorama</li>
</ul>
</li>
</ul>
<p>&nbsp;</p>
<p>Location:</p>
<p><img fetchpriority="high" decoding="async" class="alignnone size-medium wp-image-1488" src="https://livingmarbella.hu/wp-content/uploads/2024/07/C4t-300x176.webp" alt="" width="300" height="176" srcset="https://livingmarbella.hu/wp-content/uploads/2024/07/C4t-300x176.webp 300w, https://livingmarbella.hu/wp-content/uploads/2024/07/C4t-1024x601.webp 1024w, https://livingmarbella.hu/wp-content/uploads/2024/07/C4t-768x451.webp 768w, https://livingmarbella.hu/wp-content/uploads/2024/07/C4t.webp 1402w" sizes="(max-width: 300px) 100vw, 300px" /></p>

<p>Kiváló vízpart közeli elhelyezkedés, elképesztő panoráma, kortárs design, kell ennél több? Fuengirola csodás tengerpartjától mindössze 300 méterre épül ez a minden részletében átgondolt luxuskomplexum, ahol még az alacsony padlójú autókra is gondoltak, ugyanis külön autóliftet építettek ki. Szinte a teljes homlokzat üvegből áll, hogy a tengeri panoráma a lakása alkotóeleme legyen. De a víz elképesztő [&hellip;]</p>
