{"id":1469,"date":"2024-07-29T08:31:14","date_gmt":"2024-07-29T08:31:14","guid":{"rendered":"https:\/\/livingmarbella.hu\/?post_type=rem_property&#038;p=1469"},"modified":"2025-08-13T13:04:43","modified_gmt":"2025-08-13T13:04:43","slug":"c3","status":"publish","type":"rem_property","link":"https:\/\/livingmarbella.hu\/en\/property\/c3\/","title":{"rendered":"C3"},"content":{"rendered":"<p><img fetchpriority=\"high\" decoding=\"async\" class=\"alignright wp-image-2035\" src=\"https:\/\/livingmarbella.hu\/wp-content\/uploads\/2024\/10\/C3-186x300.webp\" alt=\"\" width=\"250\" height=\"404\" srcset=\"https:\/\/livingmarbella.hu\/wp-content\/uploads\/2024\/10\/C3-186x300.webp 186w, https:\/\/livingmarbella.hu\/wp-content\/uploads\/2024\/10\/C3-634x1024.webp 634w, https:\/\/livingmarbella.hu\/wp-content\/uploads\/2024\/10\/C3-768x1241.webp 768w, https:\/\/livingmarbella.hu\/wp-content\/uploads\/2024\/10\/C3-951x1536.webp 951w, https:\/\/livingmarbella.hu\/wp-content\/uploads\/2024\/10\/C3.webp 1080w\" sizes=\"(max-width: 250px) 100vw, 250px\" \/>This is  when good architecture and quality materials help to make the most of natural features. We can live between mountains and the sea in this project offering 2- and 3-bedroom apartments in Estenpona.<br \/>\nThe terraced design of the buildings creates a sense of infinite space, offers a stunning panorama, and allows the living area, the terrace, and the outside world to flow into one another. In addition to the high-quality apartments, two outdoor pools as well as an indoor pool, a fully equipped gym meeting all needs, as well as a sauna area and a co-working office ensure the comfort of the community.<\/p>\n<p>&nbsp;<\/p>\n<ul>\n<li>Number of apartments: 88<\/li>\n<li>Starting prices: 2-3 bedroom apartment from EUR 405.900*<\/li>\n<li>Distance from the beach: 2,5 km<\/li>\n<li>Delivery: quarter IV 2026<\/li>\n<li>Distance from Malaga airport: 73 km<\/li>\n<li>Extras:\n<ul>\n<li>2 outdoor and 1 indoor pool<\/li>\n<li>gym<\/li>\n<li>sauna<\/li>\n<li>Community office<\/li>\n<li>sea panorama<\/li>\n<\/ul>\n<\/li>\n<\/ul>\n<p>&nbsp;<\/p>\n<p>Location:<\/p>\n<p><img decoding=\"async\" class=\"alignnone size-medium wp-image-1475\" src=\"https:\/\/livingmarbella.hu\/wp-content\/uploads\/2024\/07\/C3t-300x191.webp\" alt=\"\" width=\"300\" height=\"191\" srcset=\"https:\/\/livingmarbella.hu\/wp-content\/uploads\/2024\/07\/C3t-300x191.webp 300w, https:\/\/livingmarbella.hu\/wp-content\/uploads\/2024\/07\/C3t-1024x651.webp 1024w, https:\/\/livingmarbella.hu\/wp-content\/uploads\/2024\/07\/C3t-768x488.webp 768w, https:\/\/livingmarbella.hu\/wp-content\/uploads\/2024\/07\/C3t.webp 1298w\" sizes=\"(max-width: 300px) 100vw, 300px\" \/><\/p>","protected":false},"excerpt":{"rendered":"<p>Ilyen, amikor a j\u00f3 \u00e9p\u00edt\u00e9szet \u00e9s a min\u0151s\u00e9gi anyagok seg\u00edtenek maxim\u00e1lisan kihaszn\u00e1lni a term\u00e9szeti adotts\u00e1gokat. Hegyek \u00e9s tenger k\u00f6z\u00f6tt \u00e9lhet\u00fcnk ebben a 2 \u00e9s 3 h\u00e1l\u00f3szob\u00e1s lak\u00e1sokat k\u00edn\u00e1l\u00f3 projektben, Estepon\u00e1ban. Az \u00e9p\u00fcletek teraszos kialak\u00edt\u00e1sa a v\u00e9gtelen t\u00e9r \u00e9rzet\u00e9t kelti, csod\u00e1s panor\u00e1m\u00e1t ny\u00fajt \u00e9s engedi, hogy egybefolyjon a nappali, a terasz \u00e9s a k\u00fclvil\u00e1g. A min\u0151s\u00e9gi [&hellip;]<\/p>","protected":false},"author":2,"featured_media":1471,"parent":0,"menu_order":0,"template":"","rem_property_cat":[],"class_list":["post-1469","rem_property","type-rem_property","status-publish","has-post-thumbnail","hentry","grve-entry-item"],"_links":{"self":[{"href":"https:\/\/livingmarbella.hu\/en\/wp-json\/wp\/v2\/properties\/1469","targetHints":{"allow":["GET"]}}],"collection":[{"href":"https:\/\/livingmarbella.hu\/en\/wp-json\/wp\/v2\/properties"}],"about":[{"href":"https:\/\/livingmarbella.hu\/en\/wp-json\/wp\/v2\/types\/rem_property"}],"author":[{"embeddable":true,"href":"https:\/\/livingmarbella.hu\/en\/wp-json\/wp\/v2\/users\/2"}],"wp:featuredmedia":[{"embeddable":true,"href":"https:\/\/livingmarbella.hu\/en\/wp-json\/wp\/v2\/media\/1471"}],"wp:attachment":[{"href":"https:\/\/livingmarbella.hu\/en\/wp-json\/wp\/v2\/media?parent=1469"}],"wp:term":[{"taxonomy":"rem_property_cat","embeddable":true,"href":"https:\/\/livingmarbella.hu\/en\/wp-json\/wp\/v2\/rem_property_cat?post=1469"}],"curies":[{"name":"wp","href":"https:\/\/api.w.org\/{rel}","templated":true}]}}

<p>Ilyen, amikor a jó építészet és a minőségi anyagok segítenek maximálisan kihasználni a természeti adottságokat. Hegyek és tenger között élhetünk ebben a 2 és 3 hálószobás lakásokat kínáló projektben, Esteponában. Az épületek teraszos kialakítása a végtelen tér érzetét kelti, csodás panorámát nyújt és engedi, hogy egybefolyjon a nappali, a terasz és a külvilág. A minőségi [&hellip;]</p>
