{"id":1419,"date":"2024-07-29T07:50:40","date_gmt":"2024-07-29T07:50:40","guid":{"rendered":"https:\/\/livingmarbella.hu\/?post_type=rem_property&#038;p=1419"},"modified":"2025-08-13T12:51:29","modified_gmt":"2025-08-13T12:51:29","slug":"b4","status":"publish","type":"rem_property","link":"https:\/\/livingmarbella.hu\/en\/property\/b4\/","title":{"rendered":"B4"},"content":{"rendered":"<p>Do you love M\u00e1laga but would not like to live in the city center? Our project located in the town of Rinc\u00f3n de la Victoria is only 20 minutes from the port of M\u00e1laga, yet offers a level of tranquility and sea panorama that you would not have even dared to dream of until now. The well-deservedly renowned architectural duo Ma\u00edz &amp; D\u00edaz is a guarantee not only of forms that fit into the surroundings and quality, but also of well-thought-out floor plans. The 2- and 3-bedroom homes all face the sea, which can be reached within a few minutes by car. The complex also features an infinity pool and a gym.<\/p>\n<p>&nbsp;<\/p>\n<ul>\n<li>Number of apartments: 102<\/li>\n<li>Starting prices: 2-3 bedroom apartment from EUR 418.000*<\/li>\n<li>Distance from the beach: 3-5 km<\/li>\n<li>Delivery: quarter II 2025<\/li>\n<li>Distance from Malaga airport: 32 km<\/li>\n<li>Extras:\n<ul>\n<li>pool<\/li>\n<li>sun terrace<\/li>\n<li>sea panorama<\/li>\n<\/ul>\n<\/li>\n<\/ul>\n<p>&nbsp;<\/p>\n<p>Location:<\/p>\n<p><img fetchpriority=\"high\" decoding=\"async\" class=\"alignnone size-medium wp-image-1434\" src=\"https:\/\/livingmarbella.hu\/wp-content\/uploads\/2024\/07\/B4t-300x201.webp\" alt=\"\" width=\"300\" height=\"201\" srcset=\"https:\/\/livingmarbella.hu\/wp-content\/uploads\/2024\/07\/B4t-300x201.webp 300w, https:\/\/livingmarbella.hu\/wp-content\/uploads\/2024\/07\/B4t-1024x685.webp 1024w, https:\/\/livingmarbella.hu\/wp-content\/uploads\/2024\/07\/B4t-768x514.webp 768w, https:\/\/livingmarbella.hu\/wp-content\/uploads\/2024\/07\/B4t.webp 1240w\" sizes=\"(max-width: 300px) 100vw, 300px\" \/><\/p>","protected":false},"excerpt":{"rendered":"<p>Im\u00e1dja Malag\u00e1t, de nem szeretne a belv\u00e1rosban \u00e9lni? Rinc\u00f3n de la Victoria telep\u00fcl\u00e9sen tal\u00e1lhat\u00f3 projekt\u00fcnk csup\u00e1n 20 percre tal\u00e1lhat\u00f3 Malaga kik\u00f6t\u0151j\u00e9t\u0151l, viszont olyan nyugalomban \u00e9s tengeri panor\u00e1m\u00e1ban lehet r\u00e9sze, amir\u0151l eddig \u00e1lmodni sem mert. A m\u00e9lt\u00e1n h\u00edres Ma\u00edz&amp;D\u00edaz \u00e9p\u00edt\u00e9szp\u00e1ros neve nemcsak a k\u00f6rnyezetbe illeszked\u0151 form\u00e1kra \u00e9s a min\u0151s\u00e9gre, de a j\u00f3l \u00e1tgondolt alaprajzokra is garancia. [&hellip;]<\/p>","protected":false},"author":2,"featured_media":1432,"parent":0,"menu_order":0,"template":"","rem_property_cat":[],"class_list":["post-1419","rem_property","type-rem_property","status-publish","has-post-thumbnail","hentry","grve-entry-item"],"_links":{"self":[{"href":"https:\/\/livingmarbella.hu\/en\/wp-json\/wp\/v2\/properties\/1419","targetHints":{"allow":["GET"]}}],"collection":[{"href":"https:\/\/livingmarbella.hu\/en\/wp-json\/wp\/v2\/properties"}],"about":[{"href":"https:\/\/livingmarbella.hu\/en\/wp-json\/wp\/v2\/types\/rem_property"}],"author":[{"embeddable":true,"href":"https:\/\/livingmarbella.hu\/en\/wp-json\/wp\/v2\/users\/2"}],"wp:featuredmedia":[{"embeddable":true,"href":"https:\/\/livingmarbella.hu\/en\/wp-json\/wp\/v2\/media\/1432"}],"wp:attachment":[{"href":"https:\/\/livingmarbella.hu\/en\/wp-json\/wp\/v2\/media?parent=1419"}],"wp:term":[{"taxonomy":"rem_property_cat","embeddable":true,"href":"https:\/\/livingmarbella.hu\/en\/wp-json\/wp\/v2\/rem_property_cat?post=1419"}],"curies":[{"name":"wp","href":"https:\/\/api.w.org\/{rel}","templated":true}]}}

<p>Do you love Málaga but would not like to live in the city center? Our project located in the town of Rincón de la Victoria is only 20 minutes from the port of Málaga, yet offers a level of tranquility and sea panorama that you would not have even dared to dream of until now. The well-deservedly renowned architectural duo Maíz &amp; Díaz is a guarantee not only of forms that fit into the surroundings and quality, but also of well-thought-out floor plans. The 2- and 3-bedroom homes all face the sea, which can be reached within a few minutes by car. The complex also features an infinity pool and a gym.</p>
<p>&nbsp;</p>
<ul>
<li>Number of apartments: 102</li>
<li>Starting prices: 2-3 bedroom apartment from EUR 418.000*</li>
<li>Distance from the beach: 3-5 km</li>
<li>Delivery: quarter II 2025</li>
<li>Distance from Malaga airport: 32 km</li>
<li>Extras:
<ul>
<li>pool</li>
<li>sun terrace</li>
<li>sea panorama</li>
</ul>
</li>
</ul>
<p>&nbsp;</p>
<p>Location:</p>
<p><img fetchpriority="high" decoding="async" class="alignnone size-medium wp-image-1434" src="https://livingmarbella.hu/wp-content/uploads/2024/07/B4t-300x201.webp" alt="" width="300" height="201" srcset="https://livingmarbella.hu/wp-content/uploads/2024/07/B4t-300x201.webp 300w, https://livingmarbella.hu/wp-content/uploads/2024/07/B4t-1024x685.webp 1024w, https://livingmarbella.hu/wp-content/uploads/2024/07/B4t-768x514.webp 768w, https://livingmarbella.hu/wp-content/uploads/2024/07/B4t.webp 1240w" sizes="(max-width: 300px) 100vw, 300px" /></p>

<p>Imádja Malagát, de nem szeretne a belvárosban élni? Rincón de la Victoria településen található projektünk csupán 20 percre található Malaga kikötőjétől, viszont olyan nyugalomban és tengeri panorámában lehet része, amiről eddig álmodni sem mert. A méltán híres Maíz&amp;Díaz építészpáros neve nemcsak a környezetbe illeszkedő formákra és a minőségre, de a jól átgondolt alaprajzokra is garancia. [&hellip;]</p>
