{"id":1389,"date":"2024-07-29T07:16:33","date_gmt":"2024-07-29T07:16:33","guid":{"rendered":"https:\/\/livingmarbella.hu\/?post_type=rem_property&#038;p=1389"},"modified":"2025-08-13T12:26:35","modified_gmt":"2025-08-13T12:26:35","slug":"aa4","status":"publish","type":"rem_property","link":"https:\/\/livingmarbella.hu\/en\/property\/aa4\/","title":{"rendered":"AA4"},"content":{"rendered":"<p style=\"text-align: left;\">This project is the perfect combination of proximity to nature and infrastructure,<br \/>\nlocated in the outskirts of Estepona, on top of a hill to get the best possible view.<br \/>\nEstepona, also known as the new golden coast of the Costa del Sol, is a bustling town,<br \/>\nwhere you will find all services and a 20 km long well-kept beach.<br \/>\nYou'll be just a stone's throw away, while enjoying the peace and quiet<br \/>\nand all the benefits of a gated community: the pool, the sun deck and access to the clubhouse,<br \/>\nwith heated pool, wellness area and gym.<\/p>\n<p>&nbsp;<\/p>\n<ul>\n<li>Number of terraced houses: 73<\/li>\n<li>Starting prices: 2-4 bedroom townhouse from EUR 624.500*<\/li>\n<li>Distance from the beach: 3 km<\/li>\n<li>Delivery: first quarter 2026<\/li>\n<li>Distance from Malaga airport: 74 km<\/li>\n<li>Extras:\n<ul>\n<li>outdoor and indoor pool<\/li>\n<li>gym<\/li>\n<li>saunas<\/li>\n<li>community kitchen<\/li>\n<li>sea panorama<\/li>\n<\/ul>\n<\/li>\n<\/ul>\n<p>&nbsp;<\/p>\n<p>&nbsp;<\/p>\n<p>Location:<\/p>\n<p><img fetchpriority=\"high\" decoding=\"async\" class=\"alignnone size-medium wp-image-1401\" src=\"https:\/\/livingmarbella.hu\/wp-content\/uploads\/2024\/07\/AA4t-300x195.webp\" alt=\"\" width=\"300\" height=\"195\" srcset=\"https:\/\/livingmarbella.hu\/wp-content\/uploads\/2024\/07\/AA4t-300x195.webp 300w, https:\/\/livingmarbella.hu\/wp-content\/uploads\/2024\/07\/AA4t-1024x667.webp 1024w, https:\/\/livingmarbella.hu\/wp-content\/uploads\/2024\/07\/AA4t-768x500.webp 768w, https:\/\/livingmarbella.hu\/wp-content\/uploads\/2024\/07\/AA4t.webp 1296w\" sizes=\"(max-width: 300px) 100vw, 300px\" \/><\/p>","protected":false},"excerpt":{"rendered":"<p>A term\u00e9szet \u00e9s az infrastrukt\u00fara k\u00f6zels\u00e9g\u00e9nek t\u00f6k\u00e9letes kombin\u00e1ci\u00f3ja ez a projekt, ami Estepona k\u00fclv\u00e1ros\u00e1ban tal\u00e1lhat\u00f3, egy domb tetej\u00e9n, hogy a kil\u00e1t\u00e1s a lehet\u0151 legjobb legyen. Estepona, amit a Costa del Sol \u00faj aranypartj\u00e1nak is neveznek, ny\u00fczsg\u0151 v\u00e1ros, ahol minden szolg\u00e1ltat\u00e1s megtal\u00e1lhat\u00f3, r\u00e1ad\u00e1sul 20 km-es gondozott tengerparttal is rendelkezik. \u00d6nt\u0151l mindez csup\u00e1n egy k\u0151haj\u00edt\u00e1snyira lesz, mik\u00f6zben [&hellip;]<\/p>","protected":false},"author":2,"featured_media":1399,"parent":0,"menu_order":0,"template":"","rem_property_cat":[],"class_list":["post-1389","rem_property","type-rem_property","status-publish","has-post-thumbnail","hentry","grve-entry-item"],"_links":{"self":[{"href":"https:\/\/livingmarbella.hu\/en\/wp-json\/wp\/v2\/properties\/1389","targetHints":{"allow":["GET"]}}],"collection":[{"href":"https:\/\/livingmarbella.hu\/en\/wp-json\/wp\/v2\/properties"}],"about":[{"href":"https:\/\/livingmarbella.hu\/en\/wp-json\/wp\/v2\/types\/rem_property"}],"author":[{"embeddable":true,"href":"https:\/\/livingmarbella.hu\/en\/wp-json\/wp\/v2\/users\/2"}],"wp:featuredmedia":[{"embeddable":true,"href":"https:\/\/livingmarbella.hu\/en\/wp-json\/wp\/v2\/media\/1399"}],"wp:attachment":[{"href":"https:\/\/livingmarbella.hu\/en\/wp-json\/wp\/v2\/media?parent=1389"}],"wp:term":[{"taxonomy":"rem_property_cat","embeddable":true,"href":"https:\/\/livingmarbella.hu\/en\/wp-json\/wp\/v2\/rem_property_cat?post=1389"}],"curies":[{"name":"wp","href":"https:\/\/api.w.org\/{rel}","templated":true}]}}

<p>A természet és az infrastruktúra közelségének tökéletes kombinációja ez a projekt, ami Estepona külvárosában található, egy domb tetején, hogy a kilátás a lehető legjobb legyen. Estepona, amit a Costa del Sol új aranypartjának is neveznek, nyüzsgő város, ahol minden szolgáltatás megtalálható, ráadásul 20 km-es gondozott tengerparttal is rendelkezik. Öntől mindez csupán egy kőhajításnyira lesz, miközben [&hellip;]</p>
