{"id":1376,"date":"2024-07-29T07:06:35","date_gmt":"2024-07-29T07:06:35","guid":{"rendered":"https:\/\/livingmarbella.hu\/?post_type=rem_property&#038;p=1376"},"modified":"2025-08-13T12:37:34","modified_gmt":"2025-08-13T12:37:34","slug":"ah3","status":"publish","type":"rem_property","link":"https:\/\/livingmarbella.hu\/en\/property\/ah3\/","title":{"rendered":"AH3"},"content":{"rendered":"<p>This new project is located on the side of La Concha mountain, in the municipality of Ist\u00e1n, in a beautiful area surrounded by forests. It offers stunning views of Marbella, the Ist\u00e1n reservoir and the surrounding golf courses. Ideal for those looking for good value for money property in the Marbella area or for those who want to get away from the hustle and bustle, Marbella's old town is only about a 15 minute drive away. The project will consist of seven small residential complexes, apartments and townhouses to meet a variety of needs.<\/p>\n<p>&nbsp;<\/p>\n<ul>\n<li>Number of apartments: 21<\/li>\n<li>Starting prices: 2-3 bedroom apartment from EUR 396.000*<\/li>\n<li>Distance from the coast: 9 km<\/li>\n<li>Delivery: 2026 Q2<\/li>\n<li>Distance from Malaga airport: 65 km<\/li>\n<li>Extras:\n<ul>\n<li>adult and children pool<\/li>\n<li>beautiful garden<\/li>\n<li>direct walkway to the neighbouring forest<\/li>\n<li>sea panorama<\/li>\n<\/ul>\n<\/li>\n<\/ul>\n<p>&nbsp;<\/p>\n<p>Location:<\/p>\n<p><img fetchpriority=\"high\" decoding=\"async\" class=\"alignnone size-medium wp-image-1405\" src=\"https:\/\/livingmarbella.hu\/wp-content\/uploads\/2024\/07\/AH3t-300x182.webp\" alt=\"\" width=\"300\" height=\"182\" \/><\/p>","protected":false},"excerpt":{"rendered":"<p>Ez az \u00faj projekt a La Concha hegy oldal\u00e1ban, Ist\u00e1n telep\u00fcl\u00e9sen, csod\u00e1latos, erd\u0151kkel \u00f6vezett ter\u00fcleten helyezkedik el. Leny\u0171g\u00fcz\u0151 kil\u00e1t\u00e1st ny\u00fajt Marbell\u00e1ra, az Ist\u00e1n-v\u00edzt\u00e1roz\u00f3ra, valamint a k\u00f6rnyez\u0151 golfp\u00e1ly\u00e1kra. Ide\u00e1lis v\u00e1laszt\u00e1s azoknak, akik j\u00f3 \u00e1r-\u00e9rt\u00e9k ar\u00e1ny\u00fa ingatlant keresnek Marbella vonz\u00e1sk\u00f6rzet\u00e9ben vagy el szeretn\u00e9nek vonulni a ny\u00fczsg\u00e9st\u0151l, Marbella \u00f3v\u00e1rosa ugyanis csak kb 15 perces aut\u00f3\u00fatra tal\u00e1lhat\u00f3. A projekten [&hellip;]<\/p>","protected":false},"author":2,"featured_media":1388,"parent":0,"menu_order":0,"template":"","rem_property_cat":[],"class_list":["post-1376","rem_property","type-rem_property","status-publish","has-post-thumbnail","hentry","grve-entry-item"],"_links":{"self":[{"href":"https:\/\/livingmarbella.hu\/en\/wp-json\/wp\/v2\/properties\/1376","targetHints":{"allow":["GET"]}}],"collection":[{"href":"https:\/\/livingmarbella.hu\/en\/wp-json\/wp\/v2\/properties"}],"about":[{"href":"https:\/\/livingmarbella.hu\/en\/wp-json\/wp\/v2\/types\/rem_property"}],"author":[{"embeddable":true,"href":"https:\/\/livingmarbella.hu\/en\/wp-json\/wp\/v2\/users\/2"}],"wp:featuredmedia":[{"embeddable":true,"href":"https:\/\/livingmarbella.hu\/en\/wp-json\/wp\/v2\/media\/1388"}],"wp:attachment":[{"href":"https:\/\/livingmarbella.hu\/en\/wp-json\/wp\/v2\/media?parent=1376"}],"wp:term":[{"taxonomy":"rem_property_cat","embeddable":true,"href":"https:\/\/livingmarbella.hu\/en\/wp-json\/wp\/v2\/rem_property_cat?post=1376"}],"curies":[{"name":"wp","href":"https:\/\/api.w.org\/{rel}","templated":true}]}}

<p>This new project is located on the side of La Concha mountain, in the municipality of Istán, in a beautiful area surrounded by forests. It offers stunning views of Marbella, the Istán reservoir and the surrounding golf courses. Ideal for those looking for good value for money property in the Marbella area or for those who want to get away from the hustle and bustle, Marbella's old town is only about a 15 minute drive away. The project will consist of seven small residential complexes, apartments and townhouses to meet a variety of needs.</p>
<p>&nbsp;</p>
<ul>
<li>Number of apartments: 21</li>
<li>Starting prices: 2-3 bedroom apartment from EUR 396.000*</li>
<li>Distance from the coast: 9 km</li>
<li>Delivery: 2026 Q2</li>
<li>Distance from Malaga airport: 65 km</li>
<li>Extras:
<ul>
<li>adult and children pool</li>
<li>beautiful garden</li>
<li>direct walkway to the neighbouring forest</li>
<li>sea panorama</li>
</ul>
</li>
</ul>
<p>&nbsp;</p>
<p>Location:</p>
<p><img fetchpriority="high" decoding="async" class="alignnone size-medium wp-image-1405" src="https://livingmarbella.hu/wp-content/uploads/2024/07/AH3t-300x182.webp" alt="" width="300" height="182" /></p>

<p>Ez az új projekt a La Concha hegy oldalában, Istán településen, csodálatos, erdőkkel övezett területen helyezkedik el. Lenyűgüző kilátást nyújt Marbellára, az Istán-víztározóra, valamint a környező golfpályákra. Ideális választás azoknak, akik jó ár-érték arányú ingatlant keresnek Marbella vonzáskörzetében vagy el szeretnének vonulni a nyüzsgéstől, Marbella óvárosa ugyanis csak kb 15 perces autóútra található. A projekten [&hellip;]</p>
