{"id":1325,"date":"2024-07-22T06:39:54","date_gmt":"2024-07-22T06:39:54","guid":{"rendered":"https:\/\/livingmarbella.hu\/?post_type=rem_property&#038;p=1325"},"modified":"2025-08-13T13:38:35","modified_gmt":"2025-08-13T13:38:35","slug":"h16","status":"publish","type":"rem_property","link":"https:\/\/livingmarbella.hu\/en\/property\/h16\/","title":{"rendered":"H16"},"content":{"rendered":"<p>An exclusive project located at the foot of the Sierra de Mijas mountain range, which, due to its architectural design and location, almost blends into its natural surroundings. The low-rise buildings are only two storeys high, and the properties are mostly corner apartments which, thanks to their spacious 130 m\u00b2 interior spaces and the large glass surfaces running throughout the apartments, have a villa-like character and atmosphere. Each apartment includes two parking spaces and a storage room. The project is one of the first environmentally friendly developments on the Costa del Sol, which, thanks to its construction methods and the materials used, has obtained the strict BREEAM and WELL sustainable development certifications.<\/p>\n<p>&nbsp;<\/p>\n<ul>\n<li>Number of apartments: 19<\/li>\n<li>Starting prices: 3 bedroom apartment from EUR 1.309.000*<\/li>\n<li>Distance from the beach: 3,8 km<\/li>\n<li>Delivery:  2024 Q1<\/li>\n<li>Distance from Malaga airport: 20 km<\/li>\n<li>Extras:\n<ul>\n<li>pool<\/li>\n<li>Community office<\/li>\n<li>In the main building: tennis court, padel court, and beach volleyball court.<\/li>\n<li>pools<\/li>\n<li>restaurants<\/li>\n<li>bars<\/li>\n<li>gym<\/li>\n<li>spa<\/li>\n<li>yoga<\/li>\n<li>Pilates<\/li>\n<li>boxing<\/li>\n<li>kid club<\/li>\n<\/ul>\n<\/li>\n<\/ul>\n<p>&nbsp;<\/p>\n<p>Location:<\/p>\n<p><img fetchpriority=\"high\" decoding=\"async\" class=\"alignnone wp-image-2068 size-medium\" src=\"https:\/\/livingmarbella.hu\/wp-content\/uploads\/2024\/10\/H16t-300x213.webp\" alt=\"\" width=\"300\" height=\"213\" srcset=\"https:\/\/livingmarbella.hu\/wp-content\/uploads\/2024\/10\/H16t-300x213.webp 300w, https:\/\/livingmarbella.hu\/wp-content\/uploads\/2024\/10\/H16t-1024x727.webp 1024w, https:\/\/livingmarbella.hu\/wp-content\/uploads\/2024\/10\/H16t-768x545.webp 768w, https:\/\/livingmarbella.hu\/wp-content\/uploads\/2024\/10\/H16t.webp 1080w\" sizes=\"(max-width: 300px) 100vw, 300px\" \/><\/p>","protected":false},"excerpt":{"rendered":"<p>A Sierra de Mijas-hegys\u00e9g l\u00e1b\u00e1n\u00e1l elhelyezked\u0151 exkluz\u00edv projekt, mely \u00e9p\u00edt\u00e9szeti kialak\u00edt\u00e1s\u00e1n\u00e1l \u00e9s lok\u00e1ci\u00f3j\u00e1n\u00e1l fogva szinte beleolvad term\u00e9szeti k\u00f6rnyezet\u00e9be. Az alacsony \u00e9p\u00fcletek mind\u00f6ssze k\u00e9tszintesek, az ingatlanok t\u00f6bbnyire saroklak\u00e1sok, amelyek t\u00e1gas, 130 m2-es bels\u0151 ter\u00fcknek \u00e9s a lak\u00e1sokon v\u00e9gigh\u00faz\u00f3d\u00f3 hatalmas \u00fcvegfel\u00fcleteknek k\u00f6sz\u00f6nhet\u0151en villa-jelleg\u0171ek \u00e9s -hangulat\u00faak. Minden lak\u00e1shoz k\u00e9t parkol\u00f3hely \u00e9s egy t\u00e1rol\u00f3 tartozik. A projekt a Costa [&hellip;]<\/p>","protected":false},"author":2,"featured_media":1338,"parent":0,"menu_order":0,"template":"","rem_property_cat":[],"class_list":["post-1325","rem_property","type-rem_property","status-publish","has-post-thumbnail","hentry","grve-entry-item"],"_links":{"self":[{"href":"https:\/\/livingmarbella.hu\/en\/wp-json\/wp\/v2\/properties\/1325","targetHints":{"allow":["GET"]}}],"collection":[{"href":"https:\/\/livingmarbella.hu\/en\/wp-json\/wp\/v2\/properties"}],"about":[{"href":"https:\/\/livingmarbella.hu\/en\/wp-json\/wp\/v2\/types\/rem_property"}],"author":[{"embeddable":true,"href":"https:\/\/livingmarbella.hu\/en\/wp-json\/wp\/v2\/users\/2"}],"wp:featuredmedia":[{"embeddable":true,"href":"https:\/\/livingmarbella.hu\/en\/wp-json\/wp\/v2\/media\/1338"}],"wp:attachment":[{"href":"https:\/\/livingmarbella.hu\/en\/wp-json\/wp\/v2\/media?parent=1325"}],"wp:term":[{"taxonomy":"rem_property_cat","embeddable":true,"href":"https:\/\/livingmarbella.hu\/en\/wp-json\/wp\/v2\/rem_property_cat?post=1325"}],"curies":[{"name":"wp","href":"https:\/\/api.w.org\/{rel}","templated":true}]}}

<p>A Sierra de Mijas-hegység lábánál elhelyezkedő exkluzív projekt, mely építészeti kialakításánál és lokációjánál fogva szinte beleolvad természeti környezetébe. Az alacsony épületek mindössze kétszintesek, az ingatlanok többnyire saroklakások, amelyek tágas, 130 m2-es belső terüknek és a lakásokon végighúzódó hatalmas üvegfelületeknek köszönhetően villa-jellegűek és -hangulatúak. Minden lakáshoz két parkolóhely és egy tároló tartozik. A projekt a Costa [&hellip;]</p>
