{"id":1303,"date":"2024-07-19T12:39:42","date_gmt":"2024-07-19T12:39:42","guid":{"rendered":"https:\/\/livingmarbella.hu\/?post_type=rem_property&#038;p=1303"},"modified":"2025-08-13T13:22:37","modified_gmt":"2025-08-13T13:22:37","slug":"d3","status":"publish","type":"rem_property","link":"https:\/\/livingmarbella.hu\/en\/property\/d3\/","title":{"rendered":"D3"},"content":{"rendered":"<p>D3 is a beautiful development in Marbella and one of the last opportunities to purchase a beachfront, newly built home in this wonderful city. The complex will consist of 96 villas, luxury apartments, and penthouses, and will include an exclusive club, a modern 200 m\u00b2 gym, yoga and meditation rooms, a spa, an infinity pool with a cocktail bar, a co-working office, and two swimming pools. In addition to all this, residents will be provided with 24-hour security service and the use of electric golf carts. Its unique location at the foot of Sierra Blanca, directly on the waterfront, ensures an excellent microclimate, making it an ideal location to fully enjoy the opportunities offered by the Costa del Sol.<\/p>\n<p>&nbsp;<\/p>\n<ul>\n<li>Number of apartments: 96<\/li>\n<li>Starting prices: 2-4 bedroom apartment from EUR 2.640.000*<\/li>\n<li>Distance from the beach: 100m<\/li>\n<li>Delivery: quarter IV 2025<\/li>\n<li>Distance from Malaga airport: 45 km<\/li>\n<li>Extras:\n<ul>\n<li>directly on the waterfront<\/li>\n<li>boutique complex<\/li>\n<li>private and communal pool<\/li>\n<li>indoor heated pool<\/li>\n<li>gym<\/li>\n<li>spa<\/li>\n<li>community space<\/li>\n<li>central location<\/li>\n<li>sea panorama<\/li>\n<\/ul>\n<\/li>\n<\/ul>\n<p>&nbsp;<\/p>\n<p>Location:<\/p>\n<p><img fetchpriority=\"high\" decoding=\"async\" class=\"alignnone wp-image-2037 size-medium\" src=\"https:\/\/livingmarbella.hu\/wp-content\/uploads\/2024\/10\/D3t-300x213.webp\" alt=\"\" width=\"300\" height=\"213\" srcset=\"https:\/\/livingmarbella.hu\/wp-content\/uploads\/2024\/10\/D3t-300x213.webp 300w, https:\/\/livingmarbella.hu\/wp-content\/uploads\/2024\/10\/D3t-1024x727.webp 1024w, https:\/\/livingmarbella.hu\/wp-content\/uploads\/2024\/10\/D3t-768x545.webp 768w, https:\/\/livingmarbella.hu\/wp-content\/uploads\/2024\/10\/D3t.webp 1080w\" sizes=\"(max-width: 300px) 100vw, 300px\" \/><\/p>\n<p>&nbsp;<\/p>\n<p>&nbsp;<\/p>","protected":false},"excerpt":{"rendered":"<p>A D3 egy gy\u00f6ny\u00f6r\u0171 fejleszt\u00e9s Marbell\u00e1ban \u00e9s az egyik utols\u00f3 lehet\u0151s\u00e9g, hogy v\u00edzparti, \u00faj\u00e9p\u00edt\u00e9s\u0171 lak\u00e1st v\u00e1s\u00e1roljon ebben a csod\u00e1s v\u00e1rosban. A komplexum 96 vill\u00e1b\u00f3l, luxusapartmanb\u00f3l \u00e9s penthouse-okb\u00f3l \u00e1ll majd, mag\u00e1ban foglal egy exkluz\u00edv klubot, egy 200 m\u00b2-es korszer\u0171 edz\u0151termet, j\u00f3ga- \u00e9s medit\u00e1ci\u00f3s termet, gy\u00f3gyf\u00fcrd\u0151t, infinity medenc\u00e9t kokt\u00e9lb\u00e1rral, coworking irod\u00e1t \u00e9s k\u00e9t \u00fasz\u00f3medenc\u00e9t. Mindezeken fel\u00fcl a [&hellip;]<\/p>","protected":false},"author":2,"featured_media":1309,"parent":0,"menu_order":0,"template":"","rem_property_cat":[],"class_list":["post-1303","rem_property","type-rem_property","status-publish","has-post-thumbnail","hentry","grve-entry-item"],"_links":{"self":[{"href":"https:\/\/livingmarbella.hu\/en\/wp-json\/wp\/v2\/properties\/1303","targetHints":{"allow":["GET"]}}],"collection":[{"href":"https:\/\/livingmarbella.hu\/en\/wp-json\/wp\/v2\/properties"}],"about":[{"href":"https:\/\/livingmarbella.hu\/en\/wp-json\/wp\/v2\/types\/rem_property"}],"author":[{"embeddable":true,"href":"https:\/\/livingmarbella.hu\/en\/wp-json\/wp\/v2\/users\/2"}],"wp:featuredmedia":[{"embeddable":true,"href":"https:\/\/livingmarbella.hu\/en\/wp-json\/wp\/v2\/media\/1309"}],"wp:attachment":[{"href":"https:\/\/livingmarbella.hu\/en\/wp-json\/wp\/v2\/media?parent=1303"}],"wp:term":[{"taxonomy":"rem_property_cat","embeddable":true,"href":"https:\/\/livingmarbella.hu\/en\/wp-json\/wp\/v2\/rem_property_cat?post=1303"}],"curies":[{"name":"wp","href":"https:\/\/api.w.org\/{rel}","templated":true}]}}

<p>A D3 egy gyönyörű fejlesztés Marbellában és az egyik utolsó lehetőség, hogy vízparti, újépítésű lakást vásároljon ebben a csodás városban. A komplexum 96 villából, luxusapartmanból és penthouse-okból áll majd, magában foglal egy exkluzív klubot, egy 200 m²-es korszerű edzőtermet, jóga- és meditációs termet, gyógyfürdőt, infinity medencét koktélbárral, coworking irodát és két úszómedencét. Mindezeken felül a [&hellip;]</p>
